{"id":26,"date":"2014-09-18T12:24:32","date_gmt":"2014-09-18T11:24:32","guid":{"rendered":"http:\/\/agora.xtec.cat\/ceipcansalvi\/?page_id=26"},"modified":"2018-07-10T10:09:46","modified_gmt":"2018-07-10T08:09:46","slug":"historia","status":"publish","type":"page","link":"https:\/\/agora.xtec.cat\/ceipcansalvi\/lescola\/historia\/","title":{"rendered":"Hist\u00f2ria"},"content":{"rendered":"<p style=\"font-weight: 400; text-align: justify;\">A l&#8217;any 2004 a Sant Andreu de la Barca, per la manca d&#8217;escoles van comen\u00e7ar a construir una de nova, l&#8217;escola Sant Andreu, per\u00f2 malgrat aix\u00f2 es van adonar que no era suficient per a les necessitats d&#8217;un poble de r\u00e0pid creixement. D&#8217;aquesta manera, dos anys m\u00e9s tard, va sorgir el que avui es coneix com &#8220;Escola Can Salvi&#8221; sent en un primer moment Sant Andreu II.<\/p>\n<p style=\"font-weight: 400; text-align: justify;\">El nom de la nostra escola es va triar democr\u00e0ticament per tota la comunicat educativa, aix\u00ed com tamb\u00e9 el logo que ens representa format per diferents arbres dibuixats pels alumnes.<\/p>\n<p style=\"font-weight: 400; text-align: justify;\">En el tercer trimestre del curs 2006\/07 es van iniciar les classes en el primer edifici constru\u00eft de l&#8217;escola que correspon a les aules d&#8217;Educaci\u00f3 Infantil. La resta d&#8217;aules estaven al pati de Prim\u00e0ria disposades en diferents barracons.<\/p>\n<p style=\"font-weight: 400; text-align: justify;\">El gener de 2009 es va donar per finalitzada la construcci\u00f3 de tota l&#8217;escola.<\/p>\n<p style=\"text-align: justify;\">Al llarg de tots aquests anys l&#8217;escola ha tingut diferents equips directius i s&#8217;han anat engegant diferents projectes, com \u00e9s el cas dels AMBIENTS, dels quals ens sentim molt orgullosos.<\/p>\n<p style=\"text-align: justify;\">El curs 2015-16 l&#8217;escola va ser dotada amb el recurs USEE, actual <strong>SIEI<\/strong> (Suport Intensiu de l&#8217;Escolaritat Inclusiva). Aquesta dotaci\u00f3 ha suposat al centre una dotaci\u00f3 de personal, per\u00f2 tamb\u00e9 ha portat impl\u00edcit el canvi de concepci\u00f3 d&#8217;atenci\u00f3 a la diversitat i dels refor\u00e7os, aix\u00ed com en l&#8217;organitzaci\u00f3 i optimitzaci\u00f3 dels recursos de qu\u00e8 disposa el centre.<\/p>\n<p style=\"text-align: justify;\">A finals del curs 17-18, el nostre centre ha estat prioritzat per participar a la nova edici\u00f3 del programa <strong>Generaci\u00f3 pluriling\u00fce: aprendre lleng\u00fces estrangeres a traves de les mat\u00e8ries, GEP<\/strong>, edici\u00f3 2018-2021.<\/p>\n<p style=\"text-align: justify;\">En aquests moments l&#8217;escola t\u00e9:<\/p>\n<p>&#8211; 2 l\u00ednies a infantil (P3, P4 i P5).<\/p>\n<p>&#8211; 3 l\u00ednies a 1r.<\/p>\n<p>&#8211; 2 l\u00ednies a: 2n, 3r, 4t, 5\u00e8 i 6\u00e8.<\/p>\n","protected":false},"excerpt":{"rendered":"<p>A l&#8217;any 2004 a Sant Andreu de la Barca, per la manca d&#8217;escoles van comen\u00e7ar a construir una de nova, l&#8217;escola Sant Andreu, per\u00f2 malgrat aix\u00f2 es van adonar que no era suficient per a les necessitats d&#8217;un poble de r\u00e0pid creixement. D&#8217;aquesta manera, dos&hellip;  <a href=\"https:\/\/agora.xtec.cat\/ceipcansalvi\/lescola\/historia\/\" title=\"Read Hist\u00f2ria\">Llegeix m\u00e9s\u00bb<\/a><\/p>\n","protected":false},"author":1,"featured_media":0,"parent":22,"menu_order":2,"comment_status":"closed","ping_status":"closed","template":"page-templates\/side-menu.php","meta":{"_bbp_topic_count":0,"_bbp_reply_count":0,"_bbp_total_topic_count":0,"_bbp_total_reply_count":0,"_bbp_voice_count":0,"_bbp_anonymous_reply_count":0,"_bbp_topic_count_hidden":0,"_bbp_reply_count_hidden":0,"_bbp_forum_subforum_count":0,"footnotes":""},"class_list":["post-26","page","type-page","status-publish","hentry"],"post_mailing_queue_ids":[],"_links":{"self":[{"href":"https:\/\/agora.xtec.cat\/ceipcansalvi\/wp-json\/wp\/v2\/pages\/26","targetHints":{"allow":["GET"]}}],"collection":[{"href":"https:\/\/agora.xtec.cat\/ceipcansalvi\/wp-json\/wp\/v2\/pages"}],"about":[{"href":"https:\/\/agora.xtec.cat\/ceipcansalvi\/wp-json\/wp\/v2\/types\/page"}],"author":[{"embeddable":true,"href":"https:\/\/agora.xtec.cat\/ceipcansalvi\/wp-json\/wp\/v2\/users\/1"}],"replies":[{"embeddable":true,"href":"https:\/\/agora.xtec.cat\/ceipcansalvi\/wp-json\/wp\/v2\/comments?post=26"}],"version-history":[{"count":3,"href":"https:\/\/agora.xtec.cat\/ceipcansalvi\/wp-json\/wp\/v2\/pages\/26\/revisions"}],"predecessor-version":[{"id":1548,"href":"https:\/\/agora.xtec.cat\/ceipcansalvi\/wp-json\/wp\/v2\/pages\/26\/revisions\/1548"}],"up":[{"embeddable":true,"href":"https:\/\/agora.xtec.cat\/ceipcansalvi\/wp-json\/wp\/v2\/pages\/22"}],"wp:attachment":[{"href":"https:\/\/agora.xtec.cat\/ceipcansalvi\/wp-json\/wp\/v2\/media?parent=26"}],"curies":[{"name":"wp","href":"https:\/\/api.w.org\/{rel}","templated":true}]}}

Història

<p style="font-weight: 400; text-align: justify;">A l&#8217;any 2004 a Sant Andreu de la Barca, per la manca d&#8217;escoles van començar a construir una de nova, l&#8217;escola Sant Andreu, però malgrat això es van adonar que no era suficient per a les necessitats d&#8217;un poble de ràpid creixement. D&#8217;aquesta manera, dos anys més tard, va sorgir el que avui es coneix com &#8220;Escola Can Salvi&#8221; sent en un primer moment Sant Andreu II.</p>
<p style="font-weight: 400; text-align: justify;">El nom de la nostra escola es va triar democràticament per tota la comunicat educativa, així com també el logo que ens representa format per diferents arbres dibuixats pels alumnes.</p>
<p style="font-weight: 400; text-align: justify;">En el tercer trimestre del curs 2006/07 es van iniciar les classes en el primer edifici construït de l&#8217;escola que correspon a les aules d&#8217;Educació Infantil. La resta d&#8217;aules estaven al pati de Primària disposades en diferents barracons.</p>
<p style="font-weight: 400; text-align: justify;">El gener de 2009 es va donar per finalitzada la construcció de tota l&#8217;escola.</p>
<p style="text-align: justify;">Al llarg de tots aquests anys l&#8217;escola ha tingut diferents equips directius i s&#8217;han anat engegant diferents projectes, com és el cas dels AMBIENTS, dels quals ens sentim molt orgullosos.</p>
<p style="text-align: justify;">El curs 2015-16 l&#8217;escola va ser dotada amb el recurs USEE, actual <strong>SIEI</strong> (Suport Intensiu de l&#8217;Escolaritat Inclusiva). Aquesta dotació ha suposat al centre una dotació de personal, però també ha portat implícit el canvi de concepció d&#8217;atenció a la diversitat i dels reforços, així com en l&#8217;organització i optimització dels recursos de què disposa el centre.</p>
<p style="text-align: justify;">A finals del curs 17-18, el nostre centre ha estat prioritzat per participar a la nova edició del programa <strong>Generació plurilingüe: aprendre llengües estrangeres a traves de les matèries, GEP</strong>, edició 2018-2021.</p>
<p style="text-align: justify;">En aquests moments l&#8217;escola té:</p>
<p>&#8211; 2 línies a infantil (P3, P4 i P5).</p>
<p>&#8211; 3 línies a 1r.</p>
<p>&#8211; 2 línies a: 2n, 3r, 4t, 5è i 6è.</p>

<p>A l&#8217;any 2004 a Sant Andreu de la Barca, per la manca d&#8217;escoles van començar a construir una de nova, l&#8217;escola Sant Andreu, però malgrat això es van adonar que no era suficient per a les necessitats d&#8217;un poble de ràpid creixement. D&#8217;aquesta manera, dos&hellip;  <a href="https://agora.xtec.cat/ceipcansalvi/lescola/historia/" title="Read Història">Llegeix més»</a></p>
