{"id":2,"date":"2017-12-15T11:10:47","date_gmt":"2017-12-15T10:10:47","guid":{"rendered":"http:\/\/agora.xtec.cat\/ceipcansalvi\/?page_id=2"},"modified":"2024-11-10T18:20:57","modified_gmt":"2024-11-10T17:20:57","slug":"consell-escolar","status":"publish","type":"page","link":"https:\/\/agora.xtec.cat\/ceipcansalvi\/consell-escolar\/","title":{"rendered":"Consell escolar"},"content":{"rendered":"<table>\n<tbody>\n<tr style=\"height: 33px;\">\n<td style=\"height: 33px;\">Direcci\u00f3<\/td>\n<td style=\"height: 33px;\">Bel\u00e9n Medina<\/td>\n<\/tr>\n<tr style=\"height: 33px;\">\n<td style=\"height: 33px;\">Cap d&#8217;estudis<\/td>\n<td style=\"height: 33px;\">Bel\u00e9n I\u00f1igo<\/td>\n<\/tr>\n<tr style=\"height: 33px;\">\n<td style=\"height: 33px;\">Representant Ajuntament<\/td>\n<td style=\"height: 33px;\">Anna Serra<\/td>\n<\/tr>\n<tr style=\"height: 256px;\">\n<td style=\"height: 256px;\">Representants professorat<\/td>\n<td style=\"height: 256px;\">Elena D\u00edez<\/p>\n<p>Flor P\u00e9rez-Serrano<\/p>\n<p>Maria Isabel Cort\u00e9s<\/p>\n<p>N\u00faria G\u00f3mez Sa\u00e9nz de Pablo<\/p>\n<p>Helena Calatayud<\/p>\n<p>Vicenta Sanahuja<\/td>\n<\/tr>\n<tr style=\"height: 177px;\">\n<td style=\"height: 177px;\">Representants pares i mares<\/td>\n<td style=\"height: 177px;\">Carlos Ba\u00f1os<\/p>\n<p>Marta Viso<\/p>\n<p>Cristina S\u00e1nchez<\/td>\n<\/tr>\n<tr style=\"height: 33px;\">\n<td style=\"height: 33px;\">Representants AMPA<\/td>\n<td style=\"height: 33px;\">Alba P\u00e9rez<\/td>\n<\/tr>\n<tr style=\"height: 33px;\">\n<td style=\"height: 33px;\">Representant PAS<\/td>\n<td style=\"height: 33px;\">Antonio Ferreras<\/td>\n<\/tr>\n<tr style=\"height: 33px;\">\n<td style=\"height: 33px;\">Representant PAE<\/td>\n<td style=\"height: 33px;\">Margarida Guinart<\/td>\n<\/tr>\n<tr style=\"height: 33px;\">\n<td style=\"height: 33px;\">Secret\u00e0ria<\/td>\n<td style=\"height: 33px;\">Anna Capit\u00e1n<\/td>\n<\/tr>\n<\/tbody>\n<\/table>\n","protected":false},"excerpt":{"rendered":"<p>Direcci\u00f3<br \/>\nBel\u00e9n Medina<\/p>\n<p>Cap d&#8217;estudis<br \/>\nBel\u00e9n I\u00f1igo<\/p>\n<p>Representant Ajuntament<br \/>\nAnna Serra<\/p>\n<p>Representants professorat<br \/>\nElena D\u00edez<br \/>\nFlor P\u00e9rez-Serrano<br \/>\nMaria Isabel Cort\u00e9s<br \/>\nN\u00faria G\u00f3mez Sa\u00e9nz de Pablo<br \/>\nHelena Calatayud<br \/>\nVicenta Sanahuja<\/p>\n<p>Representants pares i mares<br \/>\nCarlos Ba\u00f1os<br \/>\nMarta Viso<br \/>\nCristina S\u00e1nchez<\/p>\n<p>Representants AMPA<br \/>\nAlba P\u00e9rez<\/p>\n<p>Representant PAS<br \/>\nAntonio Ferreras<\/p>\n<p>Representant PAE<br \/>\nMargarida Guinart<\/p>\n<p>Secret\u00e0ria<br \/>\nAnna Capit\u00e1n<\/p>\n","protected":false},"author":1,"featured_media":0,"parent":0,"menu_order":7,"comment_status":"closed","ping_status":"closed","template":"page-templates\/side-menu.php","meta":{"_bbp_topic_count":0,"_bbp_reply_count":0,"_bbp_total_topic_count":0,"_bbp_total_reply_count":0,"_bbp_voice_count":0,"_bbp_anonymous_reply_count":0,"_bbp_topic_count_hidden":0,"_bbp_reply_count_hidden":0,"_bbp_forum_subforum_count":0,"footnotes":""},"class_list":["post-2","page","type-page","status-publish","hentry"],"post_mailing_queue_ids":[],"_links":{"self":[{"href":"https:\/\/agora.xtec.cat\/ceipcansalvi\/wp-json\/wp\/v2\/pages\/2","targetHints":{"allow":["GET"]}}],"collection":[{"href":"https:\/\/agora.xtec.cat\/ceipcansalvi\/wp-json\/wp\/v2\/pages"}],"about":[{"href":"https:\/\/agora.xtec.cat\/ceipcansalvi\/wp-json\/wp\/v2\/types\/page"}],"author":[{"embeddable":true,"href":"https:\/\/agora.xtec.cat\/ceipcansalvi\/wp-json\/wp\/v2\/users\/1"}],"replies":[{"embeddable":true,"href":"https:\/\/agora.xtec.cat\/ceipcansalvi\/wp-json\/wp\/v2\/comments?post=2"}],"version-history":[{"count":5,"href":"https:\/\/agora.xtec.cat\/ceipcansalvi\/wp-json\/wp\/v2\/pages\/2\/revisions"}],"predecessor-version":[{"id":3107,"href":"https:\/\/agora.xtec.cat\/ceipcansalvi\/wp-json\/wp\/v2\/pages\/2\/revisions\/3107"}],"wp:attachment":[{"href":"https:\/\/agora.xtec.cat\/ceipcansalvi\/wp-json\/wp\/v2\/media?parent=2"}],"curies":[{"name":"wp","href":"https:\/\/api.w.org\/{rel}","templated":true}]}}

<table>
<tbody>
<tr style="height: 33px;">
<td style="height: 33px;">Direcció</td>
<td style="height: 33px;">Belén Medina</td>
</tr>
<tr style="height: 33px;">
<td style="height: 33px;">Cap d&#8217;estudis</td>
<td style="height: 33px;">Belén Iñigo</td>
</tr>
<tr style="height: 33px;">
<td style="height: 33px;">Representant Ajuntament</td>
<td style="height: 33px;">Anna Serra</td>
</tr>
<tr style="height: 256px;">
<td style="height: 256px;">Representants professorat</td>
<td style="height: 256px;">Elena Díez</p>
<p>Flor Pérez-Serrano</p>
<p>Maria Isabel Cortés</p>
<p>Núria Gómez Saénz de Pablo</p>
<p>Helena Calatayud</p>
<p>Vicenta Sanahuja</td>
</tr>
<tr style="height: 177px;">
<td style="height: 177px;">Representants pares i mares</td>
<td style="height: 177px;">Carlos Baños</p>
<p>Marta Viso</p>
<p>Cristina Sánchez</td>
</tr>
<tr style="height: 33px;">
<td style="height: 33px;">Representants AMPA</td>
<td style="height: 33px;">Alba Pérez</td>
</tr>
<tr style="height: 33px;">
<td style="height: 33px;">Representant PAS</td>
<td style="height: 33px;">Antonio Ferreras</td>
</tr>
<tr style="height: 33px;">
<td style="height: 33px;">Representant PAE</td>
<td style="height: 33px;">Margarida Guinart</td>
</tr>
<tr style="height: 33px;">
<td style="height: 33px;">Secretària</td>
<td style="height: 33px;">Anna Capitán</td>
</tr>
</tbody>
</table>

<p>Direcció<br />
Belén Medina</p>
<p>Cap d&#8217;estudis<br />
Belén Iñigo</p>
<p>Representant Ajuntament<br />
Anna Serra</p>
<p>Representants professorat<br />
Elena Díez<br />
Flor Pérez-Serrano<br />
Maria Isabel Cortés<br />
Núria Gómez Saénz de Pablo<br />
Helena Calatayud<br />
Vicenta Sanahuja</p>
<p>Representants pares i mares<br />
Carlos Baños<br />
Marta Viso<br />
Cristina Sánchez</p>
<p>Representants AMPA<br />
Alba Pérez</p>
<p>Representant PAS<br />
Antonio Ferreras</p>
<p>Representant PAE<br />
Margarida Guinart</p>
<p>Secretària<br />
Anna Capitán</p>
