{"id":9600,"date":"2024-02-09T11:49:39","date_gmt":"2024-02-09T10:49:39","guid":{"rendered":"https:\/\/agora.xtec.cat\/ceipcanmanent\/?page_id=9600"},"modified":"2024-06-20T10:23:14","modified_gmt":"2024-06-20T08:23:14","slug":"acords-consell-escolar-23-24","status":"publish","type":"page","link":"https:\/\/agora.xtec.cat\/ceipcanmanent\/lescola\/consell-escolar\/acords-consell-escolar-23-24\/","title":{"rendered":"Acords Consell Escolar 2023-24"},"content":{"rendered":"<table>\n<tbody>\n<tr style=\"height: 29px;\">\n<td style=\"height: 29px; width: 16.4286%;\">\n<h5><span style=\"color: #008000;\">N\u00famero de sessi\u00f3<\/span><\/h5>\n<\/td>\n<td style=\"height: 29px; width: 13.4286%;\">\n<h5><span style=\"color: #008000;\">Data<\/span><\/h5>\n<\/td>\n<td style=\"height: 29px; width: 13.8571%;\">\n<h5><span style=\"color: #008000;\">Membres assistents<\/span><\/h5>\n<\/td>\n<td style=\"height: 29px; width: 75.0904%;\">\n<h5><span style=\"color: #008000;\">Ordre del dia i acords<\/span><\/h5>\n<\/td>\n<\/tr>\n<tr style=\"height: 31px;\">\n<td style=\"height: 31px; width: 16.4286%;\">1a sessi\u00f3<\/td>\n<td style=\"height: 31px; width: 13.4286%;\">06\/11\/2023<\/td>\n<td style=\"height: 31px; width: 13.8571%;\">\u00a010<\/td>\n<td style=\"height: 31px; width: 75.0904%;\"><b>Ronda de presentacions<\/b><\/p>\n<p>Primer Consell Escolar amb el nou Equip Directiu i la nova Regidora de l&#8217;Ajuntament.<\/p>\n<p><b>Presentaci\u00f3 i aprovaci\u00f3 de la <a href=\"https:\/\/agora.xtec.cat\/ceipcanmanent\/wp-content\/uploads\/usu153\/2023\/11\/MAC-2022-2023-signada.pdf\" target=\"_blank\" rel=\"noopener\">MA 2022-23<\/a><\/b><\/p>\n<p><b>Presentaci\u00f3 i aprovaci\u00f3 de la <a href=\"https:\/\/agora.xtec.cat\/ceipcanmanent\/wp-content\/uploads\/usu153\/2023\/11\/PGA-23-24-signada.pdf\" target=\"_blank\" rel=\"noopener\">PGA 2023-24<\/a><\/b><\/p>\n<p><b>Informacions<\/b><\/p>\n<ul>\n<li>Piscina Gim10 &#8211; Curs 24-25 a 2n<\/li>\n<li>Renovaci\u00f3 Consell Escolar.<\/li>\n<li>Nou protocol de participaci\u00f3 i comunicaci\u00f3 d&#8217;actes que es celebrin a l&#8217;escola.<\/li>\n<\/ul>\n<p><b>Altres temes<\/b><\/p>\n<ul>\n<li>Taula de coeducaci\u00f3 municipal i representants per part de l&#8217;escola.<\/li>\n<li>Recaptaci\u00f3 de diners per les conviv\u00e8ncies de 6\u00e8 &#8211; Proposta d&#8217;un enfocament m\u00e9s curricular.<\/li>\n<\/ul>\n<p><b>Torn obert \/ consultes durant la trobada<\/b><\/p>\n<ul>\n<li>Comissions i comissions mixtes.<\/li>\n<li>Projecte de patis.<\/li>\n<\/ul>\n<\/td>\n<\/tr>\n<tr>\n<td style=\"width: 16.4286%;\">2a sessi\u00f3<\/td>\n<td style=\"width: 13.4286%;\">18\/12\/2023<\/td>\n<td style=\"width: 13.8571%;\">13<\/td>\n<td style=\"width: 75.0904%;\"><b>Aprovaci\u00f3 de les actes anteriors<\/b><\/p>\n<p><b>Constituci\u00f3 Consell Escolar<\/b><\/p>\n<p>Comiat i agra\u00efment als membres sortints i benvinguda als nous.<\/p>\n<p><b>Modificacions del pressupost anual 2023<\/b><\/p>\n<p><b>Campanya regulaci\u00f3 smartphones<\/b><\/p>\n<p><b>Projecte pati<\/b><\/p>\n<p>Estan licitant i fent l&#8217;estudi t\u00e8cnic per dur a terme el lot corresponent a final de curs.<\/p>\n<p><b>L\u00ednies I3 del curs vinent, 2024-2025<\/b><\/p>\n<p>Comprom\u00eds de ratio i de seguir el pacte municipal pel que fa a les l\u00ednies d&#8217;I3 a Cardedeu.<\/p>\n<p><b>Torn obert \/ consultes durant la trobada<\/b><\/p>\n<p>Consultes referents als aparcaments de bicicletes i patinets. Des de l&#8217;escola i la brigada s&#8217;est\u00e0 treballant per fer millores.<\/p>\n<p><b>\u00a0<\/b><\/td>\n<\/tr>\n<tr>\n<td style=\"width: 16.4286%;\">3a sessi\u00f3<\/td>\n<td style=\"width: 13.4286%;\">20\/02\/2024<\/td>\n<td style=\"width: 13.8571%;\">15<\/td>\n<td style=\"width: 75.0904%;\"><b> Aprovaci\u00f3 de les actes anteriors<\/b><\/p>\n<p><strong>Aprovaci\u00f3 gesti\u00f3 econ\u00f2mica 2023<\/strong><\/p>\n<p>S&#8217;aprova per unanimitat el tancament del pressupost del 2023.<\/p>\n<p><strong>Aprovaci\u00f3 pressupost 2024<\/strong><\/p>\n<p>S&#8217;aprova per unanimitat el pressupost del 2024.<\/p>\n<p><strong>Comissions Consell Escolar<\/strong><\/p>\n<p>Com a conseq\u00fc\u00e8ncia de la nova constituci\u00f3 del Consell Escolar en la trobada anterior, repartim de nou la participaci\u00f3 dels membres en les comissions existents:<\/p>\n<ul>\n<li><span style=\"font-weight: 400;\">Comissi\u00f3 econ\u00f2mica<\/span><\/li>\n<\/ul>\n<p><span style=\"font-weight: 400;\">Fam\u00edlies \u2192 Surt l\u2019Oriol Bay\u00f3 i entra en Ramon Gisbert<\/span><\/p>\n<p><span style=\"font-weight: 400;\">Mestres \u2192 Surt la Montse Vega i entren la Joana Pujol i l\u2019Ainhoa Guerrero<\/span><\/p>\n<ul>\n<li><span style=\"font-weight: 400;\">Comissi\u00f3 de conviv\u00e8ncia i coeducaci\u00f3<\/span><\/li>\n<\/ul>\n<p><span style=\"font-weight: 400;\">Fam\u00edlies \u2192 Surt en Josep Serra i entra l&#8217;Alba Farr\u00e9s<\/span><\/p>\n<p><span style=\"font-weight: 400;\">Mestres \u2192 Paula Solsona<\/span><\/p>\n<ul>\n<li><span style=\"font-weight: 400;\">Comissi\u00f3 permanent<\/span><\/li>\n<\/ul>\n<p><span style=\"font-weight: 400;\">Fam\u00edlies \u2192 Santi Garriga<\/span><\/p>\n<p><span style=\"font-weight: 400;\">Mestres \u2192 Edith Juan<\/span><\/p>\n<ul>\n<li><span style=\"font-weight: 400;\">Comissi\u00f3 de Menjador<\/span><\/li>\n<\/ul>\n<p><span style=\"font-weight: 400;\">Fam\u00edlies \u2192 Surt la Silvana Montenegro i entra en Ramon Gisbert<\/span><\/p>\n<p><span style=\"font-weight: 400;\">Mestres \u2192 mestres de l&#8217;ED\u00a0<\/span><\/p>\n<ul>\n<li><span style=\"font-weight: 400;\">Consell Escolar Municipal<\/span><\/li>\n<\/ul>\n<p><span style=\"font-weight: 400;\">Fam\u00edlies \u2192 Silvana Montenegro<\/span><\/p>\n<p><span style=\"font-weight: 400;\">Mestres \u2192 Surt la Montse Vega i entra l\u2019Edith Juan<\/span><\/p>\n<p><strong>Informacions<\/strong><\/p>\n<ul>\n<li>Valoraci\u00f3 informes: comunicaci\u00f3 de l&#8217;elaboraci\u00f3 d&#8217;un q\u00fcestionari per valorar el canvi en els informes<\/li>\n<li>Q\u00fcestionari menjador: compartim els resultats del q\u00fcestionari fet per la comissi\u00f3 de menjador<\/li>\n<li>Informaci\u00f3 en refer\u00e8ncia a F. Roca: canvi de coordinadora de l&#8217;espai de migdia, agafa el rol la S\u00edlvia, que ja porta un temps treballant conjuntament amb l&#8217;anterior coordinadora.<\/li>\n<li>PPOO i grups d&#8217;I3 a Cardedeu: informem de la data de les PPOO (2 de mar\u00e7) i despr\u00e9s de la comunicaci\u00f3 oficial del Departament, informem, tamb\u00e9, que el curs vinent l&#8217;escola tindr\u00e0 dos grups d&#8217;I3.<\/li>\n<li>OME (oficina municipal d&#8217;escolaritzaci\u00f3): Intenci\u00f3 des de la regidoria d&#8217;obrir en un mateix edifici una tercera EBM, un espai de familiar de crian\u00e7a i l&#8217;oficina de l&#8217;OME, la qual s&#8217;encarrega de la gesti\u00f3 de les matr\u00edcules vives.<\/li>\n<\/ul>\n<\/td>\n<\/tr>\n<\/tbody>\n<\/table>\n","protected":false},"excerpt":{"rendered":"<p>N\u00famero de sessi\u00f3 Data Membres assistents Ordre del dia i acords 1a sessi\u00f3 06\/11\/2023 \u00a010 Ronda de presentacions Primer Consell Escolar amb el nou Equip Directiu i la nova Regidora de l&#8217;Ajuntament. Presentaci\u00f3 i aprovaci\u00f3 de la MA 2022-23 Presentaci\u00f3 i aprovaci\u00f3 de la PGA 2023-24 Informacions Piscina Gim10 &#8211; Curs 24-25 a 2n Renovaci\u00f3 [&hellip;]<\/p>\n","protected":false},"author":1,"featured_media":0,"parent":28,"menu_order":1,"comment_status":"closed","ping_status":"closed","template":"","meta":{"_bbp_topic_count":0,"_bbp_reply_count":0,"_bbp_total_topic_count":0,"_bbp_total_reply_count":0,"_bbp_voice_count":0,"_bbp_anonymous_reply_count":0,"_bbp_topic_count_hidden":0,"_bbp_reply_count_hidden":0,"_bbp_forum_subforum_count":0,"site-sidebar-layout":"default","site-content-layout":"","ast-site-content-layout":"","site-content-style":"default","site-sidebar-style":"default","ast-global-header-display":"","ast-banner-title-visibility":"","ast-main-header-display":"","ast-hfb-above-header-display":"","ast-hfb-below-header-display":"","ast-hfb-mobile-header-display":"","site-post-title":"","ast-breadcrumbs-content":"","ast-featured-img":"","footer-sml-layout":"","theme-transparent-header-meta":"","adv-header-id-meta":"","stick-header-meta":"","header-above-stick-meta":"","header-main-stick-meta":"","header-below-stick-meta":"","astra-migrate-meta-layouts":"default","ast-page-background-enabled":"default","ast-page-background-meta":{"desktop":{"background-color":"var(--ast-global-color-4)","background-image":"","background-repeat":"repeat","background-position":"center center","background-size":"auto","background-attachment":"scroll","background-type":"","background-media":"","overlay-type":"","overlay-color":"","overlay-opacity":"","overlay-gradient":""},"tablet":{"background-color":"","background-image":"","background-repeat":"repeat","background-position":"center center","background-size":"auto","background-attachment":"scroll","background-type":"","background-media":"","overlay-type":"","overlay-color":"","overlay-opacity":"","overlay-gradient":""},"mobile":{"background-color":"","background-image":"","background-repeat":"repeat","background-position":"center center","background-size":"auto","background-attachment":"scroll","background-type":"","background-media":"","overlay-type":"","overlay-color":"","overlay-opacity":"","overlay-gradient":""}},"ast-content-background-meta":{"desktop":{"background-color":"var(--ast-global-color-5)","background-image":"","background-repeat":"repeat","background-position":"center center","background-size":"auto","background-attachment":"scroll","background-type":"","background-media":"","overlay-type":"","overlay-color":"","overlay-opacity":"","overlay-gradient":""},"tablet":{"background-color":"var(--ast-global-color-5)","background-image":"","background-repeat":"repeat","background-position":"center center","background-size":"auto","background-attachment":"scroll","background-type":"","background-media":"","overlay-type":"","overlay-color":"","overlay-opacity":"","overlay-gradient":""},"mobile":{"background-color":"var(--ast-global-color-5)","background-image":"","background-repeat":"repeat","background-position":"center center","background-size":"auto","background-attachment":"scroll","background-type":"","background-media":"","overlay-type":"","overlay-color":"","overlay-opacity":"","overlay-gradient":""}},"footnotes":""},"class_list":["post-9600","page","type-page","status-publish","hentry"],"post_mailing_queue_ids":[],"_links":{"self":[{"href":"https:\/\/agora.xtec.cat\/ceipcanmanent\/wp-json\/wp\/v2\/pages\/9600","targetHints":{"allow":["GET"]}}],"collection":[{"href":"https:\/\/agora.xtec.cat\/ceipcanmanent\/wp-json\/wp\/v2\/pages"}],"about":[{"href":"https:\/\/agora.xtec.cat\/ceipcanmanent\/wp-json\/wp\/v2\/types\/page"}],"author":[{"embeddable":true,"href":"https:\/\/agora.xtec.cat\/ceipcanmanent\/wp-json\/wp\/v2\/users\/1"}],"replies":[{"embeddable":true,"href":"https:\/\/agora.xtec.cat\/ceipcanmanent\/wp-json\/wp\/v2\/comments?post=9600"}],"version-history":[{"count":6,"href":"https:\/\/agora.xtec.cat\/ceipcanmanent\/wp-json\/wp\/v2\/pages\/9600\/revisions"}],"predecessor-version":[{"id":9746,"href":"https:\/\/agora.xtec.cat\/ceipcanmanent\/wp-json\/wp\/v2\/pages\/9600\/revisions\/9746"}],"up":[{"embeddable":true,"href":"https:\/\/agora.xtec.cat\/ceipcanmanent\/wp-json\/wp\/v2\/pages\/28"}],"wp:attachment":[{"href":"https:\/\/agora.xtec.cat\/ceipcanmanent\/wp-json\/wp\/v2\/media?parent=9600"}],"curies":[{"name":"wp","href":"https:\/\/api.w.org\/{rel}","templated":true}]}}

<table>
<tbody>
<tr style="height: 29px;">
<td style="height: 29px; width: 16.4286%;">
<h5><span style="color: #008000;">Número de sessió</span></h5>
</td>
<td style="height: 29px; width: 13.4286%;">
<h5><span style="color: #008000;">Data</span></h5>
</td>
<td style="height: 29px; width: 13.8571%;">
<h5><span style="color: #008000;">Membres assistents</span></h5>
</td>
<td style="height: 29px; width: 75.0904%;">
<h5><span style="color: #008000;">Ordre del dia i acords</span></h5>
</td>
</tr>
<tr style="height: 31px;">
<td style="height: 31px; width: 16.4286%;">1a sessió</td>
<td style="height: 31px; width: 13.4286%;">06/11/2023</td>
<td style="height: 31px; width: 13.8571%;"> 10</td>
<td style="height: 31px; width: 75.0904%;"><b>Ronda de presentacions</b></p>
<p>Primer Consell Escolar amb el nou Equip Directiu i la nova Regidora de l&#8217;Ajuntament.</p>
<p><b>Presentació i aprovació de la <a href="https://agora.xtec.cat/ceipcanmanent/wp-content/uploads/usu153/2023/11/MAC-2022-2023-signada.pdf" target="_blank" rel="noopener">MA 2022-23</a></b></p>
<p><b>Presentació i aprovació de la <a href="https://agora.xtec.cat/ceipcanmanent/wp-content/uploads/usu153/2023/11/PGA-23-24-signada.pdf" target="_blank" rel="noopener">PGA 2023-24</a></b></p>
<p><b>Informacions</b></p>
<ul>
<li>Piscina Gim10 &#8211; Curs 24-25 a 2n</li>
<li>Renovació Consell Escolar.</li>
<li>Nou protocol de participació i comunicació d&#8217;actes que es celebrin a l&#8217;escola.</li>
</ul>
<p><b>Altres temes</b></p>
<ul>
<li>Taula de coeducació municipal i representants per part de l&#8217;escola.</li>
<li>Recaptació de diners per les convivències de 6è &#8211; Proposta d&#8217;un enfocament més curricular.</li>
</ul>
<p><b>Torn obert / consultes durant la trobada</b></p>
<ul>
<li>Comissions i comissions mixtes.</li>
<li>Projecte de patis.</li>
</ul>
</td>
</tr>
<tr>
<td style="width: 16.4286%;">2a sessió</td>
<td style="width: 13.4286%;">18/12/2023</td>
<td style="width: 13.8571%;">13</td>
<td style="width: 75.0904%;"><b>Aprovació de les actes anteriors</b></p>
<p><b>Constitució Consell Escolar</b></p>
<p>Comiat i agraïment als membres sortints i benvinguda als nous.</p>
<p><b>Modificacions del pressupost anual 2023</b></p>
<p><b>Campanya regulació smartphones</b></p>
<p><b>Projecte pati</b></p>
<p>Estan licitant i fent l&#8217;estudi tècnic per dur a terme el lot corresponent a final de curs.</p>
<p><b>Línies I3 del curs vinent, 2024-2025</b></p>
<p>Compromís de ratio i de seguir el pacte municipal pel que fa a les línies d&#8217;I3 a Cardedeu.</p>
<p><b>Torn obert / consultes durant la trobada</b></p>
<p>Consultes referents als aparcaments de bicicletes i patinets. Des de l&#8217;escola i la brigada s&#8217;està treballant per fer millores.</p>
<p><b> </b></td>
</tr>
<tr>
<td style="width: 16.4286%;">3a sessió</td>
<td style="width: 13.4286%;">20/02/2024</td>
<td style="width: 13.8571%;">15</td>
<td style="width: 75.0904%;"><b> Aprovació de les actes anteriors</b></p>
<p><strong>Aprovació gestió econòmica 2023</strong></p>
<p>S&#8217;aprova per unanimitat el tancament del pressupost del 2023.</p>
<p><strong>Aprovació pressupost 2024</strong></p>
<p>S&#8217;aprova per unanimitat el pressupost del 2024.</p>
<p><strong>Comissions Consell Escolar</strong></p>
<p>Com a conseqüència de la nova constitució del Consell Escolar en la trobada anterior, repartim de nou la participació dels membres en les comissions existents:</p>
<ul>
<li><span style="font-weight: 400;">Comissió econòmica</span></li>
</ul>
<p><span style="font-weight: 400;">Famílies → Surt l’Oriol Bayó i entra en Ramon Gisbert</span></p>
<p><span style="font-weight: 400;">Mestres → Surt la Montse Vega i entren la Joana Pujol i l’Ainhoa Guerrero</span></p>
<ul>
<li><span style="font-weight: 400;">Comissió de convivència i coeducació</span></li>
</ul>
<p><span style="font-weight: 400;">Famílies → Surt en Josep Serra i entra l&#8217;Alba Farrés</span></p>
<p><span style="font-weight: 400;">Mestres → Paula Solsona</span></p>
<ul>
<li><span style="font-weight: 400;">Comissió permanent</span></li>
</ul>
<p><span style="font-weight: 400;">Famílies → Santi Garriga</span></p>
<p><span style="font-weight: 400;">Mestres → Edith Juan</span></p>
<ul>
<li><span style="font-weight: 400;">Comissió de Menjador</span></li>
</ul>
<p><span style="font-weight: 400;">Famílies → Surt la Silvana Montenegro i entra en Ramon Gisbert</span></p>
<p><span style="font-weight: 400;">Mestres → mestres de l&#8217;ED </span></p>
<ul>
<li><span style="font-weight: 400;">Consell Escolar Municipal</span></li>
</ul>
<p><span style="font-weight: 400;">Famílies → Silvana Montenegro</span></p>
<p><span style="font-weight: 400;">Mestres → Surt la Montse Vega i entra l’Edith Juan</span></p>
<p><strong>Informacions</strong></p>
<ul>
<li>Valoració informes: comunicació de l&#8217;elaboració d&#8217;un qüestionari per valorar el canvi en els informes</li>
<li>Qüestionari menjador: compartim els resultats del qüestionari fet per la comissió de menjador</li>
<li>Informació en referència a F. Roca: canvi de coordinadora de l&#8217;espai de migdia, agafa el rol la Sílvia, que ja porta un temps treballant conjuntament amb l&#8217;anterior coordinadora.</li>
<li>PPOO i grups d&#8217;I3 a Cardedeu: informem de la data de les PPOO (2 de març) i després de la comunicació oficial del Departament, informem, també, que el curs vinent l&#8217;escola tindrà dos grups d&#8217;I3.</li>
<li>OME (oficina municipal d&#8217;escolarització): Intenció des de la regidoria d&#8217;obrir en un mateix edifici una tercera EBM, un espai de familiar de criança i l&#8217;oficina de l&#8217;OME, la qual s&#8217;encarrega de la gestió de les matrícules vives.</li>
</ul>
</td>
</tr>
</tbody>
</table>

<p>Número de sessió Data Membres assistents Ordre del dia i acords 1a sessió 06/11/2023  10 Ronda de presentacions Primer Consell Escolar amb el nou Equip Directiu i la nova Regidora de l&#8217;Ajuntament. Presentació i aprovació de la MA 2022-23 Presentació i aprovació de la PGA 2023-24 Informacions Piscina Gim10 &#8211; Curs 24-25 a 2n Renovació [&hellip;]</p>
