{"id":77,"date":"2014-09-18T14:05:08","date_gmt":"2014-09-18T14:05:08","guid":{"rendered":"http:\/\/agora.xtec.cat\/ceipcanmanent\/?page_id=77"},"modified":"2022-07-19T10:47:31","modified_gmt":"2022-07-19T08:47:31","slug":"acollida","status":"publish","type":"page","link":"https:\/\/agora.xtec.cat\/ceipcanmanent\/serveis\/acollida\/","title":{"rendered":"Acollida"},"content":{"rendered":"<p><img loading=\"lazy\" decoding=\"async\" class=\"alignright wp-image-7418 size-medium\" src=\"https:\/\/agora.xtec.cat\/ceipcanmanent\/wp-content\/uploads\/usu153\/2020\/09\/niuafa-300x290.jpg\" alt=\"\" width=\"300\" height=\"290\" srcset=\"https:\/\/agora.xtec.cat\/ceipcanmanent\/wp-content\/uploads\/usu153\/2020\/09\/niuafa-300x290.jpg 300w, https:\/\/agora.xtec.cat\/ceipcanmanent\/wp-content\/uploads\/usu153\/2020\/09\/niuafa.jpg 496w\" sizes=\"auto, (max-width: 300px) 100vw, 300px\" \/><\/p>\n<p style=\"text-align: justify;\">El servei d\u2019acolida t\u00e9 com a objectiu facilitar la conciliaci\u00f3 de la vida familiar i laboral posant a disposici\u00f3 de les fam\u00edlies uns espais i professionals que tenen cura i atenen els infants en el temps previ i posterior a l\u2019horari escolar. El servei d\u2019acollida \u00e9s titularitat de l\u2019AFA i el gestiona l\u2019empresa FRoca. Aquest servei es du a terme en diferents espais de l\u2019escola , i s\u2019ofereix en horari de mat\u00ed (de 7:30 a 9) i de tarda (de 16:30 a 17:30).<\/p>\n<p style=\"text-align: justify;\">Si feu \u00fas fix de les 2 franges hor\u00e0ries costa 45 \u20ac al mes. Si feu \u00fas fix de mat\u00ed o tarda 35\u20ac al mes. Cal ser soci de l\u2019AFA.<\/p>\n<p style=\"text-align: justify;\">Si feu un \u00fas espor\u00e0dic i sou SOCIS de l&#8217;AFA costa 4\u20ac mat\u00ed o tarda i si no sou socis, 6\u20ac.<\/p>\n<p style=\"text-align: justify;\"><a href=\"https:\/\/froca.cat\/inscripcio-acollida-can-manent\/\" target=\"_blank\" rel=\"noopener\">INSCRIPCI\u00d3<\/a><\/p>\n<p><a href=\"http:\/\/afacanmanent.wordpress.com\/servei-dacollida-2\/\">M\u00e9s informaci\u00f3<\/a><\/p>\n","protected":false},"excerpt":{"rendered":"<p>El servei d\u2019acolida t\u00e9 com a objectiu facilitar la conciliaci\u00f3 de la vida familiar i laboral posant a disposici\u00f3 de les fam\u00edlies uns espais i professionals que tenen cura i atenen els infants en el temps previ i posterior a l\u2019horari escolar. El servei d\u2019acollida \u00e9s titularitat de l\u2019AFA i el gestiona l\u2019empresa FRoca. Aquest [&hellip;]<\/p>\n","protected":false},"author":2,"featured_media":0,"parent":66,"menu_order":20,"comment_status":"closed","ping_status":"closed","template":"page-templates\/side-menu.php","meta":{"_bbp_topic_count":0,"_bbp_reply_count":0,"_bbp_total_topic_count":0,"_bbp_total_reply_count":0,"_bbp_voice_count":0,"_bbp_anonymous_reply_count":0,"_bbp_topic_count_hidden":0,"_bbp_reply_count_hidden":0,"_bbp_forum_subforum_count":0,"site-sidebar-layout":"default","site-content-layout":"","ast-site-content-layout":"","site-content-style":"default","site-sidebar-style":"default","ast-global-header-display":"","ast-banner-title-visibility":"","ast-main-header-display":"","ast-hfb-above-header-display":"","ast-hfb-below-header-display":"","ast-hfb-mobile-header-display":"","site-post-title":"","ast-breadcrumbs-content":"","ast-featured-img":"","footer-sml-layout":"","theme-transparent-header-meta":"","adv-header-id-meta":"","stick-header-meta":"","header-above-stick-meta":"","header-main-stick-meta":"","header-below-stick-meta":"","astra-migrate-meta-layouts":"default","ast-page-background-enabled":"default","ast-page-background-meta":{"desktop":{"background-color":"var(--ast-global-color-4)","background-image":"","background-repeat":"repeat","background-position":"center center","background-size":"auto","background-attachment":"scroll","background-type":"","background-media":"","overlay-type":"","overlay-color":"","overlay-opacity":"","overlay-gradient":""},"tablet":{"background-color":"","background-image":"","background-repeat":"repeat","background-position":"center center","background-size":"auto","background-attachment":"scroll","background-type":"","background-media":"","overlay-type":"","overlay-color":"","overlay-opacity":"","overlay-gradient":""},"mobile":{"background-color":"","background-image":"","background-repeat":"repeat","background-position":"center center","background-size":"auto","background-attachment":"scroll","background-type":"","background-media":"","overlay-type":"","overlay-color":"","overlay-opacity":"","overlay-gradient":""}},"ast-content-background-meta":{"desktop":{"background-color":"var(--ast-global-color-5)","background-image":"","background-repeat":"repeat","background-position":"center center","background-size":"auto","background-attachment":"scroll","background-type":"","background-media":"","overlay-type":"","overlay-color":"","overlay-opacity":"","overlay-gradient":""},"tablet":{"background-color":"var(--ast-global-color-5)","background-image":"","background-repeat":"repeat","background-position":"center center","background-size":"auto","background-attachment":"scroll","background-type":"","background-media":"","overlay-type":"","overlay-color":"","overlay-opacity":"","overlay-gradient":""},"mobile":{"background-color":"var(--ast-global-color-5)","background-image":"","background-repeat":"repeat","background-position":"center center","background-size":"auto","background-attachment":"scroll","background-type":"","background-media":"","overlay-type":"","overlay-color":"","overlay-opacity":"","overlay-gradient":""}},"footnotes":""},"class_list":["post-77","page","type-page","status-publish","hentry"],"post_mailing_queue_ids":[],"_links":{"self":[{"href":"https:\/\/agora.xtec.cat\/ceipcanmanent\/wp-json\/wp\/v2\/pages\/77","targetHints":{"allow":["GET"]}}],"collection":[{"href":"https:\/\/agora.xtec.cat\/ceipcanmanent\/wp-json\/wp\/v2\/pages"}],"about":[{"href":"https:\/\/agora.xtec.cat\/ceipcanmanent\/wp-json\/wp\/v2\/types\/page"}],"author":[{"embeddable":true,"href":"https:\/\/agora.xtec.cat\/ceipcanmanent\/wp-json\/wp\/v2\/users\/2"}],"replies":[{"embeddable":true,"href":"https:\/\/agora.xtec.cat\/ceipcanmanent\/wp-json\/wp\/v2\/comments?post=77"}],"version-history":[{"count":4,"href":"https:\/\/agora.xtec.cat\/ceipcanmanent\/wp-json\/wp\/v2\/pages\/77\/revisions"}],"predecessor-version":[{"id":7421,"href":"https:\/\/agora.xtec.cat\/ceipcanmanent\/wp-json\/wp\/v2\/pages\/77\/revisions\/7421"}],"up":[{"embeddable":true,"href":"https:\/\/agora.xtec.cat\/ceipcanmanent\/wp-json\/wp\/v2\/pages\/66"}],"wp:attachment":[{"href":"https:\/\/agora.xtec.cat\/ceipcanmanent\/wp-json\/wp\/v2\/media?parent=77"}],"curies":[{"name":"wp","href":"https:\/\/api.w.org\/{rel}","templated":true}]}}

<p><img loading="lazy" decoding="async" class="alignright wp-image-7418 size-medium" src="https://agora.xtec.cat/ceipcanmanent/wp-content/uploads/usu153/2020/09/niuafa-300x290.jpg" alt="" width="300" height="290" srcset="https://agora.xtec.cat/ceipcanmanent/wp-content/uploads/usu153/2020/09/niuafa-300x290.jpg 300w, https://agora.xtec.cat/ceipcanmanent/wp-content/uploads/usu153/2020/09/niuafa.jpg 496w" sizes="auto, (max-width: 300px) 100vw, 300px" /></p>
<p style="text-align: justify;">El servei d’acolida té com a objectiu facilitar la conciliació de la vida familiar i laboral posant a disposició de les famílies uns espais i professionals que tenen cura i atenen els infants en el temps previ i posterior a l’horari escolar. El servei d’acollida és titularitat de l’AFA i el gestiona l’empresa FRoca. Aquest servei es du a terme en diferents espais de l’escola , i s’ofereix en horari de matí (de 7:30 a 9) i de tarda (de 16:30 a 17:30).</p>
<p style="text-align: justify;">Si feu ús fix de les 2 franges horàries costa 45 € al mes. Si feu ús fix de matí o tarda 35€ al mes. Cal ser soci de l’AFA.</p>
<p style="text-align: justify;">Si feu un ús esporàdic i sou SOCIS de l&#8217;AFA costa 4€ matí o tarda i si no sou socis, 6€.</p>
<p style="text-align: justify;"><a href="https://froca.cat/inscripcio-acollida-can-manent/" target="_blank" rel="noopener">INSCRIPCIÓ</a></p>
<p><a href="http://afacanmanent.wordpress.com/servei-dacollida-2/">Més informació</a></p>

<p>El servei d’acolida té com a objectiu facilitar la conciliació de la vida familiar i laboral posant a disposició de les famílies uns espais i professionals que tenen cura i atenen els infants en el temps previ i posterior a l’horari escolar. El servei d’acollida és titularitat de l’AFA i el gestiona l’empresa FRoca. Aquest [&hellip;]</p>
