{"id":64,"date":"2014-09-18T12:39:08","date_gmt":"2014-09-18T12:39:08","guid":{"rendered":"http:\/\/agora.xtec.cat\/ceipcanmanent\/?page_id=64"},"modified":"2019-12-05T12:58:36","modified_gmt":"2019-12-05T11:58:36","slug":"projecte-educatiu","status":"publish","type":"page","link":"https:\/\/agora.xtec.cat\/ceipcanmanent\/projecte-educatiu\/","title":{"rendered":"Projecte educatiu"},"content":{"rendered":"<p><img loading=\"lazy\" decoding=\"async\" class=\" wp-image-177 alignleft\" src=\"http:\/\/agora.xtec.cat\/ceipcanmanent\/wp-content\/uploads\/usu153\/2014\/09\/Project_edu-300x224.jpg\" alt=\"Project_edu\" width=\"283\" height=\"211\" srcset=\"https:\/\/agora.xtec.cat\/ceipcanmanent\/wp-content\/uploads\/usu153\/2014\/09\/Project_edu-300x224.jpg 300w, https:\/\/agora.xtec.cat\/ceipcanmanent\/wp-content\/uploads\/usu153\/2014\/09\/Project_edu-200x150.jpg 200w, https:\/\/agora.xtec.cat\/ceipcanmanent\/wp-content\/uploads\/usu153\/2014\/09\/Project_edu.jpg 506w\" sizes=\"auto, (max-width: 283px) 100vw, 283px\" \/><\/p>\n<p>&nbsp;<\/p>\n<h2><\/h2>\n<h2><em>&#8220;Som una escola que respira, que batega i que pensa&#8221;<\/em><\/h2>\n<p>&nbsp;<\/p>\n<p>&nbsp;<\/p>\n<p>&nbsp;<\/p>\n<p>Som una escola p\u00fablica de creaci\u00f3 recent, cinquena a Cardedeu. Vam comen\u00e7ar el curs 2007-08 amb infants de tres a cinc anys per anar \u00a0creixent amb ells, curs per curs, fins a arribar a ser una escola sencera d\u2019Educaci\u00f3 Infantil i Prim\u00e0ria: dels tres als dotze anys. Vam\u00a0estar quatre cursos en m\u00f2duls provisionals a la zona del Pavell\u00f3.\u00a0Ara ja podem gaudir d\u2019un edifici definitiu prop de la granja de Can Manent que d\u00f3na nom a l\u2019escola.\u00a0El curs 2015-16 \u00a0teniem\u00a0 completat els dos nivells de cada curs des de P-3 fins a 6\u00e8.<\/p>\n<p>Amb la definici\u00f3 d\u2019escola \u00a0catalana, \u00a0arrelada al poble i amb la\u00a0participaci\u00f3 de tota la comunitat educativa: mestres, fam\u00edlies i\u00a0alumnes, l\u2019escola va establint vincle amb l\u2019entorn urb\u00e0, rural i natural\u00a0de Cardedeu, a partir de la seva descoberta i coneixement.\u00a0Identificada amb la cultura pr\u00f2pia de Catalunya i transmissora de\u00a0valors de conviv\u00e8ncia i de \u00a0respecte per totes les cultures, es\u00a0compromet en l\u2019educaci\u00f3 com a eina d\u2019emancipaci\u00f3 personal i de\u00a0millora de la societat.<\/p>\n<p>La llengua catalana, com a llengua pr\u00f2pia de l\u2019escola, \u00e9s la vehicular i\u00a0d\u2019aprenentatge. El centre en \u00a0potencia l\u2019\u00fas comunicatiu \u00a0i funcional,\u00a0alhora que \u00a0vetlla pel coneixement \u00a0i domini de totes les lleng\u00fces\u00a0curriculars.<\/p>\n<p>Hem encetat una proposta educativa que t\u00e9 en compte els processos d\u2019aprenentatge dels alumnes i la seva dimensi\u00f3 personal, per ajudar-los a cr\u00e9ixer tant en coneixements com en actituds i valors.<\/p>\n<p>Sustentem \u00a0el projecte en els principis d\u2019atenci\u00f3 a l\u2019infant per con\u00e8ixer-lo i potenciar les seves possibilitats, i en \u00a0l\u2019aprenentatge a trav\u00e9s de l\u2019acci\u00f3, l\u2019experi\u00e8ncia i la relaci\u00f3 amb el medi. Hem anat concretant aquesta concepci\u00f3 d\u2019escola activa a l\u2019Educaci\u00f3 Infantil, comunitat de Petits, \u00a0l\u2019hem \u00a0continuat \u00a0a primer, segon i tercer de Prim\u00e0ria, comunitat de Mitjans, \u00a0i a quart, cinqu\u00e8 i sis\u00e8, comunitat dels Grans. Per aix\u00f2, el debat pedag\u00f2gic, la formaci\u00f3 de claustre i la comunicaci\u00f3 amb els moviments de renovaci\u00f3 pedag\u00f2gica, s\u00f3n per a nosaltres una eina fonamental de recerca i de consolidaci\u00f3 de la l\u00ednia de l\u2019escola.<\/p>\n<p>Cardedeu, febrer de 2015<\/p>\n","protected":false},"excerpt":{"rendered":"<p>&nbsp; &#8220;Som una escola que respira, que batega i que pensa&#8221; &nbsp; &nbsp; &nbsp; Som una escola p\u00fablica de creaci\u00f3 recent, cinquena a Cardedeu. Vam comen\u00e7ar el curs 2007-08 amb infants de tres a cinc anys per anar \u00a0creixent amb ells, curs per curs, fins a arribar a ser una escola sencera d\u2019Educaci\u00f3 Infantil i [&hellip;]<\/p>\n","protected":false},"author":2,"featured_media":0,"parent":0,"menu_order":0,"comment_status":"closed","ping_status":"closed","template":"page-templates\/side-menu.php","meta":{"_bbp_topic_count":0,"_bbp_reply_count":0,"_bbp_total_topic_count":0,"_bbp_total_reply_count":0,"_bbp_voice_count":0,"_bbp_anonymous_reply_count":0,"_bbp_topic_count_hidden":0,"_bbp_reply_count_hidden":0,"_bbp_forum_subforum_count":0,"site-sidebar-layout":"default","site-content-layout":"","ast-site-content-layout":"","site-content-style":"default","site-sidebar-style":"default","ast-global-header-display":"","ast-banner-title-visibility":"","ast-main-header-display":"","ast-hfb-above-header-display":"","ast-hfb-below-header-display":"","ast-hfb-mobile-header-display":"","site-post-title":"","ast-breadcrumbs-content":"","ast-featured-img":"","footer-sml-layout":"","theme-transparent-header-meta":"","adv-header-id-meta":"","stick-header-meta":"","header-above-stick-meta":"","header-main-stick-meta":"","header-below-stick-meta":"","astra-migrate-meta-layouts":"default","ast-page-background-enabled":"default","ast-page-background-meta":{"desktop":{"background-color":"var(--ast-global-color-4)","background-image":"","background-repeat":"repeat","background-position":"center center","background-size":"auto","background-attachment":"scroll","background-type":"","background-media":"","overlay-type":"","overlay-color":"","overlay-opacity":"","overlay-gradient":""},"tablet":{"background-color":"","background-image":"","background-repeat":"repeat","background-position":"center center","background-size":"auto","background-attachment":"scroll","background-type":"","background-media":"","overlay-type":"","overlay-color":"","overlay-opacity":"","overlay-gradient":""},"mobile":{"background-color":"","background-image":"","background-repeat":"repeat","background-position":"center center","background-size":"auto","background-attachment":"scroll","background-type":"","background-media":"","overlay-type":"","overlay-color":"","overlay-opacity":"","overlay-gradient":""}},"ast-content-background-meta":{"desktop":{"background-color":"var(--ast-global-color-5)","background-image":"","background-repeat":"repeat","background-position":"center center","background-size":"auto","background-attachment":"scroll","background-type":"","background-media":"","overlay-type":"","overlay-color":"","overlay-opacity":"","overlay-gradient":""},"tablet":{"background-color":"var(--ast-global-color-5)","background-image":"","background-repeat":"repeat","background-position":"center center","background-size":"auto","background-attachment":"scroll","background-type":"","background-media":"","overlay-type":"","overlay-color":"","overlay-opacity":"","overlay-gradient":""},"mobile":{"background-color":"var(--ast-global-color-5)","background-image":"","background-repeat":"repeat","background-position":"center center","background-size":"auto","background-attachment":"scroll","background-type":"","background-media":"","overlay-type":"","overlay-color":"","overlay-opacity":"","overlay-gradient":""}},"footnotes":""},"class_list":["post-64","page","type-page","status-publish","hentry"],"post_mailing_queue_ids":[],"_links":{"self":[{"href":"https:\/\/agora.xtec.cat\/ceipcanmanent\/wp-json\/wp\/v2\/pages\/64","targetHints":{"allow":["GET"]}}],"collection":[{"href":"https:\/\/agora.xtec.cat\/ceipcanmanent\/wp-json\/wp\/v2\/pages"}],"about":[{"href":"https:\/\/agora.xtec.cat\/ceipcanmanent\/wp-json\/wp\/v2\/types\/page"}],"author":[{"embeddable":true,"href":"https:\/\/agora.xtec.cat\/ceipcanmanent\/wp-json\/wp\/v2\/users\/2"}],"replies":[{"embeddable":true,"href":"https:\/\/agora.xtec.cat\/ceipcanmanent\/wp-json\/wp\/v2\/comments?post=64"}],"version-history":[{"count":2,"href":"https:\/\/agora.xtec.cat\/ceipcanmanent\/wp-json\/wp\/v2\/pages\/64\/revisions"}],"predecessor-version":[{"id":4767,"href":"https:\/\/agora.xtec.cat\/ceipcanmanent\/wp-json\/wp\/v2\/pages\/64\/revisions\/4767"}],"wp:attachment":[{"href":"https:\/\/agora.xtec.cat\/ceipcanmanent\/wp-json\/wp\/v2\/media?parent=64"}],"curies":[{"name":"wp","href":"https:\/\/api.w.org\/{rel}","templated":true}]}}

<p><img loading="lazy" decoding="async" class=" wp-image-177 alignleft" src="http://agora.xtec.cat/ceipcanmanent/wp-content/uploads/usu153/2014/09/Project_edu-300x224.jpg" alt="Project_edu" width="283" height="211" srcset="https://agora.xtec.cat/ceipcanmanent/wp-content/uploads/usu153/2014/09/Project_edu-300x224.jpg 300w, https://agora.xtec.cat/ceipcanmanent/wp-content/uploads/usu153/2014/09/Project_edu-200x150.jpg 200w, https://agora.xtec.cat/ceipcanmanent/wp-content/uploads/usu153/2014/09/Project_edu.jpg 506w" sizes="auto, (max-width: 283px) 100vw, 283px" /></p>
<p>&nbsp;</p>
<h2></h2>
<h2><em>&#8220;Som una escola que respira, que batega i que pensa&#8221;</em></h2>
<p>&nbsp;</p>
<p>&nbsp;</p>
<p>&nbsp;</p>
<p>Som una escola pública de creació recent, cinquena a Cardedeu. Vam començar el curs 2007-08 amb infants de tres a cinc anys per anar  creixent amb ells, curs per curs, fins a arribar a ser una escola sencera d’Educació Infantil i Primària: dels tres als dotze anys. Vam estar quatre cursos en mòduls provisionals a la zona del Pavelló. Ara ja podem gaudir d’un edifici definitiu prop de la granja de Can Manent que dóna nom a l’escola. El curs 2015-16  teniem  completat els dos nivells de cada curs des de P-3 fins a 6è.</p>
<p>Amb la definició d’escola  catalana,  arrelada al poble i amb la participació de tota la comunitat educativa: mestres, famílies i alumnes, l’escola va establint vincle amb l’entorn urbà, rural i natural de Cardedeu, a partir de la seva descoberta i coneixement. Identificada amb la cultura pròpia de Catalunya i transmissora de valors de convivència i de  respecte per totes les cultures, es compromet en l’educació com a eina d’emancipació personal i de millora de la societat.</p>
<p>La llengua catalana, com a llengua pròpia de l’escola, és la vehicular i d’aprenentatge. El centre en  potencia l’ús comunicatiu  i funcional, alhora que  vetlla pel coneixement  i domini de totes les llengües curriculars.</p>
<p>Hem encetat una proposta educativa que té en compte els processos d’aprenentatge dels alumnes i la seva dimensió personal, per ajudar-los a créixer tant en coneixements com en actituds i valors.</p>
<p>Sustentem  el projecte en els principis d’atenció a l’infant per conèixer-lo i potenciar les seves possibilitats, i en  l’aprenentatge a través de l’acció, l’experiència i la relació amb el medi. Hem anat concretant aquesta concepció d’escola activa a l’Educació Infantil, comunitat de Petits,  l’hem  continuat  a primer, segon i tercer de Primària, comunitat de Mitjans,  i a quart, cinquè i sisè, comunitat dels Grans. Per això, el debat pedagògic, la formació de claustre i la comunicació amb els moviments de renovació pedagògica, són per a nosaltres una eina fonamental de recerca i de consolidació de la línia de l’escola.</p>
<p>Cardedeu, febrer de 2015</p>

<p>&nbsp; &#8220;Som una escola que respira, que batega i que pensa&#8221; &nbsp; &nbsp; &nbsp; Som una escola pública de creació recent, cinquena a Cardedeu. Vam començar el curs 2007-08 amb infants de tres a cinc anys per anar  creixent amb ells, curs per curs, fins a arribar a ser una escola sencera d’Educació Infantil i [&hellip;]</p>
