{"id":578,"date":"2015-06-12T11:23:03","date_gmt":"2015-06-12T10:23:03","guid":{"rendered":"http:\/\/agora.xtec.cat\/ceipcanmanent\/?page_id=578"},"modified":"2019-12-05T13:16:48","modified_gmt":"2019-12-05T12:16:48","slug":"escola-formadora","status":"publish","type":"page","link":"https:\/\/agora.xtec.cat\/ceipcanmanent\/projecte-educatiu\/escola-formadora\/","title":{"rendered":"Escola Formadora"},"content":{"rendered":"<p>Escola Formadora&#8230;i que mai deixa d&#8217;aprendre dels altres!<\/p>\n<p>Pensem que els centres d&#8217;ensenyament han de tenir un paper m\u00e9s rellevant i una major responsabilitat en la formaci\u00f3 inicial dels ensenyants, en aquest sentit intentem donar les m\u00e0ximes facilitats als candidats i fer-los la tutoritzaci\u00f3 m\u00e9s escaient.<\/p>\n<p>&nbsp;<\/p>\n<p>L&#8217;escola aposta per compartir la nostra manera de fer amb professionals d&#8217;altres centre o institucions que estiguin interessats. De la mateixa manera tamb\u00e9 nosaltres estem encuriosits pels processos de millora educativa que fan altres centres singulars i sempre que ens \u00e9s possible establim els contactes i visites profitoses.<\/p>\n<table>\n<tbody>\n<tr>\n<td style=\"text-align: center;\"><a href=\"http:\/\/agora.xtec.cat\/ceipcanmanent\/wp-content\/uploads\/usu153\/2015\/06\/Imagen1mini.jpg\"><img loading=\"lazy\" decoding=\"async\" class=\"alignnone wp-image-579\" src=\"http:\/\/agora.xtec.cat\/ceipcanmanent\/wp-content\/uploads\/usu153\/2015\/06\/Imagen1mini-300x188.jpg\" alt=\"Imagen1mini\" width=\"319\" height=\"200\" srcset=\"https:\/\/agora.xtec.cat\/ceipcanmanent\/wp-content\/uploads\/usu153\/2015\/06\/Imagen1mini-300x188.jpg 300w, https:\/\/agora.xtec.cat\/ceipcanmanent\/wp-content\/uploads\/usu153\/2015\/06\/Imagen1mini.jpg 1000w\" sizes=\"auto, (max-width: 319px) 100vw, 319px\" \/><\/a><\/td>\n<td>Visita d&#8217;alumnes d&#8217;estudis de psicologia i treball social de la UAB<\/td>\n<td><\/td>\n<\/tr>\n<tr>\n<td>\u00a0<a href=\"http:\/\/agora.xtec.cat\/ceipcanmanent\/wp-content\/uploads\/usu153\/2015\/06\/mini1.jpg\"><img loading=\"lazy\" decoding=\"async\" class=\"aligncenter wp-image-583 size-medium\" src=\"http:\/\/agora.xtec.cat\/ceipcanmanent\/wp-content\/uploads\/usu153\/2015\/06\/mini1-300x225.jpg\" alt=\"mini1\" width=\"300\" height=\"225\" srcset=\"https:\/\/agora.xtec.cat\/ceipcanmanent\/wp-content\/uploads\/usu153\/2015\/06\/mini1-300x225.jpg 300w, https:\/\/agora.xtec.cat\/ceipcanmanent\/wp-content\/uploads\/usu153\/2015\/06\/mini1-200x150.jpg 200w, https:\/\/agora.xtec.cat\/ceipcanmanent\/wp-content\/uploads\/usu153\/2015\/06\/mini1.jpg 1000w\" sizes=\"auto, (max-width: 300px) 100vw, 300px\" \/><\/a><\/td>\n<td>Amb els companys de CPEIP Garc\u00eda Galdeanode <span class=\"il\">Pamplona<\/span> (Navarra)\u00a0Que ens varen visitar per con\u00e8ixer de primera m\u00e0 la nostra manera de fer.<\/td>\n<td><\/td>\n<\/tr>\n<tr>\n<td><a href=\"http:\/\/agora.xtec.cat\/ceipcanmanent\/wp-content\/uploads\/usu153\/2015\/06\/IES-sAgulla.jpg\"><img loading=\"lazy\" decoding=\"async\" class=\"alignnone wp-image-682\" src=\"http:\/\/agora.xtec.cat\/ceipcanmanent\/wp-content\/uploads\/usu153\/2015\/06\/IES-sAgulla-300x142.jpg\" alt=\"IES s'Agulla\" width=\"221\" height=\"105\" srcset=\"https:\/\/agora.xtec.cat\/ceipcanmanent\/wp-content\/uploads\/usu153\/2015\/06\/IES-sAgulla-300x142.jpg 300w, https:\/\/agora.xtec.cat\/ceipcanmanent\/wp-content\/uploads\/usu153\/2015\/06\/IES-sAgulla.jpg 598w\" sizes=\"auto, (max-width: 221px) 100vw, 221px\" \/><\/a><\/td>\n<td>Mestres del Claustre s&#8217;han despla\u00e7at a l&#8217;IES s&#8217;Agulla (Blanes) i a \u00a0diferents Facultats de de la UAB<\/td>\n<td><\/td>\n<\/tr>\n<\/tbody>\n<\/table>\n","protected":false},"excerpt":{"rendered":"<p>Escola Formadora&#8230;i que mai deixa d&#8217;aprendre dels altres! Pensem que els centres d&#8217;ensenyament han de tenir un paper m\u00e9s rellevant i una major responsabilitat en la formaci\u00f3 inicial dels ensenyants, en aquest sentit intentem donar les m\u00e0ximes facilitats als candidats i fer-los la tutoritzaci\u00f3 m\u00e9s escaient. &nbsp; L&#8217;escola aposta per compartir la nostra manera de [&hellip;]<\/p>\n","protected":false},"author":1,"featured_media":0,"parent":64,"menu_order":5,"comment_status":"closed","ping_status":"closed","template":"page-templates\/side-menu.php","meta":{"_bbp_topic_count":0,"_bbp_reply_count":0,"_bbp_total_topic_count":0,"_bbp_total_reply_count":0,"_bbp_voice_count":0,"_bbp_anonymous_reply_count":0,"_bbp_topic_count_hidden":0,"_bbp_reply_count_hidden":0,"_bbp_forum_subforum_count":0,"site-sidebar-layout":"default","site-content-layout":"","ast-site-content-layout":"","site-content-style":"default","site-sidebar-style":"default","ast-global-header-display":"","ast-banner-title-visibility":"","ast-main-header-display":"","ast-hfb-above-header-display":"","ast-hfb-below-header-display":"","ast-hfb-mobile-header-display":"","site-post-title":"","ast-breadcrumbs-content":"","ast-featured-img":"","footer-sml-layout":"","theme-transparent-header-meta":"","adv-header-id-meta":"","stick-header-meta":"","header-above-stick-meta":"","header-main-stick-meta":"","header-below-stick-meta":"","astra-migrate-meta-layouts":"default","ast-page-background-enabled":"default","ast-page-background-meta":{"desktop":{"background-color":"var(--ast-global-color-4)","background-image":"","background-repeat":"repeat","background-position":"center center","background-size":"auto","background-attachment":"scroll","background-type":"","background-media":"","overlay-type":"","overlay-color":"","overlay-opacity":"","overlay-gradient":""},"tablet":{"background-color":"","background-image":"","background-repeat":"repeat","background-position":"center center","background-size":"auto","background-attachment":"scroll","background-type":"","background-media":"","overlay-type":"","overlay-color":"","overlay-opacity":"","overlay-gradient":""},"mobile":{"background-color":"","background-image":"","background-repeat":"repeat","background-position":"center center","background-size":"auto","background-attachment":"scroll","background-type":"","background-media":"","overlay-type":"","overlay-color":"","overlay-opacity":"","overlay-gradient":""}},"ast-content-background-meta":{"desktop":{"background-color":"var(--ast-global-color-5)","background-image":"","background-repeat":"repeat","background-position":"center center","background-size":"auto","background-attachment":"scroll","background-type":"","background-media":"","overlay-type":"","overlay-color":"","overlay-opacity":"","overlay-gradient":""},"tablet":{"background-color":"var(--ast-global-color-5)","background-image":"","background-repeat":"repeat","background-position":"center center","background-size":"auto","background-attachment":"scroll","background-type":"","background-media":"","overlay-type":"","overlay-color":"","overlay-opacity":"","overlay-gradient":""},"mobile":{"background-color":"var(--ast-global-color-5)","background-image":"","background-repeat":"repeat","background-position":"center center","background-size":"auto","background-attachment":"scroll","background-type":"","background-media":"","overlay-type":"","overlay-color":"","overlay-opacity":"","overlay-gradient":""}},"footnotes":""},"class_list":["post-578","page","type-page","status-publish","hentry"],"post_mailing_queue_ids":[],"_links":{"self":[{"href":"https:\/\/agora.xtec.cat\/ceipcanmanent\/wp-json\/wp\/v2\/pages\/578","targetHints":{"allow":["GET"]}}],"collection":[{"href":"https:\/\/agora.xtec.cat\/ceipcanmanent\/wp-json\/wp\/v2\/pages"}],"about":[{"href":"https:\/\/agora.xtec.cat\/ceipcanmanent\/wp-json\/wp\/v2\/types\/page"}],"author":[{"embeddable":true,"href":"https:\/\/agora.xtec.cat\/ceipcanmanent\/wp-json\/wp\/v2\/users\/1"}],"replies":[{"embeddable":true,"href":"https:\/\/agora.xtec.cat\/ceipcanmanent\/wp-json\/wp\/v2\/comments?post=578"}],"version-history":[{"count":4,"href":"https:\/\/agora.xtec.cat\/ceipcanmanent\/wp-json\/wp\/v2\/pages\/578\/revisions"}],"predecessor-version":[{"id":4774,"href":"https:\/\/agora.xtec.cat\/ceipcanmanent\/wp-json\/wp\/v2\/pages\/578\/revisions\/4774"}],"up":[{"embeddable":true,"href":"https:\/\/agora.xtec.cat\/ceipcanmanent\/wp-json\/wp\/v2\/pages\/64"}],"wp:attachment":[{"href":"https:\/\/agora.xtec.cat\/ceipcanmanent\/wp-json\/wp\/v2\/media?parent=578"}],"curies":[{"name":"wp","href":"https:\/\/api.w.org\/{rel}","templated":true}]}}

<p>Escola Formadora&#8230;i que mai deixa d&#8217;aprendre dels altres!</p>
<p>Pensem que els centres d&#8217;ensenyament han de tenir un paper més rellevant i una major responsabilitat en la formació inicial dels ensenyants, en aquest sentit intentem donar les màximes facilitats als candidats i fer-los la tutorització més escaient.</p>
<p>&nbsp;</p>
<p>L&#8217;escola aposta per compartir la nostra manera de fer amb professionals d&#8217;altres centre o institucions que estiguin interessats. De la mateixa manera també nosaltres estem encuriosits pels processos de millora educativa que fan altres centres singulars i sempre que ens és possible establim els contactes i visites profitoses.</p>
<table>
<tbody>
<tr>
<td style="text-align: center;"><a href="http://agora.xtec.cat/ceipcanmanent/wp-content/uploads/usu153/2015/06/Imagen1mini.jpg"><img loading="lazy" decoding="async" class="alignnone wp-image-579" src="http://agora.xtec.cat/ceipcanmanent/wp-content/uploads/usu153/2015/06/Imagen1mini-300x188.jpg" alt="Imagen1mini" width="319" height="200" srcset="https://agora.xtec.cat/ceipcanmanent/wp-content/uploads/usu153/2015/06/Imagen1mini-300x188.jpg 300w, https://agora.xtec.cat/ceipcanmanent/wp-content/uploads/usu153/2015/06/Imagen1mini.jpg 1000w" sizes="auto, (max-width: 319px) 100vw, 319px" /></a></td>
<td>Visita d&#8217;alumnes d&#8217;estudis de psicologia i treball social de la UAB</td>
<td></td>
</tr>
<tr>
<td> <a href="http://agora.xtec.cat/ceipcanmanent/wp-content/uploads/usu153/2015/06/mini1.jpg"><img loading="lazy" decoding="async" class="aligncenter wp-image-583 size-medium" src="http://agora.xtec.cat/ceipcanmanent/wp-content/uploads/usu153/2015/06/mini1-300x225.jpg" alt="mini1" width="300" height="225" srcset="https://agora.xtec.cat/ceipcanmanent/wp-content/uploads/usu153/2015/06/mini1-300x225.jpg 300w, https://agora.xtec.cat/ceipcanmanent/wp-content/uploads/usu153/2015/06/mini1-200x150.jpg 200w, https://agora.xtec.cat/ceipcanmanent/wp-content/uploads/usu153/2015/06/mini1.jpg 1000w" sizes="auto, (max-width: 300px) 100vw, 300px" /></a></td>
<td>Amb els companys de CPEIP García Galdeanode <span class="il">Pamplona</span> (Navarra) Que ens varen visitar per conèixer de primera mà la nostra manera de fer.</td>
<td></td>
</tr>
<tr>
<td><a href="http://agora.xtec.cat/ceipcanmanent/wp-content/uploads/usu153/2015/06/IES-sAgulla.jpg"><img loading="lazy" decoding="async" class="alignnone wp-image-682" src="http://agora.xtec.cat/ceipcanmanent/wp-content/uploads/usu153/2015/06/IES-sAgulla-300x142.jpg" alt="IES s'Agulla" width="221" height="105" srcset="https://agora.xtec.cat/ceipcanmanent/wp-content/uploads/usu153/2015/06/IES-sAgulla-300x142.jpg 300w, https://agora.xtec.cat/ceipcanmanent/wp-content/uploads/usu153/2015/06/IES-sAgulla.jpg 598w" sizes="auto, (max-width: 221px) 100vw, 221px" /></a></td>
<td>Mestres del Claustre s&#8217;han desplaçat a l&#8217;IES s&#8217;Agulla (Blanes) i a  diferents Facultats de de la UAB</td>
<td></td>
</tr>
</tbody>
</table>

<p>Escola Formadora&#8230;i que mai deixa d&#8217;aprendre dels altres! Pensem que els centres d&#8217;ensenyament han de tenir un paper més rellevant i una major responsabilitat en la formació inicial dels ensenyants, en aquest sentit intentem donar les màximes facilitats als candidats i fer-los la tutorització més escaient. &nbsp; L&#8217;escola aposta per compartir la nostra manera de [&hellip;]</p>
