{"id":5183,"date":"2020-03-18T16:29:27","date_gmt":"2020-03-18T15:29:27","guid":{"rendered":"https:\/\/agora.xtec.cat\/ceipcanmanent\/?page_id=5183"},"modified":"2020-03-20T11:28:28","modified_gmt":"2020-03-20T10:28:28","slug":"les-finestres-de-lescola-can-manent","status":"publish","type":"page","link":"https:\/\/agora.xtec.cat\/ceipcanmanent\/com-passa-el-temps-ja-10-anys-de-can-manent\/les-finestres-de-lescola-can-manent\/","title":{"rendered":"Les finestres de l\u2019Escola Can Manent"},"content":{"rendered":"<p><span style=\"font-weight: 400;\"><a href=\"https:\/\/agora.xtec.cat\/ceipcanmanent\/wp-content\/uploads\/usu153\/2020\/03\/finestres.jpg\"><img loading=\"lazy\" decoding=\"async\" class=\"wp-image-5175 alignleft\" src=\"https:\/\/agora.xtec.cat\/ceipcanmanent\/wp-content\/uploads\/usu153\/2020\/03\/finestres.jpg\" alt=\"\" width=\"110\" height=\"111\" srcset=\"https:\/\/agora.xtec.cat\/ceipcanmanent\/wp-content\/uploads\/usu153\/2020\/03\/finestres.jpg 693w, https:\/\/agora.xtec.cat\/ceipcanmanent\/wp-content\/uploads\/usu153\/2020\/03\/finestres-150x150.jpg 150w, https:\/\/agora.xtec.cat\/ceipcanmanent\/wp-content\/uploads\/usu153\/2020\/03\/finestres-298x300.jpg 298w\" sizes=\"auto, (max-width: 110px) 100vw, 110px\" \/><\/a>En primer lloc, us volem fer esment de la diapositiva de Portes Obertes <a href=\"https:\/\/agora.xtec.cat\/ceipcanmanent\/com-passa-el-temps-ja-10-anys-de-can-manent\/les-finestres-de-lescola-can-manent\/les-escoles-i-cardedeu\/\">comuna amb totes les escoles de Cardedeu<\/a> on podeu veure-hi tots els projectes en xarxa que anem desenvolupant al llarg del curs.<\/span><\/p>\n<p><span style=\"font-weight: 400;\">En segon lloc, podeu consultar el <\/span><a href=\"https:\/\/agora.xtec.cat\/ceipcanmanent\/com-passa-el-temps-ja-10-anys-de-can-manent\/les-finestres-de-lescola-can-manent\/com-ens-definim\/\"><span style=\"font-weight: 400;\">tr\u00edptic informatiu<\/span><\/a><span style=\"font-weight: 400;\"> on trobareu un recull d\u2019idees claus i de concreci\u00f3 del projecte.<\/span><\/p>\n<p><span style=\"font-weight: 400;\">A continuaci\u00f3, us convidem a veure el <\/span><a href=\"https:\/\/drive.google.com\/file\/d\/1_q5Hnyq0T556rDG7Sp-lTWskj3ZaYzV4\/view?usp=sharing\"><span style=\"font-weight: 400;\">v\u00eddeo<\/span><\/a><span style=\"font-weight: 400;\"> que explica com \u00e9s un dia a l\u2019escola a trav\u00e9s de la veu dels infants. Tant l\u2019edici\u00f3 del v\u00eddeo com la can\u00e7\u00f3 que hi sentireu, s\u00f3n creats per pares de l\u2019escola. Gr\u00e0cies \u00c0lex i Cesc!<\/span><\/p>\n<p><span style=\"font-weight: 400;\">Tamb\u00e9 us oferim el <\/span><a href=\"https:\/\/drive.google.com\/file\/d\/1tQFoEQPPTrGjdDxG2Q21KqbflI8ayJYK\/view?usp=sharing\"><span style=\"font-weight: 400;\">Relat de la Comunitat de Petits<\/span><\/a><span style=\"font-weight: 400;\"> on destaquem la senzillesa i a la vegada, la gran riquesa del dia a dia amb els petits de l\u2019escola. Es tracta de la lectura del relat, acompanyada de fotografies.\u00a0<\/span><\/p>\n<p><span style=\"font-weight: 400;\">I la veu dels infants que han passat per Can Manent, que ens havien d&#8217;acompanyar a les Portes Obertes, us la volem transmetre en format d\u2019<\/span><span style=\"font-weight: 400;\">entrevista. Sentireu <a href=\"https:\/\/agora.xtec.cat\/ceipcanmanent\/wp-content\/uploads\/usu153\/2020\/03\/AUD-20200319-WA0099.aac\">l&#8217;Aina<\/a> i en <a href=\"https:\/\/agora.xtec.cat\/ceipcanmanent\/wp-content\/uploads\/usu153\/2020\/03\/AUD-20200319-WA0101.m4a\">Santi<\/a> parlant del seu pas per Can Manent. Les entrevistes els hi han fet els seus germans, actuals alumnes de l&#8217;escola. Gr\u00e0cies Lila, Nico, Aina i Santi!<\/span><\/p>\n<p><span style=\"font-weight: 400;\">Us facilitem tamb\u00e9 l\u2019enlla\u00e7 de <\/span><a href=\"https:\/\/casolem.cat\/\"><span style=\"font-weight: 400;\">Casolem<\/span><\/a><span style=\"font-weight: 400;\"> , que ens ofereix el servei de migdia i la web de l\u2019<\/span><a href=\"https:\/\/afacanmanent.wordpress.com\/\"><span style=\"font-weight: 400;\">AFA<\/span><\/a><span style=\"font-weight: 400;\"> de l\u2019Escola.<\/span><\/p>\n<p><span style=\"font-weight: 400;\">I per acabar, si teniu preguntes o dubtes que volieu aclarir a la Jornada de Portes Obertes sobre algun aspecte del projecte, sobre el funcionament, l\u2019organitzaci\u00f3, el per\u00edode d\u2019adaptaci\u00f3, etc hem habilitat l\u2019adre\u00e7a <\/span><span style=\"font-weight: 400;\">\u00a0<\/span><a href=\"mailto:informacioportesobertes@canmanent.cat\"><span style=\"font-weight: 400;\">informacioportesobertes@canmanent.cat<\/span><\/a> <span style=\"font-weight: 400;\">que servir\u00e0 de pont de comunicaci\u00f3 entre les fam\u00edlies i l\u2019escola.<\/span><\/p>\n<p><span style=\"font-weight: 400;\">Recordem que el per\u00edode de preinscripci\u00f3, de moment, s\u2019ha apla\u00e7at fins a nou av\u00eds. Trobareu m\u00e9s informaci\u00f3 sobre el proc\u00e9s de preinscripci\u00f3 al <\/span><a href=\"http:\/\/queestudiar.gencat.cat\/ca\/preinscripcio\/estudis\/obligatoris\/\"><span style=\"font-weight: 400;\">web de la Generalitat.\u00a0<\/span><\/a><\/p>\n<p>Esperem que gaudiu de les nostres finestres.<\/p>\n<p>Salut a tothom!<\/p>\n","protected":false},"excerpt":{"rendered":"<p>En primer lloc, us volem fer esment de la diapositiva de Portes Obertes comuna amb totes les escoles de Cardedeu on podeu veure-hi tots els projectes en xarxa que anem desenvolupant al llarg del curs. En segon lloc, podeu consultar el tr\u00edptic informatiu on trobareu un recull d\u2019idees claus i de concreci\u00f3 del projecte. A [&hellip;]<\/p>\n","protected":false},"author":1,"featured_media":0,"parent":3255,"menu_order":20,"comment_status":"closed","ping_status":"closed","template":"","meta":{"_bbp_topic_count":0,"_bbp_reply_count":0,"_bbp_total_topic_count":0,"_bbp_total_reply_count":0,"_bbp_voice_count":0,"_bbp_anonymous_reply_count":0,"_bbp_topic_count_hidden":0,"_bbp_reply_count_hidden":0,"_bbp_forum_subforum_count":0,"site-sidebar-layout":"default","site-content-layout":"","ast-site-content-layout":"","site-content-style":"default","site-sidebar-style":"default","ast-global-header-display":"","ast-banner-title-visibility":"","ast-main-header-display":"","ast-hfb-above-header-display":"","ast-hfb-below-header-display":"","ast-hfb-mobile-header-display":"","site-post-title":"","ast-breadcrumbs-content":"","ast-featured-img":"","footer-sml-layout":"","theme-transparent-header-meta":"","adv-header-id-meta":"","stick-header-meta":"","header-above-stick-meta":"","header-main-stick-meta":"","header-below-stick-meta":"","astra-migrate-meta-layouts":"default","ast-page-background-enabled":"default","ast-page-background-meta":{"desktop":{"background-color":"var(--ast-global-color-4)","background-image":"","background-repeat":"repeat","background-position":"center center","background-size":"auto","background-attachment":"scroll","background-type":"","background-media":"","overlay-type":"","overlay-color":"","overlay-opacity":"","overlay-gradient":""},"tablet":{"background-color":"","background-image":"","background-repeat":"repeat","background-position":"center center","background-size":"auto","background-attachment":"scroll","background-type":"","background-media":"","overlay-type":"","overlay-color":"","overlay-opacity":"","overlay-gradient":""},"mobile":{"background-color":"","background-image":"","background-repeat":"repeat","background-position":"center center","background-size":"auto","background-attachment":"scroll","background-type":"","background-media":"","overlay-type":"","overlay-color":"","overlay-opacity":"","overlay-gradient":""}},"ast-content-background-meta":{"desktop":{"background-color":"var(--ast-global-color-5)","background-image":"","background-repeat":"repeat","background-position":"center center","background-size":"auto","background-attachment":"scroll","background-type":"","background-media":"","overlay-type":"","overlay-color":"","overlay-opacity":"","overlay-gradient":""},"tablet":{"background-color":"var(--ast-global-color-5)","background-image":"","background-repeat":"repeat","background-position":"center center","background-size":"auto","background-attachment":"scroll","background-type":"","background-media":"","overlay-type":"","overlay-color":"","overlay-opacity":"","overlay-gradient":""},"mobile":{"background-color":"var(--ast-global-color-5)","background-image":"","background-repeat":"repeat","background-position":"center center","background-size":"auto","background-attachment":"scroll","background-type":"","background-media":"","overlay-type":"","overlay-color":"","overlay-opacity":"","overlay-gradient":""}},"footnotes":""},"class_list":["post-5183","page","type-page","status-publish","hentry"],"post_mailing_queue_ids":[],"_links":{"self":[{"href":"https:\/\/agora.xtec.cat\/ceipcanmanent\/wp-json\/wp\/v2\/pages\/5183","targetHints":{"allow":["GET"]}}],"collection":[{"href":"https:\/\/agora.xtec.cat\/ceipcanmanent\/wp-json\/wp\/v2\/pages"}],"about":[{"href":"https:\/\/agora.xtec.cat\/ceipcanmanent\/wp-json\/wp\/v2\/types\/page"}],"author":[{"embeddable":true,"href":"https:\/\/agora.xtec.cat\/ceipcanmanent\/wp-json\/wp\/v2\/users\/1"}],"replies":[{"embeddable":true,"href":"https:\/\/agora.xtec.cat\/ceipcanmanent\/wp-json\/wp\/v2\/comments?post=5183"}],"version-history":[{"count":3,"href":"https:\/\/agora.xtec.cat\/ceipcanmanent\/wp-json\/wp\/v2\/pages\/5183\/revisions"}],"predecessor-version":[{"id":5230,"href":"https:\/\/agora.xtec.cat\/ceipcanmanent\/wp-json\/wp\/v2\/pages\/5183\/revisions\/5230"}],"up":[{"embeddable":true,"href":"https:\/\/agora.xtec.cat\/ceipcanmanent\/wp-json\/wp\/v2\/pages\/3255"}],"wp:attachment":[{"href":"https:\/\/agora.xtec.cat\/ceipcanmanent\/wp-json\/wp\/v2\/media?parent=5183"}],"curies":[{"name":"wp","href":"https:\/\/api.w.org\/{rel}","templated":true}]}}

<p><span style="font-weight: 400;"><a href="https://agora.xtec.cat/ceipcanmanent/wp-content/uploads/usu153/2020/03/finestres.jpg"><img loading="lazy" decoding="async" class="wp-image-5175 alignleft" src="https://agora.xtec.cat/ceipcanmanent/wp-content/uploads/usu153/2020/03/finestres.jpg" alt="" width="110" height="111" srcset="https://agora.xtec.cat/ceipcanmanent/wp-content/uploads/usu153/2020/03/finestres.jpg 693w, https://agora.xtec.cat/ceipcanmanent/wp-content/uploads/usu153/2020/03/finestres-150x150.jpg 150w, https://agora.xtec.cat/ceipcanmanent/wp-content/uploads/usu153/2020/03/finestres-298x300.jpg 298w" sizes="auto, (max-width: 110px) 100vw, 110px" /></a>En primer lloc, us volem fer esment de la diapositiva de Portes Obertes <a href="https://agora.xtec.cat/ceipcanmanent/com-passa-el-temps-ja-10-anys-de-can-manent/les-finestres-de-lescola-can-manent/les-escoles-i-cardedeu/">comuna amb totes les escoles de Cardedeu</a> on podeu veure-hi tots els projectes en xarxa que anem desenvolupant al llarg del curs.</span></p>
<p><span style="font-weight: 400;">En segon lloc, podeu consultar el </span><a href="https://agora.xtec.cat/ceipcanmanent/com-passa-el-temps-ja-10-anys-de-can-manent/les-finestres-de-lescola-can-manent/com-ens-definim/"><span style="font-weight: 400;">tríptic informatiu</span></a><span style="font-weight: 400;"> on trobareu un recull d’idees claus i de concreció del projecte.</span></p>
<p><span style="font-weight: 400;">A continuació, us convidem a veure el </span><a href="https://drive.google.com/file/d/1_q5Hnyq0T556rDG7Sp-lTWskj3ZaYzV4/view?usp=sharing"><span style="font-weight: 400;">vídeo</span></a><span style="font-weight: 400;"> que explica com és un dia a l’escola a través de la veu dels infants. Tant l’edició del vídeo com la cançó que hi sentireu, són creats per pares de l’escola. Gràcies Àlex i Cesc!</span></p>
<p><span style="font-weight: 400;">També us oferim el </span><a href="https://drive.google.com/file/d/1tQFoEQPPTrGjdDxG2Q21KqbflI8ayJYK/view?usp=sharing"><span style="font-weight: 400;">Relat de la Comunitat de Petits</span></a><span style="font-weight: 400;"> on destaquem la senzillesa i a la vegada, la gran riquesa del dia a dia amb els petits de l’escola. Es tracta de la lectura del relat, acompanyada de fotografies. </span></p>
<p><span style="font-weight: 400;">I la veu dels infants que han passat per Can Manent, que ens havien d&#8217;acompanyar a les Portes Obertes, us la volem transmetre en format d’</span><span style="font-weight: 400;">entrevista. Sentireu <a href="https://agora.xtec.cat/ceipcanmanent/wp-content/uploads/usu153/2020/03/AUD-20200319-WA0099.aac">l&#8217;Aina</a> i en <a href="https://agora.xtec.cat/ceipcanmanent/wp-content/uploads/usu153/2020/03/AUD-20200319-WA0101.m4a">Santi</a> parlant del seu pas per Can Manent. Les entrevistes els hi han fet els seus germans, actuals alumnes de l&#8217;escola. Gràcies Lila, Nico, Aina i Santi!</span></p>
<p><span style="font-weight: 400;">Us facilitem també l’enllaç de </span><a href="https://casolem.cat/"><span style="font-weight: 400;">Casolem</span></a><span style="font-weight: 400;"> , que ens ofereix el servei de migdia i la web de l’</span><a href="https://afacanmanent.wordpress.com/"><span style="font-weight: 400;">AFA</span></a><span style="font-weight: 400;"> de l’Escola.</span></p>
<p><span style="font-weight: 400;">I per acabar, si teniu preguntes o dubtes que volieu aclarir a la Jornada de Portes Obertes sobre algun aspecte del projecte, sobre el funcionament, l’organització, el període d’adaptació, etc hem habilitat l’adreça </span><span style="font-weight: 400;"> </span><a href="mailto:informacioportesobertes@canmanent.cat"><span style="font-weight: 400;">informacioportesobertes@canmanent.cat</span></a> <span style="font-weight: 400;">que servirà de pont de comunicació entre les famílies i l’escola.</span></p>
<p><span style="font-weight: 400;">Recordem que el període de preinscripció, de moment, s’ha aplaçat fins a nou avís. Trobareu més informació sobre el procés de preinscripció al </span><a href="http://queestudiar.gencat.cat/ca/preinscripcio/estudis/obligatoris/"><span style="font-weight: 400;">web de la Generalitat. </span></a></p>
<p>Esperem que gaudiu de les nostres finestres.</p>
<p>Salut a tothom!</p>

<p>En primer lloc, us volem fer esment de la diapositiva de Portes Obertes comuna amb totes les escoles de Cardedeu on podeu veure-hi tots els projectes en xarxa que anem desenvolupant al llarg del curs. En segon lloc, podeu consultar el tríptic informatiu on trobareu un recull d’idees claus i de concreció del projecte. A [&hellip;]</p>
