{"id":394,"date":"2015-06-09T11:58:36","date_gmt":"2015-06-09T10:58:36","guid":{"rendered":"http:\/\/agora.xtec.cat\/ceipcanmanent\/?page_id=394"},"modified":"2019-12-05T13:03:59","modified_gmt":"2019-12-05T12:03:59","slug":"principis-de-lescola","status":"publish","type":"page","link":"https:\/\/agora.xtec.cat\/ceipcanmanent\/projecte-educatiu\/principis-de-lescola\/","title":{"rendered":"Com entenem l&#8217;Escola"},"content":{"rendered":"<div>\n<div>\n<div id=\"imCell_5\" class=\"imGrid[1, 1]\">\n<div id=\"imCellStyle_5\">\n<div id=\"imTextObject_5_tab0\" class=\"text-tab-content\">\n<div class=\"text-inner\">\n<h4><b><i>&#8220;Si busques resultats diferents &#8230;no facis\u00a0<\/i><\/b><b><i>sempre el mateix&#8221; (Einstein)<\/i><\/b><\/h4>\n<p><span class=\"cf1 ff4 fs24\">El nostre projecte s\u2019articula a partir d\u2019una determinada visi\u00f3 d\u2019escola que passa per definir com entenem l\u2019educaci\u00f3. Valorem l\u2019acte d\u2019educar com un proc\u00e9s de creixement personal i col\u00b7lectiu que t\u00e9 dues parts indissolublement unides:<\/span><span class=\"cf3 ff4 fs24\"><b><i><br \/>\n<\/i><\/b><\/span><\/p>\n<p><span class=\"ff4 cf0 fs24\">&#8211;<wbr \/>L\u2019adq<\/span><span class=\"ff4 cf0 fs24\">uisici\u00f3 dels coneixements i les compet\u00e8ncies b\u00e0siques \u00a0\u00a0que permetran als nostres alumnes poder-<wbr \/>se incorporar a\u00a0<\/span><\/p>\n<p><span class=\"ff4 cf0 fs24\"><span style=\"font-family: inherit; font-size: 1em;\">&#8211;<\/span><wbr style=\"font-family: inherit; font-size: 1em;\" \/><span style=\"font-family: inherit; font-size: 1em;\">La formaci\u00f3 en valors compartits col\u00b7lectivament<\/span><i style=\"font-family: inherit; font-size: 1em;\">,<\/i><span style=\"font-family: inherit; font-size: 1em;\"> per \u00a0formar part de la categoria de ciutadans.<\/span>un m\u00f3n complex, canviant i incert;<\/span><\/p>\n<\/div>\n<p>&nbsp;<\/p>\n<p><strong style=\"font-family: inherit; font-size: 1em;\">COM CONSIDEREM L&#8217;APRENENTATGE<\/strong><\/p>\n<p><img loading=\"lazy\" decoding=\"async\" class=\"wp-image-242 alignleft\" src=\"http:\/\/agora.xtec.cat\/ceipcanmanent\/wp-content\/uploads\/usu153\/2015\/02\/image15-200x300.jpg\" alt=\"image\" width=\"136\" height=\"204\" srcset=\"https:\/\/agora.xtec.cat\/ceipcanmanent\/wp-content\/uploads\/usu153\/2015\/02\/image15-200x300.jpg 200w, https:\/\/agora.xtec.cat\/ceipcanmanent\/wp-content\/uploads\/usu153\/2015\/02\/image15-684x1024.jpg 684w, https:\/\/agora.xtec.cat\/ceipcanmanent\/wp-content\/uploads\/usu153\/2015\/02\/image15.jpg 1936w\" sizes=\"auto, (max-width: 136px) 100vw, 136px\" \/><\/p>\n<\/div>\n<\/div>\n<\/div>\n<\/div>\n<\/div>\n<div>\n<div id=\"imCell_6\" class=\"imGrid[2, 2]\">\n<div id=\"imCellStyle_6\">\n<div id=\"imTextObject_6_tab0\" class=\"text-tab-content\">\n<div class=\"text-inner\">\n<p>L\u2019aprenentatge \u00e9s un proc\u00e9s constructiu intern, autoestructurant.<br \/>\nEl grau d\u2019aprenentatge dep\u00e8n del nivell de desenvolupament cognitiu.<\/p>\n<p>Els coneixements previs s\u00f3n punt de partida de tot aprenentatge.<br \/>\nL\u2019aprenentatge \u00e9s un proc\u00e9s de re-construcci\u00f3 de sabers culturals.<br \/>\nL\u2019aprenentatge es facilita gr\u00e0cies a la mediaci\u00f3 o interacci\u00f3 amb els altres.<br \/>\nL\u2019aprenentatge implica un proc\u00e9s de reorganitzaci\u00f3 interna d\u2019esquemes.<br \/>\nL\u2019aprenentatge es produeix quan entra en conflicte el que l\u2019alumne ja sap amb el que hauria de saber.<\/p>\n<p>&nbsp;<\/p>\n<p><strong>EL ROL DE L&#8217;ESTUDIANT<\/strong><\/p>\n<p>Els alumnes han d&#8217;aportar una s\u00e8rie de disposicions i actituds per tal que es produeixi un proc\u00e9s d&#8217;ensenyament-aprenentatge amb \u00e8xit:<\/p>\n<p>Ha d&#8217;adoptar un rol actiu<br \/>\nTenir una predisposici\u00f3 favorable cap a l&#8217;aprenentatge<br \/>\nManifestar-se motivat per a relacionar el nou material d&#8217;aprenentatge amb el que ja sap<br \/>\nParticipar activament de les accions d&#8217;interacci\u00f3 amb el docent i amb els seus iguals<br \/>\nTreballar la memoritzaci\u00f3 comprensiva per oposici\u00f3 a la memoritzaci\u00f3 mec\u00e0nica o repetitiva perqu\u00e8 els significats constru\u00efts s&#8217;incorporin als esquemes de coneixement, modificant-los i enriquint-los<br \/>\nAdquirir estrat\u00e8gies d&#8217;exploraci\u00f3 i descobriment<br \/>\nDesenvolupar estrat\u00e8gies de planificaci\u00f3 i control de la pr\u00f2pia activitat d&#8217;aprenentatge<\/p>\n<p>&nbsp;<\/p>\n<p><strong>EL ROL DEL DOCENT<\/strong><\/p>\n<p>Tot i que el responsable \u00faltim de l&#8217;aprenentatge d&#8217;un alumne \u00e9s el propi alumne, el professor ha de jugar un paper important en el\u00a0proc\u00e9s d&#8217;ensenyament-aprenentatge per tal que l&#8217;adquisici\u00f3 de coneixements es faci de manera efectiva des del paradigma constructivista. El professor ha de desenvolupar el rol de guia o facilitador de l&#8217;activitat de l&#8217;alumne cap a l&#8217;aprenentatge dels continguts.<\/p>\n<p><em>El docent \u00a0s&#8217;ha de guiar pels principis seg\u00fcents:<\/em><\/p>\n<p>Dissenyar activitats el m\u00e9s contextualitzades i problematitzades possible.<br \/>\nControl del ritme d&#8217;aprenentatge i, per tant, el desenvolupament dels alumnes, tamb\u00e9 a partir d&#8217;avaluacions individualitzades que siguin coherents amb els continguts i la metodologia amb la qual s&#8217;han presentat.<br \/>\nAtendre la diversitat de necessitats educatives de l&#8217;alumnat.<br \/>\nFomentar la interacci\u00f3 entre estudiants per discutir problemes, aclarir dubtes i compartir idees.<br \/>\nPlantejar activitats col.laboratives<br \/>\nGraduar la dificultat de les tasques i proporcionar a l&#8217;alumne els suports necessaris per a afrontar-les.<br \/>\nProporcionar a alumne un pont entre la informaci\u00f3 disponible i el coneixement nou necessari per a afrontar la situaci\u00f3.<br \/>\nOferir una estructura de conjunt per al desenvolupament de l&#8217;activitat de la tasca.<br \/>\nImplicar un trasp\u00e0s progressiu del control, que passa de ser exercit gaireb\u00e9 exclusivament pel facilitador a ser assumit per l&#8217;alumne.<br \/>\nPresentar el curr\u00edculum en espiral, \u00e9s a dir, treballar peri\u00f2dicament els mateixos continguts, cada vegada amb m\u00e9s profunditat. Aix\u00f2 \u00e9s perqu\u00e8 l&#8217;estudiant cont\u00ednuament modifiqui les representacions mentals que ha anat construint.<\/p>\n<p>&nbsp;<\/p>\n<p><em><strong>ELS ENTORNS D&#8217;APRENENTATGE DEL FUTUR\u00a0<\/strong><\/em><\/p>\n<p>El treball &#8220;The Nature of Learning: Using Research to Inspire Practice&#8221; promoguda per la OCDE, revisa i identifica mitjan\u00e7ant una recerca molt \u00e0mplia sobre l\u2019aprenentatge, quines s\u00f3n les \u00a0orientacions \u00a0clau per a la pr\u00e0ctica educativa i les resumeix com un conjunt de \u201cprincipis\u201d per orientar el disseny d\u2019entorns d\u2019aprenentatge pel segle XXI:<\/p>\n<p>&#8211; L\u2019alumnat \u00e9s el centre de l\u2019aprenentatge<\/p>\n<p>&#8211; L\u2019aprenentatge \u00e9s de naturalesa social<a href=\"http:\/\/agora.xtec.cat\/ceipcanmanent\/wp-content\/uploads\/usu153\/2015\/06\/P3020005.jpg\"><img loading=\"lazy\" decoding=\"async\" class=\"size-medium wp-image-382 alignright\" src=\"http:\/\/agora.xtec.cat\/ceipcanmanent\/wp-content\/uploads\/usu153\/2015\/06\/P3020005-300x300.jpg\" alt=\"OLYMPUS DIGITAL CAMERA\" width=\"300\" height=\"300\" srcset=\"https:\/\/agora.xtec.cat\/ceipcanmanent\/wp-content\/uploads\/usu153\/2015\/06\/P3020005-300x300.jpg 300w, https:\/\/agora.xtec.cat\/ceipcanmanent\/wp-content\/uploads\/usu153\/2015\/06\/P3020005-150x150.jpg 150w, https:\/\/agora.xtec.cat\/ceipcanmanent\/wp-content\/uploads\/usu153\/2015\/06\/P3020005-1024x1024.jpg 1024w\" sizes=\"auto, (max-width: 300px) 100vw, 300px\" \/><\/a><\/p>\n<p>&#8211; Les emocions s\u00f3n part integral de l\u2019aprenentatge<\/p>\n<p>&#8211; L\u2019aprenentatge ha de tenir en compte les difer\u00e8ncies individuals<\/p>\n<p>&#8211; L\u2019esfor\u00e7 de tot l\u2019alumnat \u00e9s clau per a l\u2019aprenentatge<\/p>\n<p>&#8211; L\u2019avaluaci\u00f3 continuada afavoreix l\u2019aprenentatge<\/p>\n<p>&#8211; Aprendre \u00e9s construir connexions horitzontals<\/p>\n<p>&nbsp;<\/p>\n<p>&nbsp;<\/p>\n<p>&nbsp;<\/p>\n<p>&nbsp;<\/p>\n<\/div>\n<\/div>\n<\/div>\n<\/div>\n<\/div>\n","protected":false},"excerpt":{"rendered":"<p>&#8220;Si busques resultats diferents &#8230;no facis\u00a0sempre el mateix&#8221; (Einstein) El nostre projecte s\u2019articula a partir d\u2019una determinada visi\u00f3 d\u2019escola que passa per definir com entenem l\u2019educaci\u00f3. Valorem l\u2019acte d\u2019educar com un proc\u00e9s de creixement personal i col\u00b7lectiu que t\u00e9 dues parts indissolublement unides: &#8211;L\u2019adquisici\u00f3 dels coneixements i les compet\u00e8ncies b\u00e0siques \u00a0\u00a0que permetran als nostres alumnes [&hellip;]<\/p>\n","protected":false},"author":1,"featured_media":0,"parent":64,"menu_order":1,"comment_status":"closed","ping_status":"closed","template":"page-templates\/side-menu.php","meta":{"_bbp_topic_count":0,"_bbp_reply_count":0,"_bbp_total_topic_count":0,"_bbp_total_reply_count":0,"_bbp_voice_count":0,"_bbp_anonymous_reply_count":0,"_bbp_topic_count_hidden":0,"_bbp_reply_count_hidden":0,"_bbp_forum_subforum_count":0,"site-sidebar-layout":"default","site-content-layout":"","ast-site-content-layout":"","site-content-style":"default","site-sidebar-style":"default","ast-global-header-display":"","ast-banner-title-visibility":"","ast-main-header-display":"","ast-hfb-above-header-display":"","ast-hfb-below-header-display":"","ast-hfb-mobile-header-display":"","site-post-title":"","ast-breadcrumbs-content":"","ast-featured-img":"","footer-sml-layout":"","theme-transparent-header-meta":"","adv-header-id-meta":"","stick-header-meta":"","header-above-stick-meta":"","header-main-stick-meta":"","header-below-stick-meta":"","astra-migrate-meta-layouts":"default","ast-page-background-enabled":"default","ast-page-background-meta":{"desktop":{"background-color":"var(--ast-global-color-4)","background-image":"","background-repeat":"repeat","background-position":"center center","background-size":"auto","background-attachment":"scroll","background-type":"","background-media":"","overlay-type":"","overlay-color":"","overlay-opacity":"","overlay-gradient":""},"tablet":{"background-color":"","background-image":"","background-repeat":"repeat","background-position":"center center","background-size":"auto","background-attachment":"scroll","background-type":"","background-media":"","overlay-type":"","overlay-color":"","overlay-opacity":"","overlay-gradient":""},"mobile":{"background-color":"","background-image":"","background-repeat":"repeat","background-position":"center center","background-size":"auto","background-attachment":"scroll","background-type":"","background-media":"","overlay-type":"","overlay-color":"","overlay-opacity":"","overlay-gradient":""}},"ast-content-background-meta":{"desktop":{"background-color":"var(--ast-global-color-5)","background-image":"","background-repeat":"repeat","background-position":"center center","background-size":"auto","background-attachment":"scroll","background-type":"","background-media":"","overlay-type":"","overlay-color":"","overlay-opacity":"","overlay-gradient":""},"tablet":{"background-color":"var(--ast-global-color-5)","background-image":"","background-repeat":"repeat","background-position":"center center","background-size":"auto","background-attachment":"scroll","background-type":"","background-media":"","overlay-type":"","overlay-color":"","overlay-opacity":"","overlay-gradient":""},"mobile":{"background-color":"var(--ast-global-color-5)","background-image":"","background-repeat":"repeat","background-position":"center center","background-size":"auto","background-attachment":"scroll","background-type":"","background-media":"","overlay-type":"","overlay-color":"","overlay-opacity":"","overlay-gradient":""}},"footnotes":""},"class_list":["post-394","page","type-page","status-publish","hentry"],"post_mailing_queue_ids":[],"_links":{"self":[{"href":"https:\/\/agora.xtec.cat\/ceipcanmanent\/wp-json\/wp\/v2\/pages\/394","targetHints":{"allow":["GET"]}}],"collection":[{"href":"https:\/\/agora.xtec.cat\/ceipcanmanent\/wp-json\/wp\/v2\/pages"}],"about":[{"href":"https:\/\/agora.xtec.cat\/ceipcanmanent\/wp-json\/wp\/v2\/types\/page"}],"author":[{"embeddable":true,"href":"https:\/\/agora.xtec.cat\/ceipcanmanent\/wp-json\/wp\/v2\/users\/1"}],"replies":[{"embeddable":true,"href":"https:\/\/agora.xtec.cat\/ceipcanmanent\/wp-json\/wp\/v2\/comments?post=394"}],"version-history":[{"count":3,"href":"https:\/\/agora.xtec.cat\/ceipcanmanent\/wp-json\/wp\/v2\/pages\/394\/revisions"}],"predecessor-version":[{"id":4768,"href":"https:\/\/agora.xtec.cat\/ceipcanmanent\/wp-json\/wp\/v2\/pages\/394\/revisions\/4768"}],"up":[{"embeddable":true,"href":"https:\/\/agora.xtec.cat\/ceipcanmanent\/wp-json\/wp\/v2\/pages\/64"}],"wp:attachment":[{"href":"https:\/\/agora.xtec.cat\/ceipcanmanent\/wp-json\/wp\/v2\/media?parent=394"}],"curies":[{"name":"wp","href":"https:\/\/api.w.org\/{rel}","templated":true}]}}

<div>
<div>
<div id="imCell_5" class="imGrid[1, 1]">
<div id="imCellStyle_5">
<div id="imTextObject_5_tab0" class="text-tab-content">
<div class="text-inner">
<h4><b><i>&#8220;Si busques resultats diferents &#8230;no facis </i></b><b><i>sempre el mateix&#8221; (Einstein)</i></b></h4>
<p><span class="cf1 ff4 fs24">El nostre projecte s’articula a partir d’una determinada visió d’escola que passa per definir com entenem l’educació. Valorem l’acte d’educar com un procés de creixement personal i col·lectiu que té dues parts indissolublement unides:</span><span class="cf3 ff4 fs24"><b><i><br />
</i></b></span></p>
<p><span class="ff4 cf0 fs24">&#8211;<wbr />L’adq</span><span class="ff4 cf0 fs24">uisició dels coneixements i les competències bàsiques   que permetran als nostres alumnes poder-<wbr />se incorporar a </span></p>
<p><span class="ff4 cf0 fs24"><span style="font-family: inherit; font-size: 1em;">&#8211;</span><wbr style="font-family: inherit; font-size: 1em;" /><span style="font-family: inherit; font-size: 1em;">La formació en valors compartits col·lectivament</span><i style="font-family: inherit; font-size: 1em;">,</i><span style="font-family: inherit; font-size: 1em;"> per  formar part de la categoria de ciutadans.</span>un món complex, canviant i incert;</span></p>
</div>
<p>&nbsp;</p>
<p><strong style="font-family: inherit; font-size: 1em;">COM CONSIDEREM L&#8217;APRENENTATGE</strong></p>
<p><img loading="lazy" decoding="async" class="wp-image-242 alignleft" src="http://agora.xtec.cat/ceipcanmanent/wp-content/uploads/usu153/2015/02/image15-200x300.jpg" alt="image" width="136" height="204" srcset="https://agora.xtec.cat/ceipcanmanent/wp-content/uploads/usu153/2015/02/image15-200x300.jpg 200w, https://agora.xtec.cat/ceipcanmanent/wp-content/uploads/usu153/2015/02/image15-684x1024.jpg 684w, https://agora.xtec.cat/ceipcanmanent/wp-content/uploads/usu153/2015/02/image15.jpg 1936w" sizes="auto, (max-width: 136px) 100vw, 136px" /></p>
</div>
</div>
</div>
</div>
</div>
<div>
<div id="imCell_6" class="imGrid[2, 2]">
<div id="imCellStyle_6">
<div id="imTextObject_6_tab0" class="text-tab-content">
<div class="text-inner">
<p>L’aprenentatge és un procés constructiu intern, autoestructurant.<br />
El grau d’aprenentatge depèn del nivell de desenvolupament cognitiu.</p>
<p>Els coneixements previs són punt de partida de tot aprenentatge.<br />
L’aprenentatge és un procés de re-construcció de sabers culturals.<br />
L’aprenentatge es facilita gràcies a la mediació o interacció amb els altres.<br />
L’aprenentatge implica un procés de reorganització interna d’esquemes.<br />
L’aprenentatge es produeix quan entra en conflicte el que l’alumne ja sap amb el que hauria de saber.</p>
<p>&nbsp;</p>
<p><strong>EL ROL DE L&#8217;ESTUDIANT</strong></p>
<p>Els alumnes han d&#8217;aportar una sèrie de disposicions i actituds per tal que es produeixi un procés d&#8217;ensenyament-aprenentatge amb èxit:</p>
<p>Ha d&#8217;adoptar un rol actiu<br />
Tenir una predisposició favorable cap a l&#8217;aprenentatge<br />
Manifestar-se motivat per a relacionar el nou material d&#8217;aprenentatge amb el que ja sap<br />
Participar activament de les accions d&#8217;interacció amb el docent i amb els seus iguals<br />
Treballar la memorització comprensiva per oposició a la memorització mecànica o repetitiva perquè els significats construïts s&#8217;incorporin als esquemes de coneixement, modificant-los i enriquint-los<br />
Adquirir estratègies d&#8217;exploració i descobriment<br />
Desenvolupar estratègies de planificació i control de la pròpia activitat d&#8217;aprenentatge</p>
<p>&nbsp;</p>
<p><strong>EL ROL DEL DOCENT</strong></p>
<p>Tot i que el responsable últim de l&#8217;aprenentatge d&#8217;un alumne és el propi alumne, el professor ha de jugar un paper important en el procés d&#8217;ensenyament-aprenentatge per tal que l&#8217;adquisició de coneixements es faci de manera efectiva des del paradigma constructivista. El professor ha de desenvolupar el rol de guia o facilitador de l&#8217;activitat de l&#8217;alumne cap a l&#8217;aprenentatge dels continguts.</p>
<p><em>El docent  s&#8217;ha de guiar pels principis següents:</em></p>
<p>Dissenyar activitats el més contextualitzades i problematitzades possible.<br />
Control del ritme d&#8217;aprenentatge i, per tant, el desenvolupament dels alumnes, també a partir d&#8217;avaluacions individualitzades que siguin coherents amb els continguts i la metodologia amb la qual s&#8217;han presentat.<br />
Atendre la diversitat de necessitats educatives de l&#8217;alumnat.<br />
Fomentar la interacció entre estudiants per discutir problemes, aclarir dubtes i compartir idees.<br />
Plantejar activitats col.laboratives<br />
Graduar la dificultat de les tasques i proporcionar a l&#8217;alumne els suports necessaris per a afrontar-les.<br />
Proporcionar a alumne un pont entre la informació disponible i el coneixement nou necessari per a afrontar la situació.<br />
Oferir una estructura de conjunt per al desenvolupament de l&#8217;activitat de la tasca.<br />
Implicar un traspàs progressiu del control, que passa de ser exercit gairebé exclusivament pel facilitador a ser assumit per l&#8217;alumne.<br />
Presentar el currículum en espiral, és a dir, treballar periòdicament els mateixos continguts, cada vegada amb més profunditat. Això és perquè l&#8217;estudiant contínuament modifiqui les representacions mentals que ha anat construint.</p>
<p>&nbsp;</p>
<p><em><strong>ELS ENTORNS D&#8217;APRENENTATGE DEL FUTUR </strong></em></p>
<p>El treball &#8220;The Nature of Learning: Using Research to Inspire Practice&#8221; promoguda per la OCDE, revisa i identifica mitjançant una recerca molt àmplia sobre l’aprenentatge, quines són les  orientacions  clau per a la pràctica educativa i les resumeix com un conjunt de “principis” per orientar el disseny d’entorns d’aprenentatge pel segle XXI:</p>
<p>&#8211; L’alumnat és el centre de l’aprenentatge</p>
<p>&#8211; L’aprenentatge és de naturalesa social<a href="http://agora.xtec.cat/ceipcanmanent/wp-content/uploads/usu153/2015/06/P3020005.jpg"><img loading="lazy" decoding="async" class="size-medium wp-image-382 alignright" src="http://agora.xtec.cat/ceipcanmanent/wp-content/uploads/usu153/2015/06/P3020005-300x300.jpg" alt="OLYMPUS DIGITAL CAMERA" width="300" height="300" srcset="https://agora.xtec.cat/ceipcanmanent/wp-content/uploads/usu153/2015/06/P3020005-300x300.jpg 300w, https://agora.xtec.cat/ceipcanmanent/wp-content/uploads/usu153/2015/06/P3020005-150x150.jpg 150w, https://agora.xtec.cat/ceipcanmanent/wp-content/uploads/usu153/2015/06/P3020005-1024x1024.jpg 1024w" sizes="auto, (max-width: 300px) 100vw, 300px" /></a></p>
<p>&#8211; Les emocions són part integral de l’aprenentatge</p>
<p>&#8211; L’aprenentatge ha de tenir en compte les diferències individuals</p>
<p>&#8211; L’esforç de tot l’alumnat és clau per a l’aprenentatge</p>
<p>&#8211; L’avaluació continuada afavoreix l’aprenentatge</p>
<p>&#8211; Aprendre és construir connexions horitzontals</p>
<p>&nbsp;</p>
<p>&nbsp;</p>
<p>&nbsp;</p>
<p>&nbsp;</p>
</div>
</div>
</div>
</div>
</div>

<p>&#8220;Si busques resultats diferents &#8230;no facis sempre el mateix&#8221; (Einstein) El nostre projecte s’articula a partir d’una determinada visió d’escola que passa per definir com entenem l’educació. Valorem l’acte d’educar com un procés de creixement personal i col·lectiu que té dues parts indissolublement unides: &#8211;L’adquisició dels coneixements i les competències bàsiques   que permetran als nostres alumnes [&hellip;]</p>
