{"id":26,"date":"2014-09-18T12:24:32","date_gmt":"2014-09-18T12:24:32","guid":{"rendered":"http:\/\/agora.xtec.cat\/ceipcanmanent\/?page_id=26"},"modified":"2022-03-22T09:51:06","modified_gmt":"2022-03-22T08:51:06","slug":"historia","status":"publish","type":"page","link":"https:\/\/agora.xtec.cat\/ceipcanmanent\/lescola\/historia\/","title":{"rendered":"Hist\u00f2ria"},"content":{"rendered":"<p><a href=\"http:\/\/picasaweb.google.com\/113919525570461569733\/FESTACOMIATESCOLA#slideshow\/5633007901861273666\"> \u00a0<\/a><\/p>\n<p><a href=\"http:\/\/picasaweb.google.com\/113919525570461569733\/FESTACOMIATESCOLA#slideshow\/5633007901861273666\" target=\"_blank\" rel=\"noopener\"><img loading=\"lazy\" decoding=\"async\" class=\"aligncenter wp-image-346\" src=\"http:\/\/agora.xtec.cat\/ceipcanmanent\/wp-content\/uploads\/usu153\/2014\/09\/hqdefault11-300x225.jpg\" alt=\"hqdefault1\" width=\"615\" height=\"461\" srcset=\"https:\/\/agora.xtec.cat\/ceipcanmanent\/wp-content\/uploads\/usu153\/2014\/09\/hqdefault11-300x225.jpg 300w, https:\/\/agora.xtec.cat\/ceipcanmanent\/wp-content\/uploads\/usu153\/2014\/09\/hqdefault11-200x150.jpg 200w, https:\/\/agora.xtec.cat\/ceipcanmanent\/wp-content\/uploads\/usu153\/2014\/09\/hqdefault11.jpg 480w\" sizes=\"auto, (max-width: 615px) 100vw, 615px\" \/><\/a><\/p>\n<p>&nbsp;<\/p>\n<p>Som una escola p\u00fablica de creaci\u00f3 recent, cinquena a Cardedeu. Vam comen\u00e7ar el curs 2007-08 amb infants de tres a cinc anys per anar creixent amb ells, curs per curs, fins a arribar a ser una escola sencera d\u2019Educaci\u00f3 Infantil i Prim\u00e0ria dels tres als dotze anys. Vam estar quatre cursos en m\u00f2duls provisionals fins ocupar el nou edifici definitiu al costat de la granja de Can Manent.<\/p>\n<p>A partir del curs 2015-16 \u00a0ja vam completar els dos cursos de cada nivell des de I-3 fins a 6\u00e8.<\/p>\n<p>&nbsp;<\/p>\n","protected":false},"excerpt":{"rendered":"<p>\u00a0 &nbsp; Som una escola p\u00fablica de creaci\u00f3 recent, cinquena a Cardedeu. Vam comen\u00e7ar el curs 2007-08 amb infants de tres a cinc anys per anar creixent amb ells, curs per curs, fins a arribar a ser una escola sencera d\u2019Educaci\u00f3 Infantil i Prim\u00e0ria dels tres als dotze anys. Vam estar quatre cursos en m\u00f2duls [&hellip;]<\/p>\n","protected":false},"author":2,"featured_media":0,"parent":22,"menu_order":20,"comment_status":"closed","ping_status":"closed","template":"page-templates\/side-menu.php","meta":{"_bbp_topic_count":0,"_bbp_reply_count":0,"_bbp_total_topic_count":0,"_bbp_total_reply_count":0,"_bbp_voice_count":0,"_bbp_anonymous_reply_count":0,"_bbp_topic_count_hidden":0,"_bbp_reply_count_hidden":0,"_bbp_forum_subforum_count":0,"site-sidebar-layout":"default","site-content-layout":"","ast-site-content-layout":"","site-content-style":"default","site-sidebar-style":"default","ast-global-header-display":"","ast-banner-title-visibility":"","ast-main-header-display":"","ast-hfb-above-header-display":"","ast-hfb-below-header-display":"","ast-hfb-mobile-header-display":"","site-post-title":"","ast-breadcrumbs-content":"","ast-featured-img":"","footer-sml-layout":"","theme-transparent-header-meta":"","adv-header-id-meta":"","stick-header-meta":"","header-above-stick-meta":"","header-main-stick-meta":"","header-below-stick-meta":"","astra-migrate-meta-layouts":"default","ast-page-background-enabled":"default","ast-page-background-meta":{"desktop":{"background-color":"var(--ast-global-color-4)","background-image":"","background-repeat":"repeat","background-position":"center center","background-size":"auto","background-attachment":"scroll","background-type":"","background-media":"","overlay-type":"","overlay-color":"","overlay-opacity":"","overlay-gradient":""},"tablet":{"background-color":"","background-image":"","background-repeat":"repeat","background-position":"center center","background-size":"auto","background-attachment":"scroll","background-type":"","background-media":"","overlay-type":"","overlay-color":"","overlay-opacity":"","overlay-gradient":""},"mobile":{"background-color":"","background-image":"","background-repeat":"repeat","background-position":"center center","background-size":"auto","background-attachment":"scroll","background-type":"","background-media":"","overlay-type":"","overlay-color":"","overlay-opacity":"","overlay-gradient":""}},"ast-content-background-meta":{"desktop":{"background-color":"var(--ast-global-color-5)","background-image":"","background-repeat":"repeat","background-position":"center center","background-size":"auto","background-attachment":"scroll","background-type":"","background-media":"","overlay-type":"","overlay-color":"","overlay-opacity":"","overlay-gradient":""},"tablet":{"background-color":"var(--ast-global-color-5)","background-image":"","background-repeat":"repeat","background-position":"center center","background-size":"auto","background-attachment":"scroll","background-type":"","background-media":"","overlay-type":"","overlay-color":"","overlay-opacity":"","overlay-gradient":""},"mobile":{"background-color":"var(--ast-global-color-5)","background-image":"","background-repeat":"repeat","background-position":"center center","background-size":"auto","background-attachment":"scroll","background-type":"","background-media":"","overlay-type":"","overlay-color":"","overlay-opacity":"","overlay-gradient":""}},"footnotes":""},"class_list":["post-26","page","type-page","status-publish","hentry"],"post_mailing_queue_ids":[],"_links":{"self":[{"href":"https:\/\/agora.xtec.cat\/ceipcanmanent\/wp-json\/wp\/v2\/pages\/26","targetHints":{"allow":["GET"]}}],"collection":[{"href":"https:\/\/agora.xtec.cat\/ceipcanmanent\/wp-json\/wp\/v2\/pages"}],"about":[{"href":"https:\/\/agora.xtec.cat\/ceipcanmanent\/wp-json\/wp\/v2\/types\/page"}],"author":[{"embeddable":true,"href":"https:\/\/agora.xtec.cat\/ceipcanmanent\/wp-json\/wp\/v2\/users\/2"}],"replies":[{"embeddable":true,"href":"https:\/\/agora.xtec.cat\/ceipcanmanent\/wp-json\/wp\/v2\/comments?post=26"}],"version-history":[{"count":3,"href":"https:\/\/agora.xtec.cat\/ceipcanmanent\/wp-json\/wp\/v2\/pages\/26\/revisions"}],"predecessor-version":[{"id":1982,"href":"https:\/\/agora.xtec.cat\/ceipcanmanent\/wp-json\/wp\/v2\/pages\/26\/revisions\/1982"}],"up":[{"embeddable":true,"href":"https:\/\/agora.xtec.cat\/ceipcanmanent\/wp-json\/wp\/v2\/pages\/22"}],"wp:attachment":[{"href":"https:\/\/agora.xtec.cat\/ceipcanmanent\/wp-json\/wp\/v2\/media?parent=26"}],"curies":[{"name":"wp","href":"https:\/\/api.w.org\/{rel}","templated":true}]}}

Història

<p><a href="http://picasaweb.google.com/113919525570461569733/FESTACOMIATESCOLA#slideshow/5633007901861273666">  </a></p>
<p><a href="http://picasaweb.google.com/113919525570461569733/FESTACOMIATESCOLA#slideshow/5633007901861273666" target="_blank" rel="noopener"><img loading="lazy" decoding="async" class="aligncenter wp-image-346" src="http://agora.xtec.cat/ceipcanmanent/wp-content/uploads/usu153/2014/09/hqdefault11-300x225.jpg" alt="hqdefault1" width="615" height="461" srcset="https://agora.xtec.cat/ceipcanmanent/wp-content/uploads/usu153/2014/09/hqdefault11-300x225.jpg 300w, https://agora.xtec.cat/ceipcanmanent/wp-content/uploads/usu153/2014/09/hqdefault11-200x150.jpg 200w, https://agora.xtec.cat/ceipcanmanent/wp-content/uploads/usu153/2014/09/hqdefault11.jpg 480w" sizes="auto, (max-width: 615px) 100vw, 615px" /></a></p>
<p>&nbsp;</p>
<p>Som una escola pública de creació recent, cinquena a Cardedeu. Vam començar el curs 2007-08 amb infants de tres a cinc anys per anar creixent amb ells, curs per curs, fins a arribar a ser una escola sencera d’Educació Infantil i Primària dels tres als dotze anys. Vam estar quatre cursos en mòduls provisionals fins ocupar el nou edifici definitiu al costat de la granja de Can Manent.</p>
<p>A partir del curs 2015-16  ja vam completar els dos cursos de cada nivell des de I-3 fins a 6è.</p>
<p>&nbsp;</p>

<p>  &nbsp; Som una escola pública de creació recent, cinquena a Cardedeu. Vam començar el curs 2007-08 amb infants de tres a cinc anys per anar creixent amb ells, curs per curs, fins a arribar a ser una escola sencera d’Educació Infantil i Primària dels tres als dotze anys. Vam estar quatre cursos en mòduls [&hellip;]</p>
