{"id":2584,"date":"2017-04-17T22:09:20","date_gmt":"2017-04-17T20:09:20","guid":{"rendered":"http:\/\/agora.xtec.cat\/ceipcanmanent\/?page_id=2584"},"modified":"2020-09-19T15:23:57","modified_gmt":"2020-09-19T13:23:57","slug":"lhort-durant-el-curs-2015-16","status":"publish","type":"page","link":"https:\/\/agora.xtec.cat\/ceipcanmanent\/activitats\/lhort-escolar-ecologic\/lhort-durant-el-curs-2015-16\/","title":{"rendered":"L&#8217;hort durant el curs 2015-16"},"content":{"rendered":"<p>Durant el curs 2015-16, es va continuar \u00a0l\u2019activitat d\u2019hort escolar. A nivell d&#8217;organitzaci\u00f3 es va\u00a0\u00a0vincular als desdoblaments de 4t., d&#8217;aquesta manera setmanalment es podia treballar nom\u00e9s amb mig grup.<\/p>\n<p>S&#8217;incorpora com a nou mini-projecte la confecci\u00f3 de col\u00f2nia a partir de la recollida de flors variades de l&#8217;hort\/jard\u00ed, sobretot roman\u00ed com a base. El fil conductor \u00e9s la llegenda de la Reina d&#8217; Hongria \u00a0i la col\u00f2nia &#8220;miraculosa&#8221; que es va fer preparar&#8230;<\/p>\n<p>Aquesta va ser l&#8217;etiqueta que vam utilitzar als nostres envasos:<\/p>\n<p><a href=\"http:\/\/agora.xtec.cat\/ceipcanmanent\/wp-content\/uploads\/usu153\/2017\/04\/ETIQUETA_COLONIA_LLETRA_BASKERVILLE_OLD_FACE_defin.jpg\"><img loading=\"lazy\" decoding=\"async\" class=\"aligncenter size-full wp-image-2591\" src=\"http:\/\/agora.xtec.cat\/ceipcanmanent\/wp-content\/uploads\/usu153\/2017\/04\/ETIQUETA_COLONIA_LLETRA_BASKERVILLE_OLD_FACE_defin.jpg\" alt=\"ETIQUETA_COLONIA_LLETRA_BASKERVILLE_OLD_FACE_defin\" width=\"781\" height=\"533\" srcset=\"https:\/\/agora.xtec.cat\/ceipcanmanent\/wp-content\/uploads\/usu153\/2017\/04\/ETIQUETA_COLONIA_LLETRA_BASKERVILLE_OLD_FACE_defin.jpg 781w, https:\/\/agora.xtec.cat\/ceipcanmanent\/wp-content\/uploads\/usu153\/2017\/04\/ETIQUETA_COLONIA_LLETRA_BASKERVILLE_OLD_FACE_defin-300x205.jpg 300w, https:\/\/agora.xtec.cat\/ceipcanmanent\/wp-content\/uploads\/usu153\/2017\/04\/ETIQUETA_COLONIA_LLETRA_BASKERVILLE_OLD_FACE_defin-768x524.jpg 768w\" sizes=\"auto, (max-width: 781px) 100vw, 781px\" \/><\/a><\/p>\n<p><a href=\"http:\/\/agora.xtec.cat\/ceipcanmanent\/wp-content\/uploads\/usu153\/2017\/04\/carabassa3-1.jpg\"><img loading=\"lazy\" decoding=\"async\" class=\"aligncenter size-full wp-image-2603\" src=\"http:\/\/agora.xtec.cat\/ceipcanmanent\/wp-content\/uploads\/usu153\/2017\/04\/carabassa3-1.jpg\" alt=\"carabassa3\" width=\"1564\" height=\"880\" srcset=\"https:\/\/agora.xtec.cat\/ceipcanmanent\/wp-content\/uploads\/usu153\/2017\/04\/carabassa3-1.jpg 1564w, https:\/\/agora.xtec.cat\/ceipcanmanent\/wp-content\/uploads\/usu153\/2017\/04\/carabassa3-1-300x169.jpg 300w, https:\/\/agora.xtec.cat\/ceipcanmanent\/wp-content\/uploads\/usu153\/2017\/04\/carabassa3-1-768x432.jpg 768w, https:\/\/agora.xtec.cat\/ceipcanmanent\/wp-content\/uploads\/usu153\/2017\/04\/carabassa3-1-1024x576.jpg 1024w\" sizes=\"auto, (max-width: 1564px) 100vw, 1564px\" \/><\/a><\/p>\n<p><a href=\"http:\/\/agora.xtec.cat\/ceipcanmanent\/wp-content\/uploads\/usu153\/2017\/04\/IMG_20150929_161248mini.jpg\"><img loading=\"lazy\" decoding=\"async\" class=\"aligncenter size-full wp-image-2602\" src=\"http:\/\/agora.xtec.cat\/ceipcanmanent\/wp-content\/uploads\/usu153\/2017\/04\/IMG_20150929_161248mini.jpg\" alt=\"IMG_20150929_161248mini\" width=\"1778\" height=\"1000\" srcset=\"https:\/\/agora.xtec.cat\/ceipcanmanent\/wp-content\/uploads\/usu153\/2017\/04\/IMG_20150929_161248mini.jpg 1778w, https:\/\/agora.xtec.cat\/ceipcanmanent\/wp-content\/uploads\/usu153\/2017\/04\/IMG_20150929_161248mini-300x169.jpg 300w, https:\/\/agora.xtec.cat\/ceipcanmanent\/wp-content\/uploads\/usu153\/2017\/04\/IMG_20150929_161248mini-768x432.jpg 768w, https:\/\/agora.xtec.cat\/ceipcanmanent\/wp-content\/uploads\/usu153\/2017\/04\/IMG_20150929_161248mini-1024x576.jpg 1024w\" sizes=\"auto, (max-width: 1778px) 100vw, 1778px\" \/><\/a><\/p>\n<p>&nbsp;<\/p>\n<p><a href=\"http:\/\/agora.xtec.cat\/ceipcanmanent\/wp-content\/uploads\/usu153\/2017\/04\/tigre2mini.jpg\"><img loading=\"lazy\" decoding=\"async\" class=\"aligncenter size-full wp-image-2599\" src=\"http:\/\/agora.xtec.cat\/ceipcanmanent\/wp-content\/uploads\/usu153\/2017\/04\/tigre2mini.jpg\" alt=\"-tigre2mini\" width=\"1636\" height=\"920\" srcset=\"https:\/\/agora.xtec.cat\/ceipcanmanent\/wp-content\/uploads\/usu153\/2017\/04\/tigre2mini.jpg 1636w, https:\/\/agora.xtec.cat\/ceipcanmanent\/wp-content\/uploads\/usu153\/2017\/04\/tigre2mini-300x169.jpg 300w, https:\/\/agora.xtec.cat\/ceipcanmanent\/wp-content\/uploads\/usu153\/2017\/04\/tigre2mini-768x432.jpg 768w, https:\/\/agora.xtec.cat\/ceipcanmanent\/wp-content\/uploads\/usu153\/2017\/04\/tigre2mini-1024x576.jpg 1024w\" sizes=\"auto, (max-width: 1636px) 100vw, 1636px\" \/><\/a><\/p>\n<p>&nbsp;<\/p>\n<p>Tamb\u00e9 a 4t. es fa el taller de compostatge amb en Ciscu de &#8221; l&#8217;Esquirol&#8221; &#8230;<\/p>\n<p><a href=\"http:\/\/agora.xtec.cat\/ceipcanmanent\/wp-content\/uploads\/usu153\/2017\/04\/IMG_20150922_094309mini.jpg\"><img loading=\"lazy\" decoding=\"async\" class=\"aligncenter size-full wp-image-2601\" src=\"http:\/\/agora.xtec.cat\/ceipcanmanent\/wp-content\/uploads\/usu153\/2017\/04\/IMG_20150922_094309mini.jpg\" alt=\"IMG_20150922_094309mini\" width=\"1778\" height=\"1000\" srcset=\"https:\/\/agora.xtec.cat\/ceipcanmanent\/wp-content\/uploads\/usu153\/2017\/04\/IMG_20150922_094309mini.jpg 1778w, https:\/\/agora.xtec.cat\/ceipcanmanent\/wp-content\/uploads\/usu153\/2017\/04\/IMG_20150922_094309mini-300x169.jpg 300w, https:\/\/agora.xtec.cat\/ceipcanmanent\/wp-content\/uploads\/usu153\/2017\/04\/IMG_20150922_094309mini-768x432.jpg 768w, https:\/\/agora.xtec.cat\/ceipcanmanent\/wp-content\/uploads\/usu153\/2017\/04\/IMG_20150922_094309mini-1024x576.jpg 1024w\" sizes=\"auto, (max-width: 1778px) 100vw, 1778px\" \/><\/a><\/p>\n<p><a href=\"http:\/\/agora.xtec.cat\/ceipcanmanent\/wp-content\/uploads\/usu153\/2017\/04\/IMG_20150922_094246mini.jpg\"><img loading=\"lazy\" decoding=\"async\" class=\"aligncenter size-full wp-image-2600\" src=\"http:\/\/agora.xtec.cat\/ceipcanmanent\/wp-content\/uploads\/usu153\/2017\/04\/IMG_20150922_094246mini.jpg\" alt=\"IMG_20150922_094246mini\" width=\"1849\" height=\"1040\" srcset=\"https:\/\/agora.xtec.cat\/ceipcanmanent\/wp-content\/uploads\/usu153\/2017\/04\/IMG_20150922_094246mini.jpg 1849w, https:\/\/agora.xtec.cat\/ceipcanmanent\/wp-content\/uploads\/usu153\/2017\/04\/IMG_20150922_094246mini-300x169.jpg 300w, https:\/\/agora.xtec.cat\/ceipcanmanent\/wp-content\/uploads\/usu153\/2017\/04\/IMG_20150922_094246mini-768x432.jpg 768w, https:\/\/agora.xtec.cat\/ceipcanmanent\/wp-content\/uploads\/usu153\/2017\/04\/IMG_20150922_094246mini-1024x576.jpg 1024w\" sizes=\"auto, (max-width: 1849px) 100vw, 1849px\" \/><\/a><\/p>\n<p>&nbsp;<\/p>\n<p>I la colla del Casal d&#8217;Estiu van poder collir les patates al juliol !<\/p>\n<p><a href=\"http:\/\/agora.xtec.cat\/ceipcanmanent\/wp-content\/uploads\/usu153\/2017\/04\/patates.jpg\"><img loading=\"lazy\" decoding=\"async\" class=\"aligncenter size-full wp-image-2598\" src=\"http:\/\/agora.xtec.cat\/ceipcanmanent\/wp-content\/uploads\/usu153\/2017\/04\/patates.jpg\" alt=\"patates\" width=\"4352\" height=\"2448\" srcset=\"https:\/\/agora.xtec.cat\/ceipcanmanent\/wp-content\/uploads\/usu153\/2017\/04\/patates.jpg 4352w, https:\/\/agora.xtec.cat\/ceipcanmanent\/wp-content\/uploads\/usu153\/2017\/04\/patates-300x169.jpg 300w, https:\/\/agora.xtec.cat\/ceipcanmanent\/wp-content\/uploads\/usu153\/2017\/04\/patates-768x432.jpg 768w, https:\/\/agora.xtec.cat\/ceipcanmanent\/wp-content\/uploads\/usu153\/2017\/04\/patates-1024x576.jpg 1024w\" sizes=\"auto, (max-width: 4352px) 100vw, 4352px\" \/><\/a><\/p>\n","protected":false},"excerpt":{"rendered":"<p>Durant el curs 2015-16, es va continuar \u00a0l\u2019activitat d\u2019hort escolar. A nivell d&#8217;organitzaci\u00f3 es va\u00a0\u00a0vincular als desdoblaments de 4t., d&#8217;aquesta manera setmanalment es podia treballar nom\u00e9s amb mig grup. S&#8217;incorpora com a nou mini-projecte la confecci\u00f3 de col\u00f2nia a partir de la recollida de flors variades de l&#8217;hort\/jard\u00ed, sobretot roman\u00ed com a base. El fil [&hellip;]<\/p>\n","protected":false},"author":1,"featured_media":0,"parent":602,"menu_order":50,"comment_status":"closed","ping_status":"closed","template":"page-templates\/side-menu.php","meta":{"_bbp_topic_count":0,"_bbp_reply_count":0,"_bbp_total_topic_count":0,"_bbp_total_reply_count":0,"_bbp_voice_count":0,"_bbp_anonymous_reply_count":0,"_bbp_topic_count_hidden":0,"_bbp_reply_count_hidden":0,"_bbp_forum_subforum_count":0,"site-sidebar-layout":"default","site-content-layout":"","ast-site-content-layout":"","site-content-style":"default","site-sidebar-style":"default","ast-global-header-display":"","ast-banner-title-visibility":"","ast-main-header-display":"","ast-hfb-above-header-display":"","ast-hfb-below-header-display":"","ast-hfb-mobile-header-display":"","site-post-title":"","ast-breadcrumbs-content":"","ast-featured-img":"","footer-sml-layout":"","theme-transparent-header-meta":"","adv-header-id-meta":"","stick-header-meta":"","header-above-stick-meta":"","header-main-stick-meta":"","header-below-stick-meta":"","astra-migrate-meta-layouts":"default","ast-page-background-enabled":"default","ast-page-background-meta":{"desktop":{"background-color":"var(--ast-global-color-4)","background-image":"","background-repeat":"repeat","background-position":"center center","background-size":"auto","background-attachment":"scroll","background-type":"","background-media":"","overlay-type":"","overlay-color":"","overlay-opacity":"","overlay-gradient":""},"tablet":{"background-color":"","background-image":"","background-repeat":"repeat","background-position":"center center","background-size":"auto","background-attachment":"scroll","background-type":"","background-media":"","overlay-type":"","overlay-color":"","overlay-opacity":"","overlay-gradient":""},"mobile":{"background-color":"","background-image":"","background-repeat":"repeat","background-position":"center center","background-size":"auto","background-attachment":"scroll","background-type":"","background-media":"","overlay-type":"","overlay-color":"","overlay-opacity":"","overlay-gradient":""}},"ast-content-background-meta":{"desktop":{"background-color":"var(--ast-global-color-5)","background-image":"","background-repeat":"repeat","background-position":"center center","background-size":"auto","background-attachment":"scroll","background-type":"","background-media":"","overlay-type":"","overlay-color":"","overlay-opacity":"","overlay-gradient":""},"tablet":{"background-color":"var(--ast-global-color-5)","background-image":"","background-repeat":"repeat","background-position":"center center","background-size":"auto","background-attachment":"scroll","background-type":"","background-media":"","overlay-type":"","overlay-color":"","overlay-opacity":"","overlay-gradient":""},"mobile":{"background-color":"var(--ast-global-color-5)","background-image":"","background-repeat":"repeat","background-position":"center center","background-size":"auto","background-attachment":"scroll","background-type":"","background-media":"","overlay-type":"","overlay-color":"","overlay-opacity":"","overlay-gradient":""}},"footnotes":""},"class_list":["post-2584","page","type-page","status-publish","hentry"],"post_mailing_queue_ids":[],"_links":{"self":[{"href":"https:\/\/agora.xtec.cat\/ceipcanmanent\/wp-json\/wp\/v2\/pages\/2584","targetHints":{"allow":["GET"]}}],"collection":[{"href":"https:\/\/agora.xtec.cat\/ceipcanmanent\/wp-json\/wp\/v2\/pages"}],"about":[{"href":"https:\/\/agora.xtec.cat\/ceipcanmanent\/wp-json\/wp\/v2\/types\/page"}],"author":[{"embeddable":true,"href":"https:\/\/agora.xtec.cat\/ceipcanmanent\/wp-json\/wp\/v2\/users\/1"}],"replies":[{"embeddable":true,"href":"https:\/\/agora.xtec.cat\/ceipcanmanent\/wp-json\/wp\/v2\/comments?post=2584"}],"version-history":[{"count":3,"href":"https:\/\/agora.xtec.cat\/ceipcanmanent\/wp-json\/wp\/v2\/pages\/2584\/revisions"}],"predecessor-version":[{"id":2606,"href":"https:\/\/agora.xtec.cat\/ceipcanmanent\/wp-json\/wp\/v2\/pages\/2584\/revisions\/2606"}],"up":[{"embeddable":true,"href":"https:\/\/agora.xtec.cat\/ceipcanmanent\/wp-json\/wp\/v2\/pages\/602"}],"wp:attachment":[{"href":"https:\/\/agora.xtec.cat\/ceipcanmanent\/wp-json\/wp\/v2\/media?parent=2584"}],"curies":[{"name":"wp","href":"https:\/\/api.w.org\/{rel}","templated":true}]}}