{"id":208,"date":"2015-02-10T13:14:22","date_gmt":"2015-02-10T12:14:22","guid":{"rendered":"http:\/\/agora.xtec.cat\/ceipcanmanent\/?page_id=208"},"modified":"2019-12-05T12:55:35","modified_gmt":"2019-12-05T11:55:35","slug":"ambients","status":"publish","type":"page","link":"https:\/\/agora.xtec.cat\/ceipcanmanent\/activitats\/ambients\/","title":{"rendered":"Ambients a la comunitat de petits"},"content":{"rendered":"<p><strong>ELS INICIS DELS &#8220;AMBIENTS&#8221;<\/strong><\/p>\n<p>El 2007, quan se\u2019ns va proposar de comen\u00e7ar una escola nova, els mestres que form\u00e0vem l\u2019equip vam posar en com\u00fa inquietuds que ten\u00edem. Ten\u00edem clar que cerc\u00e0vem quelcom diferent, fugir del tradicionalisme i aventurar-nos en una nova manera de fer escola&#8230;Van apar\u00e8ixer sobre la taula diferents pr\u00e0ctiques i, de totes, una ens va atrapar: els ambients de l\u2019escola Martinet de Ripollet.<\/p>\n<p>Vam recopilar informaci\u00f3 al llarg dels mesos de fonts ben diferents (alg\u00fa que hi havia treballat, formaci\u00f3, bibliografia&#8230;) per plantejar tamb\u00e9 nosaltres uns espais de treball similars. La formaci\u00f3 de la m\u00e0 de la Rebeca i en Mauricio Wild ens va enamorar, ens va enganxar, ens va \u201ccommoure\u201d.<\/p>\n<p>El primer setembre vam estrenar els nostres ambients (casa, aigua, textures, teatre, construccions). A mesura que passaven les setmanes, descobr\u00edem com aquesta aposta anava m\u00e9s enll\u00e0 de ser una simple metodologia. Aquest plantejament era una mirada profunda cap a l\u2019infant (sovint ho hem comparat amb la continuaci\u00f3 de la panera dels tresors o el joc heur\u00edstic de la llar d\u2019infants), de respecte\u00a0 en el sentit de deixar pas a l\u2019espontane\u00eftat i, alhora, d\u2019ofertar-li all\u00f2 que realment necessita pel seu moment vital (etapa sensori-motriu i pre-operat\u00f2ria).<\/p>\n<p>Tamb\u00e9 va ser un repte millorar la pr\u00e0ctica en quant a materials i rituals. Hi va haver ambients que no funcionaven i, a partir del debat en equip, canvi\u00e0vem el material fins a trobar realment all\u00f2 m\u00e9s adequat als infants. El cas m\u00e9s evident va ser en l\u2019ambient de teatre que, despr\u00e9s d\u2019aplicar disfresses, titelles, maquillatge&#8230; mica en mica el vam anar transformant en l\u2019ambient d\u2019expressi\u00f3 amb un material b\u00e0sic de capses de cartr\u00f3 i robes.<\/p>\n<p>El que ens va captivar va ser quines observacions pod\u00edem extreure d\u2019aquests moments, riques i aut\u00e8ntiques, observacions que ens parlaven del nens i nenes com a \u00e9sser amb un potencial desbordant. Va ser aix\u00ed com vam decidir fer els informes basant-nos en aquests moments de joc i manipulaci\u00f3.<\/p>\n<p>El curs seg\u00fcent vam haver d\u2019ampliar els ambients fins a nou propostes. Tamb\u00e9 vam comen\u00e7ar a fer les sessions d\u2019ambients per a fam\u00edlies, moments valorats molt positivament pel poder de transmissi\u00f3 del projecte que tenien.\u00a0Amb el pas dels anys hem anat revisant els materials i documents. Vam passar d\u2019oferir diferents possibilitats en un mateix espai al voltant de la tem\u00e0tica mare, a oferir els microespais actuals on uns materials b\u00e0sics es van repetint a tots els espais.<\/p>\n<p>Els ambients comporten una mena d\u2019actitud perenne de compartir amb l\u2019equip cont\u00ednuament all\u00f2 que es fa, com treure\u2019n suc, com millorar-ho, com fer-ho extensiu a l\u2019equip i a les fam\u00edlies, com arribar als infants&#8230; El fet de tractar-se de materials oberts i d\u2019un posicionament de l\u2019adult respectu\u00f3s (on es prioritza el paper del nen) comporta sovint confusions i malentesos. Aquest \u00e9s un repte continu: arribar a acords, a sintonies&#8230; on tothom se senti prou proper al punt de partida i hi pugui aportar all\u00f2 de particular que sap.<\/p>\n<p>Podem dir que per moltes de les mestres que hem treballat a Can Manent, aquesta experi\u00e8ncia professional ha estat molt m\u00e9s que un aprenentatge per aplicar a l\u2019escola. Hem viscut a flor de pell una nova manera de mirar als infants, d\u2019entendre\u2019ls i d\u2019acompanyar-los. Ara ja no ens en podem desempallegar.<\/p>\n<p><strong>ELS \u00a0AMBIENTS\u00a0<\/strong><b>ACTUALMENT<\/b><\/p>\n<p><strong>INTRODUCCI\u00d3<\/strong><\/p>\n<p>Despr\u00e9s d\u2019una formaci\u00f3 amb la Beth Madera, d\u2019anar a la jornada de Rosa Sensat \u201cDels Racons als ambients\u201d, la jornada de l\u2019escola El Martinet (Ripollet) i de visitar altres escoles que treballen per ambients ens ha fet pensar com els treballem, aix\u00f2 ens ha portat ha debatre, organitzar i replantejar els ambients que ja fem a l\u2019escola per millorar la nostra pedagogia a la comunitat de petits.<\/p>\n<p><strong>QU\u00c8 SON ELS AMBIENTS?<\/strong><\/p>\n<p><em>&#8220;Els ambients s\u00f3n espais on es viu i on les persones estan en contacte&#8221;.<\/em> (Definici\u00f3 italiana d\u2019ambient que parteix de l\u2019escola Reggio Emilia i Pistoia). Els referents s\u00f3n Loris Malaguzzi i considerat el seu seguidor, Alfredo Hoyuelos.<\/p>\n<p>Segons David Altimir (mestre d\u2019educaci\u00f3 infantil i ponent jornada Rosa Sensat) <em>\u201cNo \u00e9s nom\u00e9s un espai, sin\u00f3 un lloc on cada infant pot desenvolupar el que li interessi, s\u00f3n racons predisposats gr\u00e0cies a l\u2019observaci\u00f3 pr\u00e8via per part dels mestres per saber qu\u00e8 volen, i que permeten que tots els infants estiguin actius&#8221;. <\/em><\/p>\n<p><em>&#8220;S\u00f3n espais din\u00e0mics on es provoca un proc\u00e9s de di\u00e0leg entre els materials, els espais i les persones&#8221;<\/em> (Escola Congr\u00e9s indians)<\/p>\n<p>Altres referents importants en educaci\u00f3 s\u00f3n Rebeca Wild (pedagoga) i Mauricio Wild amb l\u2019educaci\u00f3 activa i el respecte per la inf\u00e0ncia.\u201d <em>La libertad consiste en desarrollar el\u00a0 potencial que cada ni\u00f1o lleva dentro y no en adaptarse a una\u00a0 sociedad cuyas metas son otras<\/em>\u201d.\u00a0 &#8220;<em>Para que esa libertad con\u00a0 limites\u00a0 se pueda dar hace falta un ambiente adecuado donde poder saltar, pintarrajear, golpear, porque\u00a0 \u00e9sta es su manera de entenderse a s\u00ed mismo y el entorno<\/em>\u201d.<\/p>\n<p>Tenint en compte tota aquesta documentaci\u00f3 pedag\u00f2gica hem fet la proposta dels nostres ambients dins el nostre projecte d\u2019escola, Can Manent. Entenem els <strong>ambients<\/strong> com <strong>espais on es viu<\/strong> i on les <strong>persones estan en contacte<\/strong>, en el marc d\u2019una educaci\u00f3 activa, on l\u2019infant \u00e9s el protagonista i l\u2019adult esdev\u00e9 un acompanyant que el respecta profundament.<\/p>\n<p><strong>ELS AMBIENTS A CAN MANENT<\/strong><\/p>\n<ul>\n<li>EL PERQU\u00c8 DELS AMBIENTS<\/li>\n<\/ul>\n<p>Pensem \u00a0que el nen \u00e9s un \u00e9sser biol\u00f2gic i volem respectar el seu ritme vital. En els ambients, el <strong>joc <\/strong>\u00e9s l\u2019activitat principal. Els espais conviden a jocs sensorials i d\u2019exploraci\u00f3, aix\u00ed com els de tipus m\u00e9s expressius i simb\u00f2lics. A m\u00e9s, es compta amb material divers (estructurat en microespais) que promou la posada en marxa de diferents accions i llenguatges, facilitant l\u2019acc\u00e9s a la representaci\u00f3 i a la progressiva interioritzaci\u00f3. Per exemple,\u00a0 pintura, fang, ceres, llapis, peces de construccions, llibres, etc.\u00a0 Aix\u00ed, la viv\u00e8ncia dels ambients, ajuda als infants a estructurar-se i a endre\u00e7ar el seu pensament. Fer, pensar i comunicar esdev\u00e9 un triangle que fonamentar\u00e0 els aprenentatges. No \u00e9s que aprenguin jugant sin\u00f3 que jugant, s\u2019estructura el seu pensament.<\/p>\n<p>Les capacitats que es treballen en aquests moments s\u00f3n: autonomia, relaci\u00f3 amb els altres, joc, manipulaci\u00f3, experimentaci\u00f3, descoberta, coneixement d\u2019un mateix.<\/p>\n<ul>\n<li>L\u2019INFANT:<\/li>\n<\/ul>\n<p>\u00c9s el menut qui decideix qu\u00e8 fer, com, amb qui i fins quan. Condueix i resol els seus reptes, gestiona els recursos que t\u00e9 a l\u2019abast i aporta lliurement el que t\u00e9 dins seu.<\/p>\n<p>La relaci\u00f3 entre iguals i diferents edats (per dalt i per baix) enriqueix i potencia el desenvolupament de cada nen i nena. L\u2019observaci\u00f3, la imitaci\u00f3, la relaci\u00f3, la protecci\u00f3 i cura, el joc compartit&#8230; S\u00f3n elements essencials en el dia a dia de l\u2019infant.<\/p>\n<ul>\n<li>ORGANITZACI\u00d3:<\/li>\n<\/ul>\n<p>L&#8217;espai d&#8217;aula esdev\u00e9 un espai de relaci\u00f3, un ambient amb diferents microespais relacionats:<\/p>\n<table style=\"width: 962px;\">\n<tbody>\n<tr>\n<td style=\"width: 188px; text-align: center;\">Espai de trobada (rotllana)<\/td>\n<td style=\"width: 104.8px; text-align: center;\">Biblioteca<\/td>\n<td style=\"width: 252.8px; text-align: center;\">Missatgeria\/escriptori\/dibuix\/pintura<\/td>\n<td style=\"width: 132px; text-align: center;\">Construccions<\/td>\n<td style=\"width: 272.8px; text-align: center;\">L&#8217;espai propi de l&#8217;ambient propi de l&#8217;aula<\/td>\n<\/tr>\n<\/tbody>\n<\/table>\n<p>Volem garantir espais amb singularitat, diferents on els infants entrin en un escenari on poder jugar i explorar tenint en compte dimensions sensorials i simb\u00f2liques i en \u00e0mbits cient\u00edfics, socials, art\u00edstic i dom\u00e8stic. Apostem per ser una escola que tingui en compte la bellesa dels materials, un ambient relaxat i la seva pedagogia documentada.<\/p>\n<p>Actualment tenim 9 ambients:<\/p>\n<p>S<strong>orra i llavors<\/strong> (a les aules de P3),<strong> la <\/strong><strong>casa i el modelatge <\/strong>(a les aules de P4)<strong>, la <\/strong><strong>salut i els invents\u00a0<\/strong>(a les aules de P5), i en altres que no s\u00f3n aules, els ambients de <strong>llum i ombres<\/strong>, el d\u2019<strong>expressi\u00f3<\/strong> i el de l\u2019<strong>aire lliure<\/strong><\/p>\n<p>La <strong>circulaci\u00f3 <\/strong>pels <strong>espais \u00e9s lliure<\/strong>, respectant aix\u00ed les prefer\u00e8ncies i necessitats de cadasc\u00fa\/na, alhora que afavorint l\u2019autonomia, la iniciativa, la confian\u00e7a i la seguretat per moure\u2019s i anar-se relacionant amb els altres. La llibertat de fer i uns l\u00edmits clars esdevenen dues cares d\u2019una mateixa moneda que ajuden als infants a cr\u00e9ixer en un clima \u00f2ptim de conviv\u00e8ncia.<\/p>\n<ul>\n<li>LES DOCUMENTACIONS:<\/li>\n<\/ul>\n<p>A partir de les documentacions que anem elaborant, fem visible all\u00f2 que fan els infants i les seves representacions en els ambients.<\/p>\n","protected":false},"excerpt":{"rendered":"<p>ELS INICIS DELS &#8220;AMBIENTS&#8221; El 2007, quan se\u2019ns va proposar de comen\u00e7ar una escola nova, els mestres que form\u00e0vem l\u2019equip vam posar en com\u00fa inquietuds que ten\u00edem. Ten\u00edem clar que cerc\u00e0vem quelcom diferent, fugir del tradicionalisme i aventurar-nos en una nova manera de fer escola&#8230;Van apar\u00e8ixer sobre la taula diferents pr\u00e0ctiques i, de totes, una [&hellip;]<\/p>\n","protected":false},"author":1,"featured_media":0,"parent":4466,"menu_order":2,"comment_status":"closed","ping_status":"closed","template":"page-templates\/side-menu.php","meta":{"_bbp_topic_count":0,"_bbp_reply_count":0,"_bbp_total_topic_count":0,"_bbp_total_reply_count":0,"_bbp_voice_count":0,"_bbp_anonymous_reply_count":0,"_bbp_topic_count_hidden":0,"_bbp_reply_count_hidden":0,"_bbp_forum_subforum_count":0,"site-sidebar-layout":"default","site-content-layout":"","ast-site-content-layout":"","site-content-style":"default","site-sidebar-style":"default","ast-global-header-display":"","ast-banner-title-visibility":"","ast-main-header-display":"","ast-hfb-above-header-display":"","ast-hfb-below-header-display":"","ast-hfb-mobile-header-display":"","site-post-title":"","ast-breadcrumbs-content":"","ast-featured-img":"","footer-sml-layout":"","theme-transparent-header-meta":"","adv-header-id-meta":"","stick-header-meta":"","header-above-stick-meta":"","header-main-stick-meta":"","header-below-stick-meta":"","astra-migrate-meta-layouts":"default","ast-page-background-enabled":"default","ast-page-background-meta":{"desktop":{"background-color":"var(--ast-global-color-4)","background-image":"","background-repeat":"repeat","background-position":"center center","background-size":"auto","background-attachment":"scroll","background-type":"","background-media":"","overlay-type":"","overlay-color":"","overlay-opacity":"","overlay-gradient":""},"tablet":{"background-color":"","background-image":"","background-repeat":"repeat","background-position":"center center","background-size":"auto","background-attachment":"scroll","background-type":"","background-media":"","overlay-type":"","overlay-color":"","overlay-opacity":"","overlay-gradient":""},"mobile":{"background-color":"","background-image":"","background-repeat":"repeat","background-position":"center center","background-size":"auto","background-attachment":"scroll","background-type":"","background-media":"","overlay-type":"","overlay-color":"","overlay-opacity":"","overlay-gradient":""}},"ast-content-background-meta":{"desktop":{"background-color":"var(--ast-global-color-5)","background-image":"","background-repeat":"repeat","background-position":"center center","background-size":"auto","background-attachment":"scroll","background-type":"","background-media":"","overlay-type":"","overlay-color":"","overlay-opacity":"","overlay-gradient":""},"tablet":{"background-color":"var(--ast-global-color-5)","background-image":"","background-repeat":"repeat","background-position":"center center","background-size":"auto","background-attachment":"scroll","background-type":"","background-media":"","overlay-type":"","overlay-color":"","overlay-opacity":"","overlay-gradient":""},"mobile":{"background-color":"var(--ast-global-color-5)","background-image":"","background-repeat":"repeat","background-position":"center center","background-size":"auto","background-attachment":"scroll","background-type":"","background-media":"","overlay-type":"","overlay-color":"","overlay-opacity":"","overlay-gradient":""}},"footnotes":""},"class_list":["post-208","page","type-page","status-publish","hentry"],"post_mailing_queue_ids":[],"_links":{"self":[{"href":"https:\/\/agora.xtec.cat\/ceipcanmanent\/wp-json\/wp\/v2\/pages\/208","targetHints":{"allow":["GET"]}}],"collection":[{"href":"https:\/\/agora.xtec.cat\/ceipcanmanent\/wp-json\/wp\/v2\/pages"}],"about":[{"href":"https:\/\/agora.xtec.cat\/ceipcanmanent\/wp-json\/wp\/v2\/types\/page"}],"author":[{"embeddable":true,"href":"https:\/\/agora.xtec.cat\/ceipcanmanent\/wp-json\/wp\/v2\/users\/1"}],"replies":[{"embeddable":true,"href":"https:\/\/agora.xtec.cat\/ceipcanmanent\/wp-json\/wp\/v2\/comments?post=208"}],"version-history":[{"count":2,"href":"https:\/\/agora.xtec.cat\/ceipcanmanent\/wp-json\/wp\/v2\/pages\/208\/revisions"}],"predecessor-version":[{"id":4676,"href":"https:\/\/agora.xtec.cat\/ceipcanmanent\/wp-json\/wp\/v2\/pages\/208\/revisions\/4676"}],"up":[{"embeddable":true,"href":"https:\/\/agora.xtec.cat\/ceipcanmanent\/wp-json\/wp\/v2\/pages\/4466"}],"wp:attachment":[{"href":"https:\/\/agora.xtec.cat\/ceipcanmanent\/wp-json\/wp\/v2\/media?parent=208"}],"curies":[{"name":"wp","href":"https:\/\/api.w.org\/{rel}","templated":true}]}}

<p><strong>ELS INICIS DELS &#8220;AMBIENTS&#8221;</strong></p>
<p>El 2007, quan se’ns va proposar de començar una escola nova, els mestres que formàvem l’equip vam posar en comú inquietuds que teníem. Teníem clar que cercàvem quelcom diferent, fugir del tradicionalisme i aventurar-nos en una nova manera de fer escola&#8230;Van aparèixer sobre la taula diferents pràctiques i, de totes, una ens va atrapar: els ambients de l’escola Martinet de Ripollet.</p>
<p>Vam recopilar informació al llarg dels mesos de fonts ben diferents (algú que hi havia treballat, formació, bibliografia&#8230;) per plantejar també nosaltres uns espais de treball similars. La formació de la mà de la Rebeca i en Mauricio Wild ens va enamorar, ens va enganxar, ens va “commoure”.</p>
<p>El primer setembre vam estrenar els nostres ambients (casa, aigua, textures, teatre, construccions). A mesura que passaven les setmanes, descobríem com aquesta aposta anava més enllà de ser una simple metodologia. Aquest plantejament era una mirada profunda cap a l’infant (sovint ho hem comparat amb la continuació de la panera dels tresors o el joc heurístic de la llar d’infants), de respecte  en el sentit de deixar pas a l’espontaneïtat i, alhora, d’ofertar-li allò que realment necessita pel seu moment vital (etapa sensori-motriu i pre-operatòria).</p>
<p>També va ser un repte millorar la pràctica en quant a materials i rituals. Hi va haver ambients que no funcionaven i, a partir del debat en equip, canviàvem el material fins a trobar realment allò més adequat als infants. El cas més evident va ser en l’ambient de teatre que, després d’aplicar disfresses, titelles, maquillatge&#8230; mica en mica el vam anar transformant en l’ambient d’expressió amb un material bàsic de capses de cartró i robes.</p>
<p>El que ens va captivar va ser quines observacions podíem extreure d’aquests moments, riques i autèntiques, observacions que ens parlaven del nens i nenes com a ésser amb un potencial desbordant. Va ser així com vam decidir fer els informes basant-nos en aquests moments de joc i manipulació.</p>
<p>El curs següent vam haver d’ampliar els ambients fins a nou propostes. També vam començar a fer les sessions d’ambients per a famílies, moments valorats molt positivament pel poder de transmissió del projecte que tenien. Amb el pas dels anys hem anat revisant els materials i documents. Vam passar d’oferir diferents possibilitats en un mateix espai al voltant de la temàtica mare, a oferir els microespais actuals on uns materials bàsics es van repetint a tots els espais.</p>
<p>Els ambients comporten una mena d’actitud perenne de compartir amb l’equip contínuament allò que es fa, com treure’n suc, com millorar-ho, com fer-ho extensiu a l’equip i a les famílies, com arribar als infants&#8230; El fet de tractar-se de materials oberts i d’un posicionament de l’adult respectuós (on es prioritza el paper del nen) comporta sovint confusions i malentesos. Aquest és un repte continu: arribar a acords, a sintonies&#8230; on tothom se senti prou proper al punt de partida i hi pugui aportar allò de particular que sap.</p>
<p>Podem dir que per moltes de les mestres que hem treballat a Can Manent, aquesta experiència professional ha estat molt més que un aprenentatge per aplicar a l’escola. Hem viscut a flor de pell una nova manera de mirar als infants, d’entendre’ls i d’acompanyar-los. Ara ja no ens en podem desempallegar.</p>
<p><strong>ELS  AMBIENTS </strong><b>ACTUALMENT</b></p>
<p><strong>INTRODUCCIÓ</strong></p>
<p>Després d’una formació amb la Beth Madera, d’anar a la jornada de Rosa Sensat “Dels Racons als ambients”, la jornada de l’escola El Martinet (Ripollet) i de visitar altres escoles que treballen per ambients ens ha fet pensar com els treballem, això ens ha portat ha debatre, organitzar i replantejar els ambients que ja fem a l’escola per millorar la nostra pedagogia a la comunitat de petits.</p>
<p><strong>QUÈ SON ELS AMBIENTS?</strong></p>
<p><em>&#8220;Els ambients són espais on es viu i on les persones estan en contacte&#8221;.</em> (Definició italiana d’ambient que parteix de l’escola Reggio Emilia i Pistoia). Els referents són Loris Malaguzzi i considerat el seu seguidor, Alfredo Hoyuelos.</p>
<p>Segons David Altimir (mestre d’educació infantil i ponent jornada Rosa Sensat) <em>“No és només un espai, sinó un lloc on cada infant pot desenvolupar el que li interessi, són racons predisposats gràcies a l’observació prèvia per part dels mestres per saber què volen, i que permeten que tots els infants estiguin actius&#8221;. </em></p>
<p><em>&#8220;Són espais dinàmics on es provoca un procés de diàleg entre els materials, els espais i les persones&#8221;</em> (Escola Congrés indians)</p>
<p>Altres referents importants en educació són Rebeca Wild (pedagoga) i Mauricio Wild amb l’educació activa i el respecte per la infància.” <em>La libertad consiste en desarrollar el  potencial que cada niño lleva dentro y no en adaptarse a una  sociedad cuyas metas son otras</em>”.  &#8220;<em>Para que esa libertad con  limites  se pueda dar hace falta un ambiente adecuado donde poder saltar, pintarrajear, golpear, porque  ésta es su manera de entenderse a sí mismo y el entorno</em>”.</p>
<p>Tenint en compte tota aquesta documentació pedagògica hem fet la proposta dels nostres ambients dins el nostre projecte d’escola, Can Manent. Entenem els <strong>ambients</strong> com <strong>espais on es viu</strong> i on les <strong>persones estan en contacte</strong>, en el marc d’una educació activa, on l’infant és el protagonista i l’adult esdevé un acompanyant que el respecta profundament.</p>
<p><strong>ELS AMBIENTS A CAN MANENT</strong></p>
<ul>
<li>EL PERQUÈ DELS AMBIENTS</li>
</ul>
<p>Pensem  que el nen és un ésser biològic i volem respectar el seu ritme vital. En els ambients, el <strong>joc </strong>és l’activitat principal. Els espais conviden a jocs sensorials i d’exploració, així com els de tipus més expressius i simbòlics. A més, es compta amb material divers (estructurat en microespais) que promou la posada en marxa de diferents accions i llenguatges, facilitant l’accés a la representació i a la progressiva interiorització. Per exemple,  pintura, fang, ceres, llapis, peces de construccions, llibres, etc.  Així, la vivència dels ambients, ajuda als infants a estructurar-se i a endreçar el seu pensament. Fer, pensar i comunicar esdevé un triangle que fonamentarà els aprenentatges. No és que aprenguin jugant sinó que jugant, s’estructura el seu pensament.</p>
<p>Les capacitats que es treballen en aquests moments són: autonomia, relació amb els altres, joc, manipulació, experimentació, descoberta, coneixement d’un mateix.</p>
<ul>
<li>L’INFANT:</li>
</ul>
<p>És el menut qui decideix què fer, com, amb qui i fins quan. Condueix i resol els seus reptes, gestiona els recursos que té a l’abast i aporta lliurement el que té dins seu.</p>
<p>La relació entre iguals i diferents edats (per dalt i per baix) enriqueix i potencia el desenvolupament de cada nen i nena. L’observació, la imitació, la relació, la protecció i cura, el joc compartit&#8230; Són elements essencials en el dia a dia de l’infant.</p>
<ul>
<li>ORGANITZACIÓ:</li>
</ul>
<p>L&#8217;espai d&#8217;aula esdevé un espai de relació, un ambient amb diferents microespais relacionats:</p>
<table style="width: 962px;">
<tbody>
<tr>
<td style="width: 188px; text-align: center;">Espai de trobada (rotllana)</td>
<td style="width: 104.8px; text-align: center;">Biblioteca</td>
<td style="width: 252.8px; text-align: center;">Missatgeria/escriptori/dibuix/pintura</td>
<td style="width: 132px; text-align: center;">Construccions</td>
<td style="width: 272.8px; text-align: center;">L&#8217;espai propi de l&#8217;ambient propi de l&#8217;aula</td>
</tr>
</tbody>
</table>
<p>Volem garantir espais amb singularitat, diferents on els infants entrin en un escenari on poder jugar i explorar tenint en compte dimensions sensorials i simbòliques i en àmbits científics, socials, artístic i domèstic. Apostem per ser una escola que tingui en compte la bellesa dels materials, un ambient relaxat i la seva pedagogia documentada.</p>
<p>Actualment tenim 9 ambients:</p>
<p>S<strong>orra i llavors</strong> (a les aules de P3),<strong> la </strong><strong>casa i el modelatge </strong>(a les aules de P4)<strong>, la </strong><strong>salut i els invents </strong>(a les aules de P5), i en altres que no són aules, els ambients de <strong>llum i ombres</strong>, el d’<strong>expressió</strong> i el de l’<strong>aire lliure</strong></p>
<p>La <strong>circulació </strong>pels <strong>espais és lliure</strong>, respectant així les preferències i necessitats de cadascú/na, alhora que afavorint l’autonomia, la iniciativa, la confiança i la seguretat per moure’s i anar-se relacionant amb els altres. La llibertat de fer i uns límits clars esdevenen dues cares d’una mateixa moneda que ajuden als infants a créixer en un clima òptim de convivència.</p>
<ul>
<li>LES DOCUMENTACIONS:</li>
</ul>
<p>A partir de les documentacions que anem elaborant, fem visible allò que fan els infants i les seves representacions en els ambients.</p>

<p>ELS INICIS DELS &#8220;AMBIENTS&#8221; El 2007, quan se’ns va proposar de començar una escola nova, els mestres que formàvem l’equip vam posar en comú inquietuds que teníem. Teníem clar que cercàvem quelcom diferent, fugir del tradicionalisme i aventurar-nos en una nova manera de fer escola&#8230;Van aparèixer sobre la taula diferents pràctiques i, de totes, una [&hellip;]</p>
