{"id":28,"date":"2014-09-18T12:29:35","date_gmt":"2014-09-18T11:29:35","guid":{"rendered":"http:\/\/agora.xtec.cat\/ceipcanllong\/?page_id=28"},"modified":"2024-10-31T06:41:01","modified_gmt":"2024-10-31T05:41:01","slug":"consell-escolar","status":"publish","type":"page","link":"https:\/\/agora.xtec.cat\/ceipcanllong\/lescola\/consell-escolar\/","title":{"rendered":"Consell escolar"},"content":{"rendered":"<p>El Consell Escolar \u00e9s l&#8217;\u00f2rgan de participaci\u00f3 de la Comunitat Escolar en el govern del col\u00b7legi i l&#8217;\u00f2rgan de programaci\u00f3, seguiment i avaluaci\u00f3 general de les activitats.<\/p>\n<p><em> <img loading=\"lazy\" decoding=\"async\" class=\"wp-image-16903 aligncenter\" src=\"https:\/\/agora.xtec.cat\/ceipcanllong\/wp-content\/uploads\/usu1544\/2021\/05\/DGDFGDFGDFG.png\" alt=\"\" width=\"266\" height=\"266\" srcset=\"https:\/\/agora.xtec.cat\/ceipcanllong\/wp-content\/uploads\/usu1544\/2021\/05\/DGDFGDFGDFG.png 626w, https:\/\/agora.xtec.cat\/ceipcanllong\/wp-content\/uploads\/usu1544\/2021\/05\/DGDFGDFGDFG-150x150.png 150w, https:\/\/agora.xtec.cat\/ceipcanllong\/wp-content\/uploads\/usu1544\/2021\/05\/DGDFGDFGDFG-300x300.png 300w\" sizes=\"auto, (max-width: 266px) 100vw, 266px\" \/><\/em><\/p>\n<p>Composici\u00f3<\/p>\n<p><strong>El consell escolar de la nostra escola \u00a0est\u00e0 integrat per:<\/strong><\/p>\n<ul>\n<li>La \u00a0Directora: Merc\u00e8 Leal.<\/li>\n<li>La Cap \u00a0d\u2019Estudis: Maribel Mart\u00ednez.<\/li>\n<li>La Secret\u00e0ria: Eva de Castro (assisteix amb veu i sense vot i exerceix la Secretaria del Consell)<\/li>\n<li>Un o una representant de l\u2019Ajuntament encara per determinar.<\/li>\n<li>Els\/les representants del professorat escollits pel Claustre: Rosario Navarro, Ana Gonz\u00e1lez, Roser Pladevall, Marta Morales i Marisa Jim\u00e9nez.<\/li>\n<li>Un o una representant PAS: Montse Manau<\/li>\n<li>Els\/les \u00a0representants de l\u2019alumnat i dels pares i mares o tutors, elegits respectivament per ells i entre ells: Silvia Tarr\u00e9, Sandra Luj\u00e1n, Rebecca Perea i Ver\u00f3nica Garc\u00eda<\/li>\n<li>Un o una representant del Personal d\u2019Administraci\u00f3 i Serveis, elegit per i entre aquest personal: Montse Manau.<\/li>\n<li>Un o una representant de l&#8217;AFA:\u00a0 Cristina Rayo.<\/li>\n<\/ul>\n<p><em>La composici\u00f3 ve regulada per l\u2019article 45 del Decret 102\/2012, de 3 d\u2019agost, d\u2019autonomia dels centres educatius.<\/em><\/p>\n<p><em>\u00a0<\/em><\/p>\n<p><em>El funcionament i objectius del Consell Escolar es recullen a l\u2019article 148 de la Llei 12\/2009, del 10 de juliol, d\u2019educaci\u00f3 i l\u2019article 46 del Decret 102\/2012, de 3 d\u2019agost, d\u2019autonomia dels centres educatius. Tamb\u00e9 est\u00e0 recollit en les NOFC.<\/em><\/p>\n<p>&nbsp;<\/p>\n<p>&nbsp;<\/p>\n","protected":false},"excerpt":{"rendered":"<p>El Consell Escolar \u00e9s l&#8217;\u00f2rgan de participaci\u00f3 de la Comunitat Escolar en el govern del col\u00b7legi i l&#8217;\u00f2rgan de programaci\u00f3, seguiment i avaluaci\u00f3 general de les activitats.<\/p>\n<p>Composici\u00f3<br \/>\nEl consell escolar de la nostra escola \u00a0est\u00e0 integrat per:<\/p>\n<ul>\n<li>La \u00a0Directora: Merc\u00e8 Leal.<\/li>\n<li>La Cap \u00a0d\u2019Estudis: Maribel Mart\u00ednez.<\/li>\n<li>La Secret\u00e0ria:&hellip;  <a href=\"https:\/\/agora.xtec.cat\/ceipcanllong\/lescola\/consell-escolar\/\" title=\"Read Consell escolar\">Llegeix m\u00e9s\u00bb<\/a><br \/>\n","protected":false},"author":1,"featured_media":0,"parent":22,"menu_order":30,"comment_status":"closed","ping_status":"closed","template":"page-templates\/side-menu.php","meta":{"_bbp_topic_count":0,"_bbp_reply_count":0,"_bbp_total_topic_count":0,"_bbp_total_reply_count":0,"_bbp_voice_count":0,"_bbp_anonymous_reply_count":0,"_bbp_topic_count_hidden":0,"_bbp_reply_count_hidden":0,"_bbp_forum_subforum_count":0,"footnotes":""},"class_list":["post-28","page","type-page","status-publish","hentry"],"post_mailing_queue_ids":[],"_links":{"self":[{"href":"https:\/\/agora.xtec.cat\/ceipcanllong\/wp-json\/wp\/v2\/pages\/28","targetHints":{"allow":["GET"]}}],"collection":[{"href":"https:\/\/agora.xtec.cat\/ceipcanllong\/wp-json\/wp\/v2\/pages"}],"about":[{"href":"https:\/\/agora.xtec.cat\/ceipcanllong\/wp-json\/wp\/v2\/types\/page"}],"author":[{"embeddable":true,"href":"https:\/\/agora.xtec.cat\/ceipcanllong\/wp-json\/wp\/v2\/users\/1"}],"replies":[{"embeddable":true,"href":"https:\/\/agora.xtec.cat\/ceipcanllong\/wp-json\/wp\/v2\/comments?post=28"}],"version-history":[{"count":6,"href":"https:\/\/agora.xtec.cat\/ceipcanllong\/wp-json\/wp\/v2\/pages\/28\/revisions"}],"predecessor-version":[{"id":19917,"href":"https:\/\/agora.xtec.cat\/ceipcanllong\/wp-json\/wp\/v2\/pages\/28\/revisions\/19917"}],"up":[{"embeddable":true,"href":"https:\/\/agora.xtec.cat\/ceipcanllong\/wp-json\/wp\/v2\/pages\/22"}],"wp:attachment":[{"href":"https:\/\/agora.xtec.cat\/ceipcanllong\/wp-json\/wp\/v2\/media?parent=28"}],"curies":[{"name":"wp","href":"https:\/\/api.w.org\/{rel}","templated":true}]}}

<p>El Consell Escolar és l&#8217;òrgan de participació de la Comunitat Escolar en el govern del col·legi i l&#8217;òrgan de programació, seguiment i avaluació general de les activitats.</p>
<p><em> <img loading="lazy" decoding="async" class="wp-image-16903 aligncenter" src="https://agora.xtec.cat/ceipcanllong/wp-content/uploads/usu1544/2021/05/DGDFGDFGDFG.png" alt="" width="266" height="266" srcset="https://agora.xtec.cat/ceipcanllong/wp-content/uploads/usu1544/2021/05/DGDFGDFGDFG.png 626w, https://agora.xtec.cat/ceipcanllong/wp-content/uploads/usu1544/2021/05/DGDFGDFGDFG-150x150.png 150w, https://agora.xtec.cat/ceipcanllong/wp-content/uploads/usu1544/2021/05/DGDFGDFGDFG-300x300.png 300w" sizes="auto, (max-width: 266px) 100vw, 266px" /></em></p>
<p>Composició</p>
<p><strong>El consell escolar de la nostra escola  està integrat per:</strong></p>
<ul>
<li>La  Directora: Mercè Leal.</li>
<li>La Cap  d’Estudis: Maribel Martínez.</li>
<li>La Secretària: Eva de Castro (assisteix amb veu i sense vot i exerceix la Secretaria del Consell)</li>
<li>Un o una representant de l’Ajuntament encara per determinar.</li>
<li>Els/les representants del professorat escollits pel Claustre: Rosario Navarro, Ana González, Roser Pladevall, Marta Morales i Marisa Jiménez.</li>
<li>Un o una representant PAS: Montse Manau</li>
<li>Els/les  representants de l’alumnat i dels pares i mares o tutors, elegits respectivament per ells i entre ells: Silvia Tarré, Sandra Luján, Rebecca Perea i Verónica García</li>
<li>Un o una representant del Personal d’Administració i Serveis, elegit per i entre aquest personal: Montse Manau.</li>
<li>Un o una representant de l&#8217;AFA:  Cristina Rayo.</li>
</ul>
<p><em>La composició ve regulada per l’article 45 del Decret 102/2012, de 3 d’agost, d’autonomia dels centres educatius.</em></p>
<p><em> </em></p>
<p><em>El funcionament i objectius del Consell Escolar es recullen a l’article 148 de la Llei 12/2009, del 10 de juliol, d’educació i l’article 46 del Decret 102/2012, de 3 d’agost, d’autonomia dels centres educatius. També està recollit en les NOFC.</em></p>
<p>&nbsp;</p>
<p>&nbsp;</p>

<p>El Consell Escolar és l&#8217;òrgan de participació de la Comunitat Escolar en el govern del col·legi i l&#8217;òrgan de programació, seguiment i avaluació general de les activitats.</p>
<p>Composició<br />
El consell escolar de la nostra escola  està integrat per:</p>
<ul>
<li>La  Directora: Mercè Leal.</li>
<li>La Cap  d’Estudis: Maribel Martínez.</li>
<li>La Secretària:&hellip;  <a href="https://agora.xtec.cat/ceipcanllong/lescola/consell-escolar/" title="Read Consell escolar">Llegeix més»</a><br />
