{"id":26,"date":"2014-09-18T12:24:32","date_gmt":"2014-09-18T11:24:32","guid":{"rendered":"http:\/\/agora.xtec.cat\/ceipcanllong\/?page_id=26"},"modified":"2021-05-06T11:51:46","modified_gmt":"2021-05-06T09:51:46","slug":"historia","status":"publish","type":"page","link":"https:\/\/agora.xtec.cat\/ceipcanllong\/lescola\/historia\/","title":{"rendered":"Hist\u00f2ria"},"content":{"rendered":"<p>El barri de Can Llong ocupa una superf\u00edcie de 642.700m2 d\u2019antics terrenys de conreu, que van ser requalificats com a urbans en el nou Pla General de Sabadell l\u2019any 1993.<\/p>\n<p>L\u2019Escola, que \u00e9s de dues l\u00ednies, va comen\u00e7ar a funcionar el curs 2005-2006, i va anar creixent de manera gradual. Consta de dos edificis, el d\u2019Educaci\u00f3 Infantil i el \u00a0d\u2019Educaci\u00f3 Prim\u00e0ria, units pel vest\u00edbul. Tamb\u00e9 comptem amb dos patis.<\/p>\n<p>Estem envoltats d\u2019un \u00e0rea verda, ja que l\u2019escola es troba davant del Parc de la Romeua, del qual podem gaudir sempre.<\/p>\n<p>Tenim al nostre costat l\u2019Escola Bressol \u00a0Municipal Can Llong i l\u2019Institut Arraona (Can Llong).<\/p>\n","protected":false},"excerpt":{"rendered":"<p>El barri de Can Llong ocupa una superf\u00edcie de 642.700m2 d\u2019antics terrenys de conreu, que van ser requalificats com a urbans en el nou Pla General de Sabadell l\u2019any 1993.<br \/>\nL\u2019Escola, que \u00e9s de dues l\u00ednies, va comen\u00e7ar a funcionar el curs 2005-2006, i va anar&hellip;  <a href=\"https:\/\/agora.xtec.cat\/ceipcanllong\/lescola\/historia\/\" title=\"Read Hist\u00f2ria\">Llegeix m\u00e9s\u00bb<\/a><\/p>\n","protected":false},"author":1,"featured_media":0,"parent":22,"menu_order":20,"comment_status":"closed","ping_status":"closed","template":"page-templates\/side-menu.php","meta":{"_bbp_topic_count":0,"_bbp_reply_count":0,"_bbp_total_topic_count":0,"_bbp_total_reply_count":0,"_bbp_voice_count":0,"_bbp_anonymous_reply_count":0,"_bbp_topic_count_hidden":0,"_bbp_reply_count_hidden":0,"_bbp_forum_subforum_count":0,"footnotes":""},"class_list":["post-26","page","type-page","status-publish","hentry"],"post_mailing_queue_ids":[],"_links":{"self":[{"href":"https:\/\/agora.xtec.cat\/ceipcanllong\/wp-json\/wp\/v2\/pages\/26","targetHints":{"allow":["GET"]}}],"collection":[{"href":"https:\/\/agora.xtec.cat\/ceipcanllong\/wp-json\/wp\/v2\/pages"}],"about":[{"href":"https:\/\/agora.xtec.cat\/ceipcanllong\/wp-json\/wp\/v2\/types\/page"}],"author":[{"embeddable":true,"href":"https:\/\/agora.xtec.cat\/ceipcanllong\/wp-json\/wp\/v2\/users\/1"}],"replies":[{"embeddable":true,"href":"https:\/\/agora.xtec.cat\/ceipcanllong\/wp-json\/wp\/v2\/comments?post=26"}],"version-history":[{"count":3,"href":"https:\/\/agora.xtec.cat\/ceipcanllong\/wp-json\/wp\/v2\/pages\/26\/revisions"}],"predecessor-version":[{"id":16902,"href":"https:\/\/agora.xtec.cat\/ceipcanllong\/wp-json\/wp\/v2\/pages\/26\/revisions\/16902"}],"up":[{"embeddable":true,"href":"https:\/\/agora.xtec.cat\/ceipcanllong\/wp-json\/wp\/v2\/pages\/22"}],"wp:attachment":[{"href":"https:\/\/agora.xtec.cat\/ceipcanllong\/wp-json\/wp\/v2\/media?parent=26"}],"curies":[{"name":"wp","href":"https:\/\/api.w.org\/{rel}","templated":true}]}}

Història

<p>El barri de Can Llong ocupa una superfície de 642.700m2 d’antics terrenys de conreu, que van ser requalificats com a urbans en el nou Pla General de Sabadell l’any 1993.</p>
<p>L’Escola, que és de dues línies, va començar a funcionar el curs 2005-2006, i va anar creixent de manera gradual. Consta de dos edificis, el d’Educació Infantil i el  d’Educació Primària, units pel vestíbul. També comptem amb dos patis.</p>
<p>Estem envoltats d’un àrea verda, ja que l’escola es troba davant del Parc de la Romeua, del qual podem gaudir sempre.</p>
<p>Tenim al nostre costat l’Escola Bressol  Municipal Can Llong i l’Institut Arraona (Can Llong).</p>

<p>El barri de Can Llong ocupa una superfície de 642.700m2 d’antics terrenys de conreu, que van ser requalificats com a urbans en el nou Pla General de Sabadell l’any 1993.<br />
L’Escola, que és de dues línies, va començar a funcionar el curs 2005-2006, i va anar&hellip;  <a href="https://agora.xtec.cat/ceipcanllong/lescola/historia/" title="Read Història">Llegeix més»</a></p>
