{"id":18891,"date":"2022-05-16T13:23:18","date_gmt":"2022-05-16T11:23:18","guid":{"rendered":"https:\/\/agora.xtec.cat\/ceipcanllong\/?page_id=18891"},"modified":"2023-06-29T10:27:02","modified_gmt":"2023-06-29T08:27:02","slug":"avaluacio-i-millora","status":"publish","type":"page","link":"https:\/\/agora.xtec.cat\/ceipcanllong\/estrategia-digital-de-centre-edc\/estrategia\/avaluacio-i-millora\/","title":{"rendered":"Avaluaci\u00f3 i millora"},"content":{"rendered":"<div class=\"a2a_kit a2a_kit_size_32 addtoany_list\" data-a2a-url=\"https:\/\/agora.xtec.cat\/ceipcanllong\/estrategia-digital-de-centre-edc\/estrategia\/objectius\/\" data-a2a-title=\"Objectius\"><\/div>\n<div data-a2a-url=\"https:\/\/agora.xtec.cat\/ceipcanllong\/estrategia-digital-de-centre-edc\/estrategia\/objectius\/\" data-a2a-title=\"Objectius\">\n<p>L&#8217;avaluaci\u00f3 \u00e9s un apartat de l&#8217;EDC que va lligada als objectius plantejats. Cada objectiu te assignades diverses activitats per tal de treballar-ho. Durant el curs es fa el seguiment i l&#8217;avaluaci\u00f3.<\/p>\n<p>Per tal d\u2019avaluar la implementaci\u00f3 de l\u2019Estrat\u00e8gia digital, s\u2019ha creat un document intern d\u2019avaluaci\u00f3 per recollir les respostes i els resultats de les activitats anuals, algunes a trav\u00e9s de l\u2019observaci\u00f3 i d\u2019altres d\u2019una enquesta elaborada amb Google Forms que respondran els agents implicats.<\/p>\n<p>Posteriorment, amb les dades obtingudes, es far\u00e0 la valoraci\u00f3 d&#8217;aquells objectius treballats per con\u00e8ixer quins s&#8217;han assolit i quins dels objectius encara s&#8217;han de consolidar.<\/p>\n<\/div>\n<p>Pel que fa al curs 2022-2023 hem treballat alguns dels objectius amb diverses activitats i la valoraci\u00f3 ha estat positiva. S&#8217;ha iniciat totes les activitats previstes i s&#8217;han obtingut els seg\u00fcents resultats:<\/p>\n<p><strong>Objectiu 1 :<\/strong> Potenciar la formaci\u00f3 digital del professorat per aconseguir la seva introducci\u00f3 en la doc\u00e8ncia del centre: Assolida amb \u00e8xit.<\/p>\n<p><strong>Activitat<\/strong>:<\/p>\n<ul>\n<li>Sessi\u00f3 de reciclatge del funcionament digital de l&#8217;escola (EVA, Panells, PDI, fotocopiadores&#8230;): Assolida amb \u00e8xit.<\/li>\n<li>Formaci\u00f3 interna de centre Estrat\u00e8gia digital de centre: Assolida amb \u00e8xit.<\/li>\n<li>Sessi\u00f3 d&#8217;intercanvi de bones pr\u00e0ctiques digitals: Assolida amb \u00e8xit.&nbsp;<\/li>\n<\/ul>\n<p><strong>Objectiu 2<\/strong> : Actualitzaci\u00f3 de la documentaci\u00f3 de la cultura digital del centre i elaboraci\u00f3 de nous documents per millorar la gesti\u00f3 digital del centre<\/p>\n<p><strong>Activitat: <\/strong><\/p>\n<ul>\n<li>Reunions per revisar\/actualitzar la documentaci\u00f3: Assolida amb \u00e8xit.<\/li>\n<li>Creaci\u00f3 del document &#8220;PLA DE COMUNICACI\u00d3&#8221;: Assolida amb \u00e8xit.&nbsp;<\/li>\n<\/ul>\n<p>&nbsp;<\/p>\n","protected":false},"excerpt":{"rendered":"<p>L&#8217;avaluaci\u00f3 \u00e9s un apartat de l&#8217;EDC que va lligada als objectius plantejats. Cada objectiu te assignades diverses activitats per tal de treballar-ho. Durant el curs es fa el seguiment i l&#8217;avaluaci\u00f3.<br \/>\nPer tal d\u2019avaluar la implementaci\u00f3 de l\u2019Estrat\u00e8gia digital, s\u2019ha creat un document intern d\u2019avaluaci\u00f3 per&hellip;  <a href=\"https:\/\/agora.xtec.cat\/ceipcanllong\/estrategia-digital-de-centre-edc\/estrategia\/avaluacio-i-millora\/\" title=\"Read Avaluaci\u00f3 i millora\">Llegeix m\u00e9s\u00bb<\/a><\/p>\n","protected":false},"author":1,"featured_media":0,"parent":18849,"menu_order":0,"comment_status":"closed","ping_status":"closed","template":"page-templates\/side-menu.php","meta":{"_bbp_topic_count":0,"_bbp_reply_count":0,"_bbp_total_topic_count":0,"_bbp_total_reply_count":0,"_bbp_voice_count":0,"_bbp_anonymous_reply_count":0,"_bbp_topic_count_hidden":0,"_bbp_reply_count_hidden":0,"_bbp_forum_subforum_count":0,"footnotes":""},"class_list":["post-18891","page","type-page","status-publish","hentry"],"post_mailing_queue_ids":[],"_links":{"self":[{"href":"https:\/\/agora.xtec.cat\/ceipcanllong\/wp-json\/wp\/v2\/pages\/18891","targetHints":{"allow":["GET"]}}],"collection":[{"href":"https:\/\/agora.xtec.cat\/ceipcanllong\/wp-json\/wp\/v2\/pages"}],"about":[{"href":"https:\/\/agora.xtec.cat\/ceipcanllong\/wp-json\/wp\/v2\/types\/page"}],"author":[{"embeddable":true,"href":"https:\/\/agora.xtec.cat\/ceipcanllong\/wp-json\/wp\/v2\/users\/1"}],"replies":[{"embeddable":true,"href":"https:\/\/agora.xtec.cat\/ceipcanllong\/wp-json\/wp\/v2\/comments?post=18891"}],"version-history":[{"count":3,"href":"https:\/\/agora.xtec.cat\/ceipcanllong\/wp-json\/wp\/v2\/pages\/18891\/revisions"}],"predecessor-version":[{"id":19638,"href":"https:\/\/agora.xtec.cat\/ceipcanllong\/wp-json\/wp\/v2\/pages\/18891\/revisions\/19638"}],"up":[{"embeddable":true,"href":"https:\/\/agora.xtec.cat\/ceipcanllong\/wp-json\/wp\/v2\/pages\/18849"}],"wp:attachment":[{"href":"https:\/\/agora.xtec.cat\/ceipcanllong\/wp-json\/wp\/v2\/media?parent=18891"}],"curies":[{"name":"wp","href":"https:\/\/api.w.org\/{rel}","templated":true}]}}

Avaluació i millora

<div class="a2a_kit a2a_kit_size_32 addtoany_list" data-a2a-url="https://agora.xtec.cat/ceipcanllong/estrategia-digital-de-centre-edc/estrategia/objectius/" data-a2a-title="Objectius"></div>
<div data-a2a-url="https://agora.xtec.cat/ceipcanllong/estrategia-digital-de-centre-edc/estrategia/objectius/" data-a2a-title="Objectius">
<p>L&#8217;avaluació és un apartat de l&#8217;EDC que va lligada als objectius plantejats. Cada objectiu te assignades diverses activitats per tal de treballar-ho. Durant el curs es fa el seguiment i l&#8217;avaluació.</p>
<p>Per tal d’avaluar la implementació de l’Estratègia digital, s’ha creat un document intern d’avaluació per recollir les respostes i els resultats de les activitats anuals, algunes a través de l’observació i d’altres d’una enquesta elaborada amb Google Forms que respondran els agents implicats.</p>
<p>Posteriorment, amb les dades obtingudes, es farà la valoració d&#8217;aquells objectius treballats per conèixer quins s&#8217;han assolit i quins dels objectius encara s&#8217;han de consolidar.</p>
</div>
<p>Pel que fa al curs 2022-2023 hem treballat alguns dels objectius amb diverses activitats i la valoració ha estat positiva. S&#8217;ha iniciat totes les activitats previstes i s&#8217;han obtingut els següents resultats:</p>
<p><strong>Objectiu 1 :</strong> Potenciar la formació digital del professorat per aconseguir la seva introducció en la docència del centre: Assolida amb èxit.</p>
<p><strong>Activitat</strong>:</p>
<ul>
<li>Sessió de reciclatge del funcionament digital de l&#8217;escola (EVA, Panells, PDI, fotocopiadores&#8230;): Assolida amb èxit.</li>
<li>Formació interna de centre Estratègia digital de centre: Assolida amb èxit.</li>
<li>Sessió d&#8217;intercanvi de bones pràctiques digitals: Assolida amb èxit.&nbsp;</li>
</ul>
<p><strong>Objectiu 2</strong> : Actualització de la documentació de la cultura digital del centre i elaboració de nous documents per millorar la gestió digital del centre</p>
<p><strong>Activitat: </strong></p>
<ul>
<li>Reunions per revisar/actualitzar la documentació: Assolida amb èxit.</li>
<li>Creació del document &#8220;PLA DE COMUNICACIÓ&#8221;: Assolida amb èxit.&nbsp;</li>
</ul>
<p>&nbsp;</p>

<p>L&#8217;avaluació és un apartat de l&#8217;EDC que va lligada als objectius plantejats. Cada objectiu te assignades diverses activitats per tal de treballar-ho. Durant el curs es fa el seguiment i l&#8217;avaluació.<br />
Per tal d’avaluar la implementació de l’Estratègia digital, s’ha creat un document intern d’avaluació per&hellip;  <a href="https://agora.xtec.cat/ceipcanllong/estrategia-digital-de-centre-edc/estrategia/avaluacio-i-millora/" title="Read Avaluació i millora">Llegeix més»</a></p>
