{"id":18885,"date":"2022-05-16T13:21:54","date_gmt":"2022-05-16T11:21:54","guid":{"rendered":"https:\/\/agora.xtec.cat\/ceipcanllong\/?page_id=18885"},"modified":"2023-06-29T09:54:50","modified_gmt":"2023-06-29T07:54:50","slug":"diagnosi","status":"publish","type":"page","link":"https:\/\/agora.xtec.cat\/ceipcanllong\/estrategia-digital-de-centre-edc\/estrategia\/diagnosi\/","title":{"rendered":"Diagnosi"},"content":{"rendered":"<p>Per elaborar l&#8217;Estrat\u00e8gia Digital hem partit d&#8217;una diagnosi a la que han participat tots els membres de la Comunitat Educativa que ens ha perm\u00e8s identificar el punt en el qual ens trobem a la nostra escola i elaborar totes les actuacions que permetran avan\u00e7ar en el seu desenvolupament.<\/p>\n<p>Les eines que s&#8217;han fet servir per elaborar la diagnosi han sigut:<\/p>\n<p><strong>Eina Selfie<\/strong>: una eina creada per la Comissi\u00f3 Europea, per ajudar als centres educatius a fer una diagnosi del seu grau d\u2019implementaci\u00f3 de les tecnologies digitals. Adre\u00e7at a mestres i alumnat de 6\u00e8<\/p>\n<p><strong>Enquesta<\/strong> <strong>adre\u00e7ada al personal docent<\/strong> per analitzar de forma global la Cultura Digital al centre, alumnat i mestres.<\/p>\n<p><strong>Enquesta adre\u00e7ada a fam\u00edlies<\/strong> per analitzar la seva visi\u00f3 sobre la Cultura Digital del centre.<\/p>\n<p>Un cop analitzada la informaci\u00f3 podem destacar punts forts com per exemple el disposar al <strong>centre<\/strong> d&#8217;una bona infrastructura i un equipament suficient per iniciar el desplegament de la EDC, d&#8217;un <strong>claustre<\/strong> amb bon domini de la tecnologia en l&#8217;elaboraci\u00f3 de tasques di\u00e0ries, disposar de <strong>families<\/strong> coneixedores de les eines digitals que fem servir en el dia a dia al centre tant de comunicaci\u00f3 fam\u00edlia-escola com de treball dels seus fills\/es i un <strong>alumnat<\/strong> amb un alt grau de satisfacci\u00f3 i receptivitat per a la realitzaci\u00f3 d&#8217;activitats fent servir tecnologies segons les seves necessitats.<\/p>\n<p>D&#8217;altra banda caldr\u00e0 treballar per millorar aspectes com fins ara la poca promoci\u00f3 de la cultura de comunicaci\u00f3 i col\u00b7laboraci\u00f3 per compartir experi\u00e8ncies digitals fora del <strong>centre<\/strong>, millorar l&#8217;experi\u00e8ncia en l&#8217;\u00fas d&#8217;entorns d&#8217;aprenentatge per part del <strong>professorat<\/strong>, donar a con\u00e8ixer a les <strong>fam\u00edlies<\/strong> nous recursos digitals per ajudar als seus fills\/es en tasques escolars i promoure entre <strong>l&#8217;alumnat<\/strong> l&#8217;\u00fas no l\u00fadic de la tecnologia a la llar, centrant-se en fer-la servir com a suport a la seva formaci\u00f3.<\/p>\n<p>A partir d&#8217;aquesta diagnosi estem elaborant el desplegament de l&#8217;Estrat\u00e8gia Digital del nostre centre. La Comissi\u00f3 Digital de Centre treballar\u00e0 els punts febles detectats i vetllar\u00e0 per mantenir els punts forts recollits a la documentaci\u00f3.<\/p>\n<p>&nbsp;<\/p>\n<p>&nbsp;<\/p>\n","protected":false},"excerpt":{"rendered":"<p>Per elaborar l&#8217;Estrat\u00e8gia Digital hem partit d&#8217;una diagnosi a la que han participat tots els membres de la Comunitat Educativa que ens ha perm\u00e8s identificar el punt en el qual ens trobem a la nostra escola i elaborar totes les actuacions que permetran avan\u00e7ar en&hellip;  <a href=\"https:\/\/agora.xtec.cat\/ceipcanllong\/estrategia-digital-de-centre-edc\/estrategia\/diagnosi\/\" title=\"Read Diagnosi\">Llegeix m\u00e9s\u00bb<\/a><\/p>\n","protected":false},"author":1,"featured_media":0,"parent":18849,"menu_order":0,"comment_status":"closed","ping_status":"closed","template":"page-templates\/side-menu.php","meta":{"_bbp_topic_count":0,"_bbp_reply_count":0,"_bbp_total_topic_count":0,"_bbp_total_reply_count":0,"_bbp_voice_count":0,"_bbp_anonymous_reply_count":0,"_bbp_topic_count_hidden":0,"_bbp_reply_count_hidden":0,"_bbp_forum_subforum_count":0,"footnotes":""},"class_list":["post-18885","page","type-page","status-publish","hentry"],"post_mailing_queue_ids":[],"_links":{"self":[{"href":"https:\/\/agora.xtec.cat\/ceipcanllong\/wp-json\/wp\/v2\/pages\/18885","targetHints":{"allow":["GET"]}}],"collection":[{"href":"https:\/\/agora.xtec.cat\/ceipcanllong\/wp-json\/wp\/v2\/pages"}],"about":[{"href":"https:\/\/agora.xtec.cat\/ceipcanllong\/wp-json\/wp\/v2\/types\/page"}],"author":[{"embeddable":true,"href":"https:\/\/agora.xtec.cat\/ceipcanllong\/wp-json\/wp\/v2\/users\/1"}],"replies":[{"embeddable":true,"href":"https:\/\/agora.xtec.cat\/ceipcanllong\/wp-json\/wp\/v2\/comments?post=18885"}],"version-history":[{"count":3,"href":"https:\/\/agora.xtec.cat\/ceipcanllong\/wp-json\/wp\/v2\/pages\/18885\/revisions"}],"predecessor-version":[{"id":19637,"href":"https:\/\/agora.xtec.cat\/ceipcanllong\/wp-json\/wp\/v2\/pages\/18885\/revisions\/19637"}],"up":[{"embeddable":true,"href":"https:\/\/agora.xtec.cat\/ceipcanllong\/wp-json\/wp\/v2\/pages\/18849"}],"wp:attachment":[{"href":"https:\/\/agora.xtec.cat\/ceipcanllong\/wp-json\/wp\/v2\/media?parent=18885"}],"curies":[{"name":"wp","href":"https:\/\/api.w.org\/{rel}","templated":true}]}}

<p>Per elaborar l&#8217;Estratègia Digital hem partit d&#8217;una diagnosi a la que han participat tots els membres de la Comunitat Educativa que ens ha permès identificar el punt en el qual ens trobem a la nostra escola i elaborar totes les actuacions que permetran avançar en el seu desenvolupament.</p>
<p>Les eines que s&#8217;han fet servir per elaborar la diagnosi han sigut:</p>
<p><strong>Eina Selfie</strong>: una eina creada per la Comissió Europea, per ajudar als centres educatius a fer una diagnosi del seu grau d’implementació de les tecnologies digitals. Adreçat a mestres i alumnat de 6è</p>
<p><strong>Enquesta</strong> <strong>adreçada al personal docent</strong> per analitzar de forma global la Cultura Digital al centre, alumnat i mestres.</p>
<p><strong>Enquesta adreçada a famílies</strong> per analitzar la seva visió sobre la Cultura Digital del centre.</p>
<p>Un cop analitzada la informació podem destacar punts forts com per exemple el disposar al <strong>centre</strong> d&#8217;una bona infrastructura i un equipament suficient per iniciar el desplegament de la EDC, d&#8217;un <strong>claustre</strong> amb bon domini de la tecnologia en l&#8217;elaboració de tasques diàries, disposar de <strong>families</strong> coneixedores de les eines digitals que fem servir en el dia a dia al centre tant de comunicació família-escola com de treball dels seus fills/es i un <strong>alumnat</strong> amb un alt grau de satisfacció i receptivitat per a la realització d&#8217;activitats fent servir tecnologies segons les seves necessitats.</p>
<p>D&#8217;altra banda caldrà treballar per millorar aspectes com fins ara la poca promoció de la cultura de comunicació i col·laboració per compartir experiències digitals fora del <strong>centre</strong>, millorar l&#8217;experiència en l&#8217;ús d&#8217;entorns d&#8217;aprenentatge per part del <strong>professorat</strong>, donar a conèixer a les <strong>famílies</strong> nous recursos digitals per ajudar als seus fills/es en tasques escolars i promoure entre <strong>l&#8217;alumnat</strong> l&#8217;ús no lúdic de la tecnologia a la llar, centrant-se en fer-la servir com a suport a la seva formació.</p>
<p>A partir d&#8217;aquesta diagnosi estem elaborant el desplegament de l&#8217;Estratègia Digital del nostre centre. La Comissió Digital de Centre treballarà els punts febles detectats i vetllarà per mantenir els punts forts recollits a la documentació.</p>
<p>&nbsp;</p>
<p>&nbsp;</p>

<p>Per elaborar l&#8217;Estratègia Digital hem partit d&#8217;una diagnosi a la que han participat tots els membres de la Comunitat Educativa que ens ha permès identificar el punt en el qual ens trobem a la nostra escola i elaborar totes les actuacions que permetran avançar en&hellip;  <a href="https://agora.xtec.cat/ceipcanllong/estrategia-digital-de-centre-edc/estrategia/diagnosi/" title="Read Diagnosi">Llegeix més»</a></p>
