{"id":18685,"date":"2022-04-01T12:10:33","date_gmt":"2022-04-01T10:10:33","guid":{"rendered":"https:\/\/agora.xtec.cat\/ceipcanllong\/?page_id=18685"},"modified":"2023-01-25T10:41:22","modified_gmt":"2023-01-25T09:41:22","slug":"estrategia-digital-de-centre-edc","status":"publish","type":"page","link":"https:\/\/agora.xtec.cat\/ceipcanllong\/estrategia-digital-de-centre-edc\/","title":{"rendered":"Estrat\u00e8gia Digital de Centre (EDC)"},"content":{"rendered":"<p><img loading=\"lazy\" decoding=\"async\" class=\"alignnone size-full wp-image-18674\" src=\"https:\/\/agora.xtec.cat\/ceipcanllong\/wp-content\/uploads\/usu1544\/2022\/04\/barra.jpg\" alt=\"\" width=\"1021\" height=\"180\" srcset=\"https:\/\/agora.xtec.cat\/ceipcanllong\/wp-content\/uploads\/usu1544\/2022\/04\/barra.jpg 1021w, https:\/\/agora.xtec.cat\/ceipcanllong\/wp-content\/uploads\/usu1544\/2022\/04\/barra-300x53.jpg 300w, https:\/\/agora.xtec.cat\/ceipcanllong\/wp-content\/uploads\/usu1544\/2022\/04\/barra-768x135.jpg 768w\" sizes=\"auto, (max-width: 1021px) 100vw, 1021px\" \/><\/p>\n<p>L\u2019Estrat\u00e8gia Digital de Centre (EDC) \u00e9s un document que recull totes les accions que es realitzen en un centre, i les que es realitzaran a mitj\u00e0 termini, per aconseguir la m\u00e0xima compet\u00e8ncia digital de l\u2019alumnat, del professorat i del centre educatiu. Ha de tenir com a referent el Pla d\u2019educaci\u00f3 digital de Catalunya (PEDC), on s\u2019indica la necessitat d\u2019assolir la fita d\u2019una societat digitalment competent, fent \u00e8mfasi en l\u2019equitat i tenint en compte l\u2019evoluci\u00f3 del context social i tecnol\u00f2gic.<\/p>\n<p><img loading=\"lazy\" decoding=\"async\" class=\"size-full wp-image-18671 aligncenter\" src=\"https:\/\/agora.xtec.cat\/ceipcanllong\/wp-content\/uploads\/usu1544\/2022\/04\/PPT.jpg\" alt=\"\" width=\"808\" height=\"538\" srcset=\"https:\/\/agora.xtec.cat\/ceipcanllong\/wp-content\/uploads\/usu1544\/2022\/04\/PPT.jpg 808w, https:\/\/agora.xtec.cat\/ceipcanllong\/wp-content\/uploads\/usu1544\/2022\/04\/PPT-300x200.jpg 300w, https:\/\/agora.xtec.cat\/ceipcanllong\/wp-content\/uploads\/usu1544\/2022\/04\/PPT-768x511.jpg 768w\" sizes=\"auto, (max-width: 808px) 100vw, 808px\" \/><\/p>\n<p>&nbsp;<\/p>\n<p><img loading=\"lazy\" decoding=\"async\" class=\"size-full wp-image-18672 aligncenter\" src=\"https:\/\/agora.xtec.cat\/ceipcanllong\/wp-content\/uploads\/usu1544\/2022\/04\/PPTT1.jpg\" alt=\"\" width=\"770\" height=\"536\" srcset=\"https:\/\/agora.xtec.cat\/ceipcanllong\/wp-content\/uploads\/usu1544\/2022\/04\/PPTT1.jpg 770w, https:\/\/agora.xtec.cat\/ceipcanllong\/wp-content\/uploads\/usu1544\/2022\/04\/PPTT1-300x209.jpg 300w, https:\/\/agora.xtec.cat\/ceipcanllong\/wp-content\/uploads\/usu1544\/2022\/04\/PPTT1-768x535.jpg 768w\" sizes=\"auto, (max-width: 770px) 100vw, 770px\" \/><\/p>\n<p>En definitiva, \u00e9s un document que recull la gesti\u00f3 di\u00e0ria de l&#8217;organitzaci\u00f3 digital del centre. (Qu\u00e8 est\u00e0 fent el centre en temes digitals i quines accions t\u00e9 consolidades i funcionen) Recopila la informaci\u00f3 per accedir-hi f\u00e0cilment.<\/p>\n<p><img loading=\"lazy\" decoding=\"async\" class=\"alignnone size-large wp-image-19351\" src=\"https:\/\/agora.xtec.cat\/ceipcanllong\/wp-content\/uploads\/usu1544\/2023\/01\/Logos_documents-1024x137.jpg\" alt=\"\" width=\"1024\" height=\"137\" srcset=\"https:\/\/agora.xtec.cat\/ceipcanllong\/wp-content\/uploads\/usu1544\/2023\/01\/Logos_documents-1024x137.jpg 1024w, https:\/\/agora.xtec.cat\/ceipcanllong\/wp-content\/uploads\/usu1544\/2023\/01\/Logos_documents-300x40.jpg 300w, https:\/\/agora.xtec.cat\/ceipcanllong\/wp-content\/uploads\/usu1544\/2023\/01\/Logos_documents-768x103.jpg 768w, https:\/\/agora.xtec.cat\/ceipcanllong\/wp-content\/uploads\/usu1544\/2023\/01\/Logos_documents-1536x205.jpg 1536w, https:\/\/agora.xtec.cat\/ceipcanllong\/wp-content\/uploads\/usu1544\/2023\/01\/Logos_documents-2048x273.jpg 2048w\" sizes=\"auto, (max-width: 1024px) 100vw, 1024px\" \/><\/p>\n","protected":false},"excerpt":{"rendered":"<p>L\u2019Estrat\u00e8gia Digital de Centre (EDC) \u00e9s un document que recull totes les accions que es realitzen en un centre, i les que es realitzaran a mitj\u00e0 termini, per aconseguir la m\u00e0xima compet\u00e8ncia digital de l\u2019alumnat, del professorat i del centre educatiu. Ha de tenir com&hellip;  <a href=\"https:\/\/agora.xtec.cat\/ceipcanllong\/estrategia-digital-de-centre-edc\/\" title=\"Read Estrat\u00e8gia Digital de Centre (EDC)\">Llegeix m\u00e9s\u00bb<\/a><\/p>\n","protected":false},"author":1,"featured_media":0,"parent":0,"menu_order":0,"comment_status":"closed","ping_status":"closed","template":"page-templates\/side-menu.php","meta":{"_bbp_topic_count":0,"_bbp_reply_count":0,"_bbp_total_topic_count":0,"_bbp_total_reply_count":0,"_bbp_voice_count":0,"_bbp_anonymous_reply_count":0,"_bbp_topic_count_hidden":0,"_bbp_reply_count_hidden":0,"_bbp_forum_subforum_count":0,"footnotes":""},"class_list":["post-18685","page","type-page","status-publish","hentry"],"post_mailing_queue_ids":[],"_links":{"self":[{"href":"https:\/\/agora.xtec.cat\/ceipcanllong\/wp-json\/wp\/v2\/pages\/18685","targetHints":{"allow":["GET"]}}],"collection":[{"href":"https:\/\/agora.xtec.cat\/ceipcanllong\/wp-json\/wp\/v2\/pages"}],"about":[{"href":"https:\/\/agora.xtec.cat\/ceipcanllong\/wp-json\/wp\/v2\/types\/page"}],"author":[{"embeddable":true,"href":"https:\/\/agora.xtec.cat\/ceipcanllong\/wp-json\/wp\/v2\/users\/1"}],"replies":[{"embeddable":true,"href":"https:\/\/agora.xtec.cat\/ceipcanllong\/wp-json\/wp\/v2\/comments?post=18685"}],"version-history":[{"count":3,"href":"https:\/\/agora.xtec.cat\/ceipcanllong\/wp-json\/wp\/v2\/pages\/18685\/revisions"}],"predecessor-version":[{"id":19352,"href":"https:\/\/agora.xtec.cat\/ceipcanllong\/wp-json\/wp\/v2\/pages\/18685\/revisions\/19352"}],"wp:attachment":[{"href":"https:\/\/agora.xtec.cat\/ceipcanllong\/wp-json\/wp\/v2\/media?parent=18685"}],"curies":[{"name":"wp","href":"https:\/\/api.w.org\/{rel}","templated":true}]}}

Estratègia Digital de Centre (EDC)

<p><img loading="lazy" decoding="async" class="alignnone size-full wp-image-18674" src="https://agora.xtec.cat/ceipcanllong/wp-content/uploads/usu1544/2022/04/barra.jpg" alt="" width="1021" height="180" srcset="https://agora.xtec.cat/ceipcanllong/wp-content/uploads/usu1544/2022/04/barra.jpg 1021w, https://agora.xtec.cat/ceipcanllong/wp-content/uploads/usu1544/2022/04/barra-300x53.jpg 300w, https://agora.xtec.cat/ceipcanllong/wp-content/uploads/usu1544/2022/04/barra-768x135.jpg 768w" sizes="auto, (max-width: 1021px) 100vw, 1021px" /></p>
<p>L’Estratègia Digital de Centre (EDC) és un document que recull totes les accions que es realitzen en un centre, i les que es realitzaran a mitjà termini, per aconseguir la màxima competència digital de l’alumnat, del professorat i del centre educatiu. Ha de tenir com a referent el Pla d’educació digital de Catalunya (PEDC), on s’indica la necessitat d’assolir la fita d’una societat digitalment competent, fent èmfasi en l’equitat i tenint en compte l’evolució del context social i tecnològic.</p>
<p><img loading="lazy" decoding="async" class="size-full wp-image-18671 aligncenter" src="https://agora.xtec.cat/ceipcanllong/wp-content/uploads/usu1544/2022/04/PPT.jpg" alt="" width="808" height="538" srcset="https://agora.xtec.cat/ceipcanllong/wp-content/uploads/usu1544/2022/04/PPT.jpg 808w, https://agora.xtec.cat/ceipcanllong/wp-content/uploads/usu1544/2022/04/PPT-300x200.jpg 300w, https://agora.xtec.cat/ceipcanllong/wp-content/uploads/usu1544/2022/04/PPT-768x511.jpg 768w" sizes="auto, (max-width: 808px) 100vw, 808px" /></p>
<p>&nbsp;</p>
<p><img loading="lazy" decoding="async" class="size-full wp-image-18672 aligncenter" src="https://agora.xtec.cat/ceipcanllong/wp-content/uploads/usu1544/2022/04/PPTT1.jpg" alt="" width="770" height="536" srcset="https://agora.xtec.cat/ceipcanllong/wp-content/uploads/usu1544/2022/04/PPTT1.jpg 770w, https://agora.xtec.cat/ceipcanllong/wp-content/uploads/usu1544/2022/04/PPTT1-300x209.jpg 300w, https://agora.xtec.cat/ceipcanllong/wp-content/uploads/usu1544/2022/04/PPTT1-768x535.jpg 768w" sizes="auto, (max-width: 770px) 100vw, 770px" /></p>
<p>En definitiva, és un document que recull la gestió diària de l&#8217;organització digital del centre. (Què està fent el centre en temes digitals i quines accions té consolidades i funcionen) Recopila la informació per accedir-hi fàcilment.</p>
<p><img loading="lazy" decoding="async" class="alignnone size-large wp-image-19351" src="https://agora.xtec.cat/ceipcanllong/wp-content/uploads/usu1544/2023/01/Logos_documents-1024x137.jpg" alt="" width="1024" height="137" srcset="https://agora.xtec.cat/ceipcanllong/wp-content/uploads/usu1544/2023/01/Logos_documents-1024x137.jpg 1024w, https://agora.xtec.cat/ceipcanllong/wp-content/uploads/usu1544/2023/01/Logos_documents-300x40.jpg 300w, https://agora.xtec.cat/ceipcanllong/wp-content/uploads/usu1544/2023/01/Logos_documents-768x103.jpg 768w, https://agora.xtec.cat/ceipcanllong/wp-content/uploads/usu1544/2023/01/Logos_documents-1536x205.jpg 1536w, https://agora.xtec.cat/ceipcanllong/wp-content/uploads/usu1544/2023/01/Logos_documents-2048x273.jpg 2048w" sizes="auto, (max-width: 1024px) 100vw, 1024px" /></p>

<p>L’Estratègia Digital de Centre (EDC) és un document que recull totes les accions que es realitzen en un centre, i les que es realitzaran a mitjà termini, per aconseguir la màxima competència digital de l’alumnat, del professorat i del centre educatiu. Ha de tenir com&hellip;  <a href="https://agora.xtec.cat/ceipcanllong/estrategia-digital-de-centre-edc/" title="Read Estratègia Digital de Centre (EDC)">Llegeix més»</a></p>
