{"id":16457,"date":"2021-03-25T13:08:09","date_gmt":"2021-03-25T12:08:09","guid":{"rendered":"http:\/\/agora.xtec.cat\/ceipcanllong\/?page_id=16457"},"modified":"2025-09-20T13:10:52","modified_gmt":"2025-09-20T11:10:52","slug":"autoritzacions","status":"publish","type":"page","link":"https:\/\/agora.xtec.cat\/ceipcanllong\/autoritzacions\/","title":{"rendered":"Autoritzacions"},"content":{"rendered":"<p>Feu click per descarregar els documents:<\/p>\n<p><a href=\"https:\/\/agora.xtec.cat\/ceipcanllong\/wp-content\/uploads\/usu1544\/2025\/09\/autoritzacio-recollida-families.pdf\">Autoritzaci\u00f3 recollida alumnat<\/a><\/p>\n<p><a href=\"https:\/\/agora.xtec.cat\/ceipcanllong\/wp-content\/uploads\/usu1544\/2025\/09\/Autoritzacio-puntual-recollida-alumnat.pdf\">Autoritzaci\u00f3 puntual recollida alumnat<\/a><\/p>\n<p><a href=\"https:\/\/agora.xtec.cat\/ceipcanllong\/wp-content\/uploads\/usu1544\/2025\/09\/autoritzacio-germans.pdf\">Autoritzaci\u00f3 recollida germans\/es<\/a><\/p>\n<p><a href=\"https:\/\/agora.xtec.cat\/ceipcanllong\/wp-content\/uploads\/usu1544\/2025\/09\/Autoritzacio-us-serveis-i-recursos-digitals.pdf\">Autoritzaci\u00f3 \u00fas de serveis i recursos digitals a Internet<\/a><\/p>\n<p><a href=\"https:\/\/agora.xtec.cat\/ceipcanllong\/wp-content\/uploads\/usu1544\/2025\/09\/Autoritzacio-sortides-i-dret-dimatge-escolars-copia.pdf\"><span style=\"font-weight: 400;\">Autoritzaci\u00f3 sortides i dret d&#8217;imatge<\/span><\/a><\/p>\n<p><a href=\"https:\/\/agora.xtec.cat\/ceipcanllong\/wp-content\/uploads\/usu1544\/2025\/09\/autoritzacio-medicacio.pdf\">Autoritzaci\u00f3 per a l&#8217;administraci\u00f3 de medicaci\u00f3<\/a><\/p>\n<p>&nbsp;<\/p>\n<p>&nbsp;<\/p>\n<p>&nbsp;<\/p>\n","protected":false},"excerpt":{"rendered":"<p>Feu click per descarregar els documents:<br \/>\n<a href=\"https:\/\/agora.xtec.cat\/ceipcanllong\/wp-content\/uploads\/usu1544\/2025\/09\/autoritzacio-recollida-families.pdf\">Autoritzaci\u00f3 recollida alumnat<\/a><br \/>\n<a href=\"https:\/\/agora.xtec.cat\/ceipcanllong\/wp-content\/uploads\/usu1544\/2025\/09\/Autoritzacio-puntual-recollida-alumnat.pdf\">Autoritzaci\u00f3 puntual recollida alumnat<\/a><br \/>\n<a href=\"https:\/\/agora.xtec.cat\/ceipcanllong\/wp-content\/uploads\/usu1544\/2025\/09\/autoritzacio-germans.pdf\">Autoritzaci\u00f3 recollida germans\/es<\/a><br \/>\n<a href=\"https:\/\/agora.xtec.cat\/ceipcanllong\/wp-content\/uploads\/usu1544\/2025\/09\/Autoritzacio-us-serveis-i-recursos-digitals.pdf\">Autoritzaci\u00f3 \u00fas de serveis i recursos digitals a Internet<\/a><br \/>\n<a href=\"https:\/\/agora.xtec.cat\/ceipcanllong\/wp-content\/uploads\/usu1544\/2025\/09\/Autoritzacio-sortides-i-dret-dimatge-escolars-copia.pdf\">Autoritzaci\u00f3 sortides i dret d&#8217;imatge<\/a><br \/>\n<a href=\"https:\/\/agora.xtec.cat\/ceipcanllong\/wp-content\/uploads\/usu1544\/2025\/09\/autoritzacio-medicacio.pdf\">Autoritzaci\u00f3 per a l&#8217;administraci\u00f3 de medicaci\u00f3<\/a><br \/>\n&nbsp;<br \/>\n&nbsp;<br \/>\n&nbsp;<\/p>\n","protected":false},"author":1,"featured_media":0,"parent":0,"menu_order":0,"comment_status":"closed","ping_status":"closed","template":"","meta":{"_bbp_topic_count":0,"_bbp_reply_count":0,"_bbp_total_topic_count":0,"_bbp_total_reply_count":0,"_bbp_voice_count":0,"_bbp_anonymous_reply_count":0,"_bbp_topic_count_hidden":0,"_bbp_reply_count_hidden":0,"_bbp_forum_subforum_count":0,"footnotes":""},"class_list":["post-16457","page","type-page","status-publish","hentry"],"post_mailing_queue_ids":[],"_links":{"self":[{"href":"https:\/\/agora.xtec.cat\/ceipcanllong\/wp-json\/wp\/v2\/pages\/16457","targetHints":{"allow":["GET"]}}],"collection":[{"href":"https:\/\/agora.xtec.cat\/ceipcanllong\/wp-json\/wp\/v2\/pages"}],"about":[{"href":"https:\/\/agora.xtec.cat\/ceipcanllong\/wp-json\/wp\/v2\/types\/page"}],"author":[{"embeddable":true,"href":"https:\/\/agora.xtec.cat\/ceipcanllong\/wp-json\/wp\/v2\/users\/1"}],"replies":[{"embeddable":true,"href":"https:\/\/agora.xtec.cat\/ceipcanllong\/wp-json\/wp\/v2\/comments?post=16457"}],"version-history":[{"count":7,"href":"https:\/\/agora.xtec.cat\/ceipcanllong\/wp-json\/wp\/v2\/pages\/16457\/revisions"}],"predecessor-version":[{"id":20116,"href":"https:\/\/agora.xtec.cat\/ceipcanllong\/wp-json\/wp\/v2\/pages\/16457\/revisions\/20116"}],"wp:attachment":[{"href":"https:\/\/agora.xtec.cat\/ceipcanllong\/wp-json\/wp\/v2\/media?parent=16457"}],"curies":[{"name":"wp","href":"https:\/\/api.w.org\/{rel}","templated":true}]}}

<p>Feu click per descarregar els documents:</p>
<p><a href="https://agora.xtec.cat/ceipcanllong/wp-content/uploads/usu1544/2025/09/autoritzacio-recollida-families.pdf">Autorització recollida alumnat</a></p>
<p><a href="https://agora.xtec.cat/ceipcanllong/wp-content/uploads/usu1544/2025/09/Autoritzacio-puntual-recollida-alumnat.pdf">Autorització puntual recollida alumnat</a></p>
<p><a href="https://agora.xtec.cat/ceipcanllong/wp-content/uploads/usu1544/2025/09/autoritzacio-germans.pdf">Autorització recollida germans/es</a></p>
<p><a href="https://agora.xtec.cat/ceipcanllong/wp-content/uploads/usu1544/2025/09/Autoritzacio-us-serveis-i-recursos-digitals.pdf">Autorització ús de serveis i recursos digitals a Internet</a></p>
<p><a href="https://agora.xtec.cat/ceipcanllong/wp-content/uploads/usu1544/2025/09/Autoritzacio-sortides-i-dret-dimatge-escolars-copia.pdf"><span style="font-weight: 400;">Autorització sortides i dret d&#8217;imatge</span></a></p>
<p><a href="https://agora.xtec.cat/ceipcanllong/wp-content/uploads/usu1544/2025/09/autoritzacio-medicacio.pdf">Autorització per a l&#8217;administració de medicació</a></p>
<p>&nbsp;</p>
<p>&nbsp;</p>
<p>&nbsp;</p>

<p>Feu click per descarregar els documents:<br />
<a href="https://agora.xtec.cat/ceipcanllong/wp-content/uploads/usu1544/2025/09/autoritzacio-recollida-families.pdf">Autorització recollida alumnat</a><br />
<a href="https://agora.xtec.cat/ceipcanllong/wp-content/uploads/usu1544/2025/09/Autoritzacio-puntual-recollida-alumnat.pdf">Autorització puntual recollida alumnat</a><br />
<a href="https://agora.xtec.cat/ceipcanllong/wp-content/uploads/usu1544/2025/09/autoritzacio-germans.pdf">Autorització recollida germans/es</a><br />
<a href="https://agora.xtec.cat/ceipcanllong/wp-content/uploads/usu1544/2025/09/Autoritzacio-us-serveis-i-recursos-digitals.pdf">Autorització ús de serveis i recursos digitals a Internet</a><br />
<a href="https://agora.xtec.cat/ceipcanllong/wp-content/uploads/usu1544/2025/09/Autoritzacio-sortides-i-dret-dimatge-escolars-copia.pdf">Autorització sortides i dret d&#8217;imatge</a><br />
<a href="https://agora.xtec.cat/ceipcanllong/wp-content/uploads/usu1544/2025/09/autoritzacio-medicacio.pdf">Autorització per a l&#8217;administració de medicació</a><br />
&nbsp;<br />
&nbsp;<br />
&nbsp;</p>
