{"id":7367,"date":"2025-10-09T16:15:12","date_gmt":"2025-10-09T14:15:12","guid":{"rendered":"https:\/\/agora.xtec.cat\/ceipcanigo\/?page_id=7367"},"modified":"2026-01-23T16:18:01","modified_gmt":"2026-01-23T15:18:01","slug":"entrevistes","status":"publish","type":"page","link":"https:\/\/agora.xtec.cat\/ceipcanigo\/lescola\/entrevistes\/","title":{"rendered":"Comunicaci\u00f3"},"content":{"rendered":"\n<p>Un dels pilars m\u00e9s importants de la comunicaci\u00f3 fam\u00edlia-escola s\u00f3n les entrevistes.  Podeu concertar-les a trav\u00e9s de la <a href=\"https:\/\/agora.xtec.cat\/ceipcanigo\/lescola\/entrevistes\/entrevistes\/\" data-type=\"page\" data-id=\"7380\">web<\/a> amb uns pocs clics.<\/p>\n\n\n\n<p>A m\u00e9s, a l&#8217;escola fem servir el dinantia com a eina de comunicaci\u00f3. Recordeu el seu funcionament:<\/p>\n\n\n\n<figure class=\"wp-block-image size-full\"><a href=\"https:\/\/agora.xtec.cat\/ceipcanigo\/wp-content\/uploads\/usu1259\/2025\/10\/El-dinantia.jpg\"><img loading=\"lazy\" decoding=\"async\" width=\"960\" height=\"540\" src=\"https:\/\/agora.xtec.cat\/ceipcanigo\/wp-content\/uploads\/usu1259\/2025\/10\/El-dinantia.jpg\" alt=\"\" class=\"wp-image-7378\" srcset=\"https:\/\/agora.xtec.cat\/ceipcanigo\/wp-content\/uploads\/usu1259\/2025\/10\/El-dinantia.jpg 960w, https:\/\/agora.xtec.cat\/ceipcanigo\/wp-content\/uploads\/usu1259\/2025\/10\/El-dinantia-300x169.jpg 300w, https:\/\/agora.xtec.cat\/ceipcanigo\/wp-content\/uploads\/usu1259\/2025\/10\/El-dinantia-768x432.jpg 768w\" sizes=\"auto, (max-width: 960px) 100vw, 960px\" \/><\/a><\/figure>\n","protected":false},"excerpt":{"rendered":"<p>Un dels pilars m\u00e9s importants de la comunicaci\u00f3 fam\u00edlia-escola s\u00f3n les entrevistes. Podeu concertar-les a trav\u00e9s de la web amb [&hellip;]<\/p>\n","protected":false},"author":1,"featured_media":0,"parent":22,"menu_order":0,"comment_status":"closed","ping_status":"closed","template":"","meta":{"_bbp_topic_count":0,"_bbp_reply_count":0,"_bbp_total_topic_count":0,"_bbp_total_reply_count":0,"_bbp_voice_count":0,"_bbp_anonymous_reply_count":0,"_bbp_topic_count_hidden":0,"_bbp_reply_count_hidden":0,"_bbp_forum_subforum_count":0,"site-sidebar-layout":"default","site-content-layout":"","ast-site-content-layout":"default","site-content-style":"default","site-sidebar-style":"default","ast-global-header-display":"","ast-banner-title-visibility":"","ast-main-header-display":"","ast-hfb-above-header-display":"","ast-hfb-below-header-display":"","ast-hfb-mobile-header-display":"","site-post-title":"","ast-breadcrumbs-content":"","ast-featured-img":"","footer-sml-layout":"","theme-transparent-header-meta":"","adv-header-id-meta":"","stick-header-meta":"","header-above-stick-meta":"","header-main-stick-meta":"","header-below-stick-meta":"","astra-migrate-meta-layouts":"set","ast-page-background-enabled":"default","ast-page-background-meta":{"desktop":{"background-color":"var(--ast-global-color-4)","background-image":"","background-repeat":"repeat","background-position":"center center","background-size":"auto","background-attachment":"scroll","background-type":"","background-media":"","overlay-type":"","overlay-color":"","overlay-opacity":"","overlay-gradient":""},"tablet":{"background-color":"","background-image":"","background-repeat":"repeat","background-position":"center center","background-size":"auto","background-attachment":"scroll","background-type":"","background-media":"","overlay-type":"","overlay-color":"","overlay-opacity":"","overlay-gradient":""},"mobile":{"background-color":"","background-image":"","background-repeat":"repeat","background-position":"center center","background-size":"auto","background-attachment":"scroll","background-type":"","background-media":"","overlay-type":"","overlay-color":"","overlay-opacity":"","overlay-gradient":""}},"ast-content-background-meta":{"desktop":{"background-color":"var(--ast-global-color-5)","background-image":"","background-repeat":"repeat","background-position":"center center","background-size":"auto","background-attachment":"scroll","background-type":"","background-media":"","overlay-type":"","overlay-color":"","overlay-opacity":"","overlay-gradient":""},"tablet":{"background-color":"var(--ast-global-color-5)","background-image":"","background-repeat":"repeat","background-position":"center center","background-size":"auto","background-attachment":"scroll","background-type":"","background-media":"","overlay-type":"","overlay-color":"","overlay-opacity":"","overlay-gradient":""},"mobile":{"background-color":"var(--ast-global-color-5)","background-image":"","background-repeat":"repeat","background-position":"center center","background-size":"auto","background-attachment":"scroll","background-type":"","background-media":"","overlay-type":"","overlay-color":"","overlay-opacity":"","overlay-gradient":""}},"footnotes":""},"class_list":["post-7367","page","type-page","status-publish","hentry"],"post_mailing_queue_ids":[],"_links":{"self":[{"href":"https:\/\/agora.xtec.cat\/ceipcanigo\/wp-json\/wp\/v2\/pages\/7367","targetHints":{"allow":["GET"]}}],"collection":[{"href":"https:\/\/agora.xtec.cat\/ceipcanigo\/wp-json\/wp\/v2\/pages"}],"about":[{"href":"https:\/\/agora.xtec.cat\/ceipcanigo\/wp-json\/wp\/v2\/types\/page"}],"author":[{"embeddable":true,"href":"https:\/\/agora.xtec.cat\/ceipcanigo\/wp-json\/wp\/v2\/users\/1"}],"replies":[{"embeddable":true,"href":"https:\/\/agora.xtec.cat\/ceipcanigo\/wp-json\/wp\/v2\/comments?post=7367"}],"version-history":[{"count":4,"href":"https:\/\/agora.xtec.cat\/ceipcanigo\/wp-json\/wp\/v2\/pages\/7367\/revisions"}],"predecessor-version":[{"id":7420,"href":"https:\/\/agora.xtec.cat\/ceipcanigo\/wp-json\/wp\/v2\/pages\/7367\/revisions\/7420"}],"up":[{"embeddable":true,"href":"https:\/\/agora.xtec.cat\/ceipcanigo\/wp-json\/wp\/v2\/pages\/22"}],"wp:attachment":[{"href":"https:\/\/agora.xtec.cat\/ceipcanigo\/wp-json\/wp\/v2\/media?parent=7367"}],"curies":[{"name":"wp","href":"https:\/\/api.w.org\/{rel}","templated":true}]}}