{"id":11661,"date":"2026-03-02T09:49:55","date_gmt":"2026-03-02T08:49:55","guid":{"rendered":"https:\/\/agora.xtec.cat\/ceipcamins\/?page_id=11661"},"modified":"2026-04-15T09:10:36","modified_gmt":"2026-04-15T07:10:36","slug":"preinscripcio-curs-2026-2027","status":"publish","type":"page","link":"https:\/\/agora.xtec.cat\/ceipcamins\/preinscripcio-curs-2026-2027\/","title":{"rendered":"Preinscripci\u00f3. Curs 2026-2027"},"content":{"rendered":"<p data-start=\"141\" data-end=\"336\">En aquest apartat trobareu tota la informaci\u00f3 relacionada amb el proc\u00e9s de preinscripci\u00f3 per al proper curs: calendari amb les dates clau, documentaci\u00f3 necess\u00e0ria i enlla\u00e7os als tr\u00e0mits oficials.<\/p>\n<p data-start=\"338\" data-end=\"434\">Us recomanem consultar aquesta p\u00e0gina peri\u00f2dicament per estar al dia de qualsevol actualitzaci\u00f3.<\/p>\n<p>Si vols estar al cas de les diferents dates clau i dels terminis, has de tenir en compte alguns aspectes:<\/p>\n<ul>\n<li>El proc\u00e9s de preinscripci\u00f3 escolar<strong>\u00a0s&#8217;inicia amb la presentaci\u00f3 de la sol\u00b7licitud i acaba amb la formalitzaci\u00f3 de la matr\u00edcula.<\/strong><\/li>\n<li><strong>Durant tot aquest temps, hi ha dates i terminis associats a actuacions clau<\/strong>\u00a0que has de tenir presents, ja que determinen l&#8217;assignaci\u00f3 final de places als centres educatius.<\/li>\n<\/ul>\n<p>Aix\u00ed, has d&#8217;estar pendent de les dates i de les gestions espec\u00edfiques de cada moment del proc\u00e9s.<\/p>\n<table style=\"border-collapse: collapse; width: 91.7352%; height: 64px;\">\n<tbody>\n<tr style=\"height: 32px;\">\n<td style=\"width: 107.915%; height: 32px; text-align: center;\" colspan=\"2\"><strong>ABANS DE LA PREINSCRIPCI\u00d3<\/strong><\/td>\n<\/tr>\n<tr style=\"height: 32px;\">\n<td style=\"width: 38.2011%; height: 32px;\"><strong>3 de mar\u00e7 de 2026<\/strong><\/td>\n<td style=\"width: 69.7141%; height: 32px;\"><a href=\"https:\/\/drive.google.com\/file\/d\/1CM69YMvJMLQC2FIiQgCSOlo3_ohNV1Wv\/view?usp=drive_link\">Oferta inicial de places als centres<\/a><\/td>\n<\/tr>\n<\/tbody>\n<\/table>\n<table style=\"border-collapse: collapse; width: 91.6527%;\">\n<tbody>\n<tr>\n<td style=\"width: 91.8336%; text-align: center;\" colspan=\"2\"><strong>DURANT LA PREPARACIO, PRESENTACI\u00d3 I SEGUIMENT DE LA SOL\u00b7LICITUD DE PREINSCRIPCI\u00d3<\/strong><\/td>\n<\/tr>\n<tr>\n<td style=\"width: 34.9398%;\"><strong>Del 4 al 18 de mar\u00e7 de 2026 (a partir de les 9 hores)<\/strong><\/td>\n<td style=\"width: 56.8938%;\">Presentaci\u00f3 de sol\u00b7licituds<\/td>\n<\/tr>\n<tr>\n<td style=\"width: 34.9398%;\"><strong>Fins al 19 de mar\u00e7 de 2026<\/strong><\/td>\n<td style=\"width: 56.8938%;\">Presentaci\u00f3 de documentaci\u00f3<\/td>\n<\/tr>\n<tr>\n<td style=\"width: 34.9398%;\"><strong>15 d&#8217;abril de 2026<\/strong><\/td>\n<td style=\"width: 56.8938%;\"><a href=\"https:\/\/drive.google.com\/file\/d\/1wbY9qy98x2P0lXnKn4Ot0w2qwUYc81WG\/view?usp=drive_link\">Llista de sol\u00b7licituds amb puntuaci\u00f3 provisional<\/a><\/td>\n<\/tr>\n<tr>\n<td style=\"width: 34.9398%;\"><strong>Del 15 al 20 d&#8217;abril de 2026<\/strong><\/td>\n<td style=\"width: 56.8938%;\">Presentaci\u00f3 de reclamacions<\/td>\n<\/tr>\n<tr>\n<td style=\"width: 34.9398%;\"><strong>23 d&#8217;abril de 2026<\/strong><\/td>\n<td style=\"width: 56.8938%;\">Llista de sol\u00b7licituds amb la puntuaci\u00f3 un cop resoltes les reclamacions<\/td>\n<\/tr>\n<tr>\n<td style=\"width: 34.9398%;\"><strong>28 d&#8217;abril de 2026 a les 11 hores<\/strong><\/td>\n<td style=\"width: 56.8938%;\">Sorteig per resoldre les sol\u00b7licituds de preinscripci\u00f3 empatades en punts<\/td>\n<\/tr>\n<tr>\n<td style=\"width: 34.9398%;\"><strong>29 d&#8217;abril de 2026<\/strong><\/td>\n<td style=\"width: 56.8938%;\">Llista ordenada<\/td>\n<\/tr>\n<tr>\n<td style=\"width: 34.9398%;\"><strong>De l&#8217;1 al 3 de juny de 2026<\/strong><\/td>\n<td style=\"width: 56.8938%;\">Ampliaci\u00f3 de peticions de preinscripci\u00f3 per a alumnes sense pla\u00e7a assignada a cap centre<\/td>\n<\/tr>\n<tr>\n<td style=\"width: 34.9398%;\"><strong>10 de juny de 2026<\/strong><\/td>\n<td style=\"width: 56.8938%;\">Oferta final de places escolars<\/td>\n<\/tr>\n<tr>\n<td style=\"width: 34.9398%;\"><strong>10 de juny de 2026<\/strong><\/td>\n<td style=\"width: 56.8938%;\">Llista d&#8217;alumnes admesos i llista d&#8217;espera<\/td>\n<\/tr>\n<\/tbody>\n<\/table>\n<table style=\"border-collapse: collapse; width: 91.5655%;\">\n<tbody>\n<tr>\n<td style=\"width: 91.5663%; text-align: center;\" colspan=\"2\"><strong>A L&#8217;HORA DE FORMALITZAR LA MATRICULACI\u00d3<\/strong><\/td>\n<\/tr>\n<tr>\n<td style=\"width: 35.0258%;\"><strong>Del 22 al 30 de juny de 2026<\/strong><\/td>\n<td style=\"width: 56.5405%;\">matriculaci\u00f3<\/td>\n<\/tr>\n<tr>\n<td style=\"width: 35.0258%;\"><strong>30 de setembre de 2026<\/strong><\/td>\n<td style=\"width: 56.5405%;\">llista d&#8217;alumnes matriculats<\/td>\n<\/tr>\n<\/tbody>\n<\/table>\n<p>A la p\u00e0gina <a href=\"https:\/\/preinscripcio.gencat.cat\/ca\/inici\/index.html\">web<\/a> del Departament d&#8217;Educaci\u00f3 trobar\u00e0s tota la informaci\u00f3 m\u00e9s detallada.<\/p>\n","protected":false},"excerpt":{"rendered":"<p>En aquest apartat trobareu tota la informaci\u00f3 relacionada amb el proc\u00e9s de preinscripci\u00f3 per al proper curs: calendari amb les dates clau, documentaci\u00f3 necess\u00e0ria i enlla\u00e7os als tr\u00e0mits oficials.<br \/>\nUs recomanem consultar aquesta p\u00e0gina peri\u00f2dicament per estar al dia de qualsevol actualitzaci\u00f3.<br \/>\nSi vols estar al cas&hellip;  <a href=\"https:\/\/agora.xtec.cat\/ceipcamins\/preinscripcio-curs-2026-2027\/\" title=\"Read Preinscripci\u00f3. Curs 2026-2027\">Llegeix m\u00e9s\u00bb<\/a><\/p>\n","protected":false},"author":260,"featured_media":0,"parent":0,"menu_order":0,"comment_status":"closed","ping_status":"closed","template":"page-templates\/side-menu.php","meta":{"_bbp_topic_count":0,"_bbp_reply_count":0,"_bbp_total_topic_count":0,"_bbp_total_reply_count":0,"_bbp_voice_count":0,"_bbp_anonymous_reply_count":0,"_bbp_topic_count_hidden":0,"_bbp_reply_count_hidden":0,"_bbp_forum_subforum_count":0,"footnotes":""},"class_list":["post-11661","page","type-page","status-publish","hentry"],"post_mailing_queue_ids":[],"_links":{"self":[{"href":"https:\/\/agora.xtec.cat\/ceipcamins\/wp-json\/wp\/v2\/pages\/11661","targetHints":{"allow":["GET"]}}],"collection":[{"href":"https:\/\/agora.xtec.cat\/ceipcamins\/wp-json\/wp\/v2\/pages"}],"about":[{"href":"https:\/\/agora.xtec.cat\/ceipcamins\/wp-json\/wp\/v2\/types\/page"}],"author":[{"embeddable":true,"href":"https:\/\/agora.xtec.cat\/ceipcamins\/wp-json\/wp\/v2\/users\/260"}],"replies":[{"embeddable":true,"href":"https:\/\/agora.xtec.cat\/ceipcamins\/wp-json\/wp\/v2\/comments?post=11661"}],"version-history":[{"count":5,"href":"https:\/\/agora.xtec.cat\/ceipcamins\/wp-json\/wp\/v2\/pages\/11661\/revisions"}],"predecessor-version":[{"id":11804,"href":"https:\/\/agora.xtec.cat\/ceipcamins\/wp-json\/wp\/v2\/pages\/11661\/revisions\/11804"}],"wp:attachment":[{"href":"https:\/\/agora.xtec.cat\/ceipcamins\/wp-json\/wp\/v2\/media?parent=11661"}],"curies":[{"name":"wp","href":"https:\/\/api.w.org\/{rel}","templated":true}]}}