{"id":10789,"date":"2025-03-26T12:03:33","date_gmt":"2025-03-26T11:03:33","guid":{"rendered":"https:\/\/agora.xtec.cat\/ceipcamins\/?page_id=10789"},"modified":"2025-03-26T12:03:53","modified_gmt":"2025-03-26T11:03:53","slug":"lequip-de-menjador-i-acollida","status":"publish","type":"page","link":"https:\/\/agora.xtec.cat\/ceipcamins\/lescola\/qui-som\/lequip-de-menjador-i-acollida\/","title":{"rendered":"L&#8217;equip de menjador i acollida"},"content":{"rendered":"<p><em>Ecomenja<\/em> \u00e9s l\u2019equip de professionals que se\u2019n cuiden de les estones de mat\u00ed, migdia i tarda, fora de l\u2019horari lectiu:<\/p>\n<ul>\n<li>Menjador amb cuina pr\u00f2pia.<\/li>\n<li>Acollida de mat\u00ed i tarda.<\/li>\n<\/ul>\n<p>Duen a terme una tasca educativa que dona continu\u00eftat a la l\u00ednia pedag\u00f2gica de l&#8217;escola.<\/p>\n<p><a href=\"https:\/\/agora.xtec.cat\/ceipcamins\/wp-content\/uploads\/usu2060\/2025\/03\/10.jpg\"><img loading=\"lazy\" decoding=\"async\" class=\"aligncenter wp-image-10673 size-large\" src=\"https:\/\/agora.xtec.cat\/ceipcamins\/wp-content\/uploads\/usu2060\/2025\/03\/10-1024x724.jpg\" alt=\"\" width=\"1024\" height=\"724\" srcset=\"https:\/\/agora.xtec.cat\/ceipcamins\/wp-content\/uploads\/usu2060\/2025\/03\/10-1024x724.jpg 1024w, https:\/\/agora.xtec.cat\/ceipcamins\/wp-content\/uploads\/usu2060\/2025\/03\/10-300x212.jpg 300w, https:\/\/agora.xtec.cat\/ceipcamins\/wp-content\/uploads\/usu2060\/2025\/03\/10-768x543.jpg 768w, https:\/\/agora.xtec.cat\/ceipcamins\/wp-content\/uploads\/usu2060\/2025\/03\/10-1536x1086.jpg 1536w, https:\/\/agora.xtec.cat\/ceipcamins\/wp-content\/uploads\/usu2060\/2025\/03\/10.jpg 2000w\" sizes=\"auto, (max-width: 1024px) 100vw, 1024px\" \/><\/a><\/p>\n<p><a href=\"https:\/\/agora.xtec.cat\/ceipcamins\/wp-content\/uploads\/usu2060\/2025\/03\/8.jpg\"><img loading=\"lazy\" decoding=\"async\" class=\"aligncenter wp-image-10671 size-large\" src=\"https:\/\/agora.xtec.cat\/ceipcamins\/wp-content\/uploads\/usu2060\/2025\/03\/8-1024x724.jpg\" alt=\"\" width=\"1024\" height=\"724\" srcset=\"https:\/\/agora.xtec.cat\/ceipcamins\/wp-content\/uploads\/usu2060\/2025\/03\/8-1024x724.jpg 1024w, https:\/\/agora.xtec.cat\/ceipcamins\/wp-content\/uploads\/usu2060\/2025\/03\/8-300x212.jpg 300w, https:\/\/agora.xtec.cat\/ceipcamins\/wp-content\/uploads\/usu2060\/2025\/03\/8-768x543.jpg 768w, https:\/\/agora.xtec.cat\/ceipcamins\/wp-content\/uploads\/usu2060\/2025\/03\/8-1536x1086.jpg 1536w, https:\/\/agora.xtec.cat\/ceipcamins\/wp-content\/uploads\/usu2060\/2025\/03\/8.jpg 2000w\" sizes=\"auto, (max-width: 1024px) 100vw, 1024px\" \/><\/a><\/p>\n<p>&nbsp;<\/p>\n<p>&nbsp;<\/p>\n","protected":false},"excerpt":{"rendered":"<p>Ecomenja \u00e9s l\u2019equip de professionals que se\u2019n cuiden de les estones de mat\u00ed, migdia i tarda, fora de l\u2019horari lectiu:<\/p>\n<ul>\n<li>Menjador amb cuina pr\u00f2pia.<\/li>\n<li>Acollida de mat\u00ed i tarda.<\/li>\n<\/ul>\n<p>Duen a terme una tasca educativa que dona continu\u00eftat a la l\u00ednia pedag\u00f2gica de l&#8217;escola.<br \/>\n<a href=\"https:\/\/agora.xtec.cat\/ceipcamins\/wp-content\/uploads\/usu2060\/2025\/03\/10.jpg\"><\/a><br \/>\n<a href=\"https:\/\/agora.xtec.cat\/ceipcamins\/wp-content\/uploads\/usu2060\/2025\/03\/8.jpg\"><\/a><br \/>\n&nbsp;<br \/>\n&nbsp;<\/p>\n","protected":false},"author":260,"featured_media":0,"parent":10780,"menu_order":3,"comment_status":"closed","ping_status":"closed","template":"page-templates\/side-menu.php","meta":{"_bbp_topic_count":0,"_bbp_reply_count":0,"_bbp_total_topic_count":0,"_bbp_total_reply_count":0,"_bbp_voice_count":0,"_bbp_anonymous_reply_count":0,"_bbp_topic_count_hidden":0,"_bbp_reply_count_hidden":0,"_bbp_forum_subforum_count":0,"footnotes":""},"class_list":["post-10789","page","type-page","status-publish","hentry"],"post_mailing_queue_ids":[],"_links":{"self":[{"href":"https:\/\/agora.xtec.cat\/ceipcamins\/wp-json\/wp\/v2\/pages\/10789","targetHints":{"allow":["GET"]}}],"collection":[{"href":"https:\/\/agora.xtec.cat\/ceipcamins\/wp-json\/wp\/v2\/pages"}],"about":[{"href":"https:\/\/agora.xtec.cat\/ceipcamins\/wp-json\/wp\/v2\/types\/page"}],"author":[{"embeddable":true,"href":"https:\/\/agora.xtec.cat\/ceipcamins\/wp-json\/wp\/v2\/users\/260"}],"replies":[{"embeddable":true,"href":"https:\/\/agora.xtec.cat\/ceipcamins\/wp-json\/wp\/v2\/comments?post=10789"}],"version-history":[{"count":5,"href":"https:\/\/agora.xtec.cat\/ceipcamins\/wp-json\/wp\/v2\/pages\/10789\/revisions"}],"predecessor-version":[{"id":10817,"href":"https:\/\/agora.xtec.cat\/ceipcamins\/wp-json\/wp\/v2\/pages\/10789\/revisions\/10817"}],"up":[{"embeddable":true,"href":"https:\/\/agora.xtec.cat\/ceipcamins\/wp-json\/wp\/v2\/pages\/10780"}],"wp:attachment":[{"href":"https:\/\/agora.xtec.cat\/ceipcamins\/wp-json\/wp\/v2\/media?parent=10789"}],"curies":[{"name":"wp","href":"https:\/\/api.w.org\/{rel}","templated":true}]}}

<p><em>Ecomenja</em> és l’equip de professionals que se’n cuiden de les estones de matí, migdia i tarda, fora de l’horari lectiu:</p>
<ul>
<li>Menjador amb cuina pròpia.</li>
<li>Acollida de matí i tarda.</li>
</ul>
<p>Duen a terme una tasca educativa que dona continuïtat a la línia pedagògica de l&#8217;escola.</p>
<p><a href="https://agora.xtec.cat/ceipcamins/wp-content/uploads/usu2060/2025/03/10.jpg"><img loading="lazy" decoding="async" class="aligncenter wp-image-10673 size-large" src="https://agora.xtec.cat/ceipcamins/wp-content/uploads/usu2060/2025/03/10-1024x724.jpg" alt="" width="1024" height="724" srcset="https://agora.xtec.cat/ceipcamins/wp-content/uploads/usu2060/2025/03/10-1024x724.jpg 1024w, https://agora.xtec.cat/ceipcamins/wp-content/uploads/usu2060/2025/03/10-300x212.jpg 300w, https://agora.xtec.cat/ceipcamins/wp-content/uploads/usu2060/2025/03/10-768x543.jpg 768w, https://agora.xtec.cat/ceipcamins/wp-content/uploads/usu2060/2025/03/10-1536x1086.jpg 1536w, https://agora.xtec.cat/ceipcamins/wp-content/uploads/usu2060/2025/03/10.jpg 2000w" sizes="auto, (max-width: 1024px) 100vw, 1024px" /></a></p>
<p><a href="https://agora.xtec.cat/ceipcamins/wp-content/uploads/usu2060/2025/03/8.jpg"><img loading="lazy" decoding="async" class="aligncenter wp-image-10671 size-large" src="https://agora.xtec.cat/ceipcamins/wp-content/uploads/usu2060/2025/03/8-1024x724.jpg" alt="" width="1024" height="724" srcset="https://agora.xtec.cat/ceipcamins/wp-content/uploads/usu2060/2025/03/8-1024x724.jpg 1024w, https://agora.xtec.cat/ceipcamins/wp-content/uploads/usu2060/2025/03/8-300x212.jpg 300w, https://agora.xtec.cat/ceipcamins/wp-content/uploads/usu2060/2025/03/8-768x543.jpg 768w, https://agora.xtec.cat/ceipcamins/wp-content/uploads/usu2060/2025/03/8-1536x1086.jpg 1536w, https://agora.xtec.cat/ceipcamins/wp-content/uploads/usu2060/2025/03/8.jpg 2000w" sizes="auto, (max-width: 1024px) 100vw, 1024px" /></a></p>
<p>&nbsp;</p>
<p>&nbsp;</p>

<p>Ecomenja és l’equip de professionals que se’n cuiden de les estones de matí, migdia i tarda, fora de l’horari lectiu:</p>
<ul>
<li>Menjador amb cuina pròpia.</li>
<li>Acollida de matí i tarda.</li>
</ul>
<p>Duen a terme una tasca educativa que dona continuïtat a la línia pedagògica de l&#8217;escola.<br />
<a href="https://agora.xtec.cat/ceipcamins/wp-content/uploads/usu2060/2025/03/10.jpg"></a><br />
<a href="https://agora.xtec.cat/ceipcamins/wp-content/uploads/usu2060/2025/03/8.jpg"></a><br />
&nbsp;<br />
&nbsp;</p>
