{"id":66,"date":"2014-09-18T12:40:47","date_gmt":"2014-09-18T11:40:47","guid":{"rendered":"http:\/\/agora.xtec.cat\/ceipcalvetdestrella\/?page_id=66"},"modified":"2025-09-26T12:31:33","modified_gmt":"2025-09-26T10:31:33","slug":"serveis","status":"publish","type":"page","link":"https:\/\/agora.xtec.cat\/ceipcalvetdestrella\/serveis\/","title":{"rendered":"Serveis"},"content":{"rendered":"<p data-start=\"141\" data-end=\"344\">A l\u2019escola posem a disposici\u00f3 de la comunitat educativa diversos serveis que complementen l\u2019horari lectiu i faciliten la conciliaci\u00f3 familiar, tot garantint una atenci\u00f3 de qualitat al nostre alumnat.<\/p>\n<p data-start=\"346\" data-end=\"633\"><strong data-start=\"346\" data-end=\"366\">Menjador escolar<\/strong><br data-start=\"366\" data-end=\"369\" \/>El servei de menjador ofereix una alimentaci\u00f3 saludable i equilibrada, amb una atenci\u00f3 propera i respectuosa a les necessitats de cada infant. L\u2019estona de migdia \u00e9s tamb\u00e9 un moment educatiu on es promouen h\u00e0bits saludables, l\u2019autonomia personal i la conviv\u00e8ncia.<\/p>\n<p data-start=\"635\" data-end=\"917\"><strong data-start=\"635\" data-end=\"655\">Acollida matinal<\/strong><br data-start=\"655\" data-end=\"658\" \/>Per facilitar l\u2019organitzaci\u00f3 de les fam\u00edlies, el centre disposa de servei d\u2019acollida matinal abans de l\u2019inici de la jornada escolar. Els infants hi s\u00f3n atesos en un espai segur i amb activitats adequades per comen\u00e7ar el dia de manera positiva i tranquil\u00b7la.<\/p>\n<p data-start=\"919\" data-end=\"1268\"><strong data-start=\"919\" data-end=\"947\">Activitats extraescolars<\/strong><br data-start=\"947\" data-end=\"950\" \/>L\u2019oferta d\u2019activitats extraescolars t\u00e9 com a objectiu ampliar l\u2019experi\u00e8ncia educativa m\u00e9s enll\u00e0 de l\u2019horari lectiu.<\/p>\n","protected":false},"excerpt":{"rendered":"<p>A l\u2019escola posem a disposici\u00f3 de la comunitat educativa diversos serveis que complementen l\u2019horari lectiu i faciliten la conciliaci\u00f3 familiar, tot garantint una atenci\u00f3 de qualitat al nostre alumnat. Menjador escolarEl servei de menjador ofereix una alimentaci\u00f3 saludable i equilibrada, amb una atenci\u00f3 propera i respectuosa a les necessitats de cada infant. L\u2019estona de migdia [&hellip;]<\/p>\n","protected":false},"author":1,"featured_media":0,"parent":0,"menu_order":0,"comment_status":"closed","ping_status":"closed","template":"","meta":{"_bbp_topic_count":0,"_bbp_reply_count":0,"_bbp_total_topic_count":0,"_bbp_total_reply_count":0,"_bbp_voice_count":0,"_bbp_anonymous_reply_count":0,"_bbp_topic_count_hidden":0,"_bbp_reply_count_hidden":0,"_bbp_forum_subforum_count":0,"site-sidebar-layout":"default","site-content-layout":"","ast-site-content-layout":"default","site-content-style":"default","site-sidebar-style":"default","ast-global-header-display":"","ast-banner-title-visibility":"","ast-main-header-display":"","ast-hfb-above-header-display":"","ast-hfb-below-header-display":"","ast-hfb-mobile-header-display":"","site-post-title":"","ast-breadcrumbs-content":"","ast-featured-img":"","footer-sml-layout":"","theme-transparent-header-meta":"default","adv-header-id-meta":"","stick-header-meta":"","header-above-stick-meta":"","header-main-stick-meta":"","header-below-stick-meta":"","astra-migrate-meta-layouts":"set","ast-page-background-enabled":"default","ast-page-background-meta":{"desktop":{"background-color":"var(--ast-global-color-4)","background-image":"","background-repeat":"repeat","background-position":"center center","background-size":"auto","background-attachment":"scroll","background-type":"","background-media":"","overlay-type":"","overlay-color":"","overlay-opacity":"","overlay-gradient":""},"tablet":{"background-color":"","background-image":"","background-repeat":"repeat","background-position":"center center","background-size":"auto","background-attachment":"scroll","background-type":"","background-media":"","overlay-type":"","overlay-color":"","overlay-opacity":"","overlay-gradient":""},"mobile":{"background-color":"","background-image":"","background-repeat":"repeat","background-position":"center center","background-size":"auto","background-attachment":"scroll","background-type":"","background-media":"","overlay-type":"","overlay-color":"","overlay-opacity":"","overlay-gradient":""}},"ast-content-background-meta":{"desktop":{"background-color":"var(--ast-global-color-5)","background-image":"","background-repeat":"repeat","background-position":"center center","background-size":"auto","background-attachment":"scroll","background-type":"","background-media":"","overlay-type":"","overlay-color":"","overlay-opacity":"","overlay-gradient":""},"tablet":{"background-color":"var(--ast-global-color-5)","background-image":"","background-repeat":"repeat","background-position":"center center","background-size":"auto","background-attachment":"scroll","background-type":"","background-media":"","overlay-type":"","overlay-color":"","overlay-opacity":"","overlay-gradient":""},"mobile":{"background-color":"var(--ast-global-color-5)","background-image":"","background-repeat":"repeat","background-position":"center center","background-size":"auto","background-attachment":"scroll","background-type":"","background-media":"","overlay-type":"","overlay-color":"","overlay-opacity":"","overlay-gradient":""}},"footnotes":""},"class_list":["post-66","page","type-page","status-publish","hentry"],"post_mailing_queue_ids":[],"_links":{"self":[{"href":"https:\/\/agora.xtec.cat\/ceipcalvetdestrella\/wp-json\/wp\/v2\/pages\/66","targetHints":{"allow":["GET"]}}],"collection":[{"href":"https:\/\/agora.xtec.cat\/ceipcalvetdestrella\/wp-json\/wp\/v2\/pages"}],"about":[{"href":"https:\/\/agora.xtec.cat\/ceipcalvetdestrella\/wp-json\/wp\/v2\/types\/page"}],"author":[{"embeddable":true,"href":"https:\/\/agora.xtec.cat\/ceipcalvetdestrella\/wp-json\/wp\/v2\/users\/1"}],"replies":[{"embeddable":true,"href":"https:\/\/agora.xtec.cat\/ceipcalvetdestrella\/wp-json\/wp\/v2\/comments?post=66"}],"version-history":[{"count":1,"href":"https:\/\/agora.xtec.cat\/ceipcalvetdestrella\/wp-json\/wp\/v2\/pages\/66\/revisions"}],"predecessor-version":[{"id":6889,"href":"https:\/\/agora.xtec.cat\/ceipcalvetdestrella\/wp-json\/wp\/v2\/pages\/66\/revisions\/6889"}],"wp:attachment":[{"href":"https:\/\/agora.xtec.cat\/ceipcalvetdestrella\/wp-json\/wp\/v2\/media?parent=66"}],"curies":[{"name":"wp","href":"https:\/\/api.w.org\/{rel}","templated":true}]}}

<p data-start="141" data-end="344">A l’escola posem a disposició de la comunitat educativa diversos serveis que complementen l’horari lectiu i faciliten la conciliació familiar, tot garantint una atenció de qualitat al nostre alumnat.</p>
<p data-start="346" data-end="633"><strong data-start="346" data-end="366">Menjador escolar</strong><br data-start="366" data-end="369" />El servei de menjador ofereix una alimentació saludable i equilibrada, amb una atenció propera i respectuosa a les necessitats de cada infant. L’estona de migdia és també un moment educatiu on es promouen hàbits saludables, l’autonomia personal i la convivència.</p>
<p data-start="635" data-end="917"><strong data-start="635" data-end="655">Acollida matinal</strong><br data-start="655" data-end="658" />Per facilitar l’organització de les famílies, el centre disposa de servei d’acollida matinal abans de l’inici de la jornada escolar. Els infants hi són atesos en un espai segur i amb activitats adequades per començar el dia de manera positiva i tranquil·la.</p>
<p data-start="919" data-end="1268"><strong data-start="919" data-end="947">Activitats extraescolars</strong><br data-start="947" data-end="950" />L’oferta d’activitats extraescolars té com a objectiu ampliar l’experiència educativa més enllà de l’horari lectiu.</p>

<p>A l’escola posem a disposició de la comunitat educativa diversos serveis que complementen l’horari lectiu i faciliten la conciliació familiar, tot garantint una atenció de qualitat al nostre alumnat. Menjador escolarEl servei de menjador ofereix una alimentació saludable i equilibrada, amb una atenció propera i respectuosa a les necessitats de cada infant. L’estona de migdia [&hellip;]</p>
