{"id":3873,"date":"2022-04-28T12:57:51","date_gmt":"2022-04-28T10:57:51","guid":{"rendered":"https:\/\/agora.xtec.cat\/ceipcalvetdestrella\/?page_id=3873"},"modified":"2023-11-15T21:03:56","modified_gmt":"2023-11-15T20:03:56","slug":"edc-estrategia-digital-de-centre","status":"publish","type":"page","link":"https:\/\/agora.xtec.cat\/ceipcalvetdestrella\/edc-estrategia-digital-de-centre\/","title":{"rendered":"EDC: Estrat\u00e8gia Digital de Centre"},"content":{"rendered":"<p style=\"text-align: justify;\">A tall de contextualitzar l&#8217;escola on s&#8217;ha dissenyat aquest Pla d&#8217;Estrat\u00e8gia Digital, podem dir que el centre Calvet d&#8217;Estrella compta amb 227 alumnes, distribu\u00efts en tres grups d&#8217;educaci\u00f3 infantil i sis grups de prim\u00e0ria. L&#8217;escola \u00e9s considerada de m\u00e0xima complexitat.<\/p>\n<p style=\"text-align: justify;\">Est\u00e0 ubicat a la zona Nord de Sabadell, al barri de Ca N&#8217;Oriac. El creixement del barri est\u00e0 en relaci\u00f3 amb les onades de migraci\u00f3 procedent de la resta del territori espanyol al voltant dels anys seixanta. L&#8217;increment de poblaci\u00f3 va ser tan vertigin\u00f3s i les aules de les dues escoles de la zona tan massificades, que en pocs anys de difer\u00e8ncia es van crear cinc centres nous, entre ells el Calvet d&#8217;Estrella que va entrar en funcionament l&#8217;any 1974.<\/p>\n<p style=\"text-align: justify;\">A finals dels anys noranta va arribar un contingent important de fam\u00edlies immigrants de fora de l&#8217;Estat, majorit\u00e0riament de Sud-am\u00e8rica, el Magrib i \u00c0sia. Aquest fenomen es veu reflectit en la poblaci\u00f3 del barri.<\/p>\n<p style=\"text-align: justify;\"><em>Aquesta estrat\u00e8gia digital de centre ha estat aprovada pel Consell Escolar el dia 25 de maig de 2023.<\/em><\/p>\n","protected":false},"excerpt":{"rendered":"<p>A tall de contextualitzar l&#8217;escola on s&#8217;ha dissenyat aquest Pla d&#8217;Estrat\u00e8gia Digital, podem dir que el centre Calvet d&#8217;Estrella compta amb 227 alumnes, distribu\u00efts en tres grups d&#8217;educaci\u00f3 infantil i sis grups de prim\u00e0ria. L&#8217;escola \u00e9s considerada de m\u00e0xima complexitat. Est\u00e0 ubicat a la zona Nord de Sabadell, al barri de Ca N&#8217;Oriac. El creixement [&hellip;]<\/p>\n","protected":false},"author":1,"featured_media":0,"parent":0,"menu_order":0,"comment_status":"closed","ping_status":"closed","template":"page-templates\/side-menu.php","meta":{"_bbp_topic_count":0,"_bbp_reply_count":0,"_bbp_total_topic_count":0,"_bbp_total_reply_count":0,"_bbp_voice_count":0,"_bbp_anonymous_reply_count":0,"_bbp_topic_count_hidden":0,"_bbp_reply_count_hidden":0,"_bbp_forum_subforum_count":0,"site-sidebar-layout":"default","site-content-layout":"","ast-site-content-layout":"","site-content-style":"default","site-sidebar-style":"default","ast-global-header-display":"","ast-banner-title-visibility":"","ast-main-header-display":"","ast-hfb-above-header-display":"","ast-hfb-below-header-display":"","ast-hfb-mobile-header-display":"","site-post-title":"","ast-breadcrumbs-content":"","ast-featured-img":"","footer-sml-layout":"","theme-transparent-header-meta":"","adv-header-id-meta":"","stick-header-meta":"","header-above-stick-meta":"","header-main-stick-meta":"","header-below-stick-meta":"","astra-migrate-meta-layouts":"default","ast-page-background-enabled":"default","ast-page-background-meta":{"desktop":{"background-color":"var(--ast-global-color-4)","background-image":"","background-repeat":"repeat","background-position":"center center","background-size":"auto","background-attachment":"scroll","background-type":"","background-media":"","overlay-type":"","overlay-color":"","overlay-opacity":"","overlay-gradient":""},"tablet":{"background-color":"","background-image":"","background-repeat":"repeat","background-position":"center center","background-size":"auto","background-attachment":"scroll","background-type":"","background-media":"","overlay-type":"","overlay-color":"","overlay-opacity":"","overlay-gradient":""},"mobile":{"background-color":"","background-image":"","background-repeat":"repeat","background-position":"center center","background-size":"auto","background-attachment":"scroll","background-type":"","background-media":"","overlay-type":"","overlay-color":"","overlay-opacity":"","overlay-gradient":""}},"ast-content-background-meta":{"desktop":{"background-color":"var(--ast-global-color-5)","background-image":"","background-repeat":"repeat","background-position":"center center","background-size":"auto","background-attachment":"scroll","background-type":"","background-media":"","overlay-type":"","overlay-color":"","overlay-opacity":"","overlay-gradient":""},"tablet":{"background-color":"var(--ast-global-color-5)","background-image":"","background-repeat":"repeat","background-position":"center center","background-size":"auto","background-attachment":"scroll","background-type":"","background-media":"","overlay-type":"","overlay-color":"","overlay-opacity":"","overlay-gradient":""},"mobile":{"background-color":"var(--ast-global-color-5)","background-image":"","background-repeat":"repeat","background-position":"center center","background-size":"auto","background-attachment":"scroll","background-type":"","background-media":"","overlay-type":"","overlay-color":"","overlay-opacity":"","overlay-gradient":""}},"footnotes":""},"class_list":["post-3873","page","type-page","status-publish","hentry"],"post_mailing_queue_ids":[],"_links":{"self":[{"href":"https:\/\/agora.xtec.cat\/ceipcalvetdestrella\/wp-json\/wp\/v2\/pages\/3873","targetHints":{"allow":["GET"]}}],"collection":[{"href":"https:\/\/agora.xtec.cat\/ceipcalvetdestrella\/wp-json\/wp\/v2\/pages"}],"about":[{"href":"https:\/\/agora.xtec.cat\/ceipcalvetdestrella\/wp-json\/wp\/v2\/types\/page"}],"author":[{"embeddable":true,"href":"https:\/\/agora.xtec.cat\/ceipcalvetdestrella\/wp-json\/wp\/v2\/users\/1"}],"replies":[{"embeddable":true,"href":"https:\/\/agora.xtec.cat\/ceipcalvetdestrella\/wp-json\/wp\/v2\/comments?post=3873"}],"version-history":[{"count":4,"href":"https:\/\/agora.xtec.cat\/ceipcalvetdestrella\/wp-json\/wp\/v2\/pages\/3873\/revisions"}],"predecessor-version":[{"id":5345,"href":"https:\/\/agora.xtec.cat\/ceipcalvetdestrella\/wp-json\/wp\/v2\/pages\/3873\/revisions\/5345"}],"wp:attachment":[{"href":"https:\/\/agora.xtec.cat\/ceipcalvetdestrella\/wp-json\/wp\/v2\/media?parent=3873"}],"curies":[{"name":"wp","href":"https:\/\/api.w.org\/{rel}","templated":true}]}}

EDC: Estratègia Digital de Centre

<p style="text-align: justify;">A tall de contextualitzar l&#8217;escola on s&#8217;ha dissenyat aquest Pla d&#8217;Estratègia Digital, podem dir que el centre Calvet d&#8217;Estrella compta amb 227 alumnes, distribuïts en tres grups d&#8217;educació infantil i sis grups de primària. L&#8217;escola és considerada de màxima complexitat.</p>
<p style="text-align: justify;">Està ubicat a la zona Nord de Sabadell, al barri de Ca N&#8217;Oriac. El creixement del barri està en relació amb les onades de migració procedent de la resta del territori espanyol al voltant dels anys seixanta. L&#8217;increment de població va ser tan vertiginós i les aules de les dues escoles de la zona tan massificades, que en pocs anys de diferència es van crear cinc centres nous, entre ells el Calvet d&#8217;Estrella que va entrar en funcionament l&#8217;any 1974.</p>
<p style="text-align: justify;">A finals dels anys noranta va arribar un contingent important de famílies immigrants de fora de l&#8217;Estat, majoritàriament de Sud-amèrica, el Magrib i Àsia. Aquest fenomen es veu reflectit en la població del barri.</p>
<p style="text-align: justify;"><em>Aquesta estratègia digital de centre ha estat aprovada pel Consell Escolar el dia 25 de maig de 2023.</em></p>

<p>A tall de contextualitzar l&#8217;escola on s&#8217;ha dissenyat aquest Pla d&#8217;Estratègia Digital, podem dir que el centre Calvet d&#8217;Estrella compta amb 227 alumnes, distribuïts en tres grups d&#8217;educació infantil i sis grups de primària. L&#8217;escola és considerada de màxima complexitat. Està ubicat a la zona Nord de Sabadell, al barri de Ca N&#8217;Oriac. El creixement [&hellip;]</p>
