{"id":36,"date":"2014-09-18T12:33:11","date_gmt":"2014-09-18T11:33:11","guid":{"rendered":"http:\/\/agora.xtec.cat\/ceipcalvetdestrella\/?page_id=36"},"modified":"2024-02-15T09:56:08","modified_gmt":"2024-02-15T08:56:08","slug":"material-escolar","status":"publish","type":"page","link":"https:\/\/agora.xtec.cat\/ceipcalvetdestrella\/lescola\/material-escolar\/","title":{"rendered":"Normes de funcionament"},"content":{"rendered":"<p><a href=\"https:\/\/agora.xtec.cat\/ceipcalvetdestrella\/wp-content\/uploads\/usu1846\/2021\/01\/Qu\u00e9-es-una-organizaci\u00f3n-y-qu\u00e9-no-lo-es.jpg\"><img loading=\"lazy\" decoding=\"async\" class=\"aligncenter wp-image-2321\" src=\"https:\/\/agora.xtec.cat\/ceipcalvetdestrella\/wp-content\/uploads\/usu1846\/2021\/01\/Qu\u00e9-es-una-organizaci\u00f3n-y-qu\u00e9-no-lo-es-300x180.jpg\" alt=\"\" width=\"350\" height=\"210\" srcset=\"https:\/\/agora.xtec.cat\/ceipcalvetdestrella\/wp-content\/uploads\/usu1846\/2021\/01\/Qu\u00e9-es-una-organizaci\u00f3n-y-qu\u00e9-no-lo-es-300x180.jpg 300w, https:\/\/agora.xtec.cat\/ceipcalvetdestrella\/wp-content\/uploads\/usu1846\/2021\/01\/Qu\u00e9-es-una-organizaci\u00f3n-y-qu\u00e9-no-lo-es.jpg 700w\" sizes=\"auto, (max-width: 350px) 100vw, 350px\" \/><\/a><\/p>\n<p><strong>ENTRADES<\/strong><br \/>\nActualment tenim dues entrades a l&#8217;escola:<\/p>\n<ul>\n<li>L&#8217;alumnat d&#8217;Educaci\u00f3 Infantil (I3, I4 i I5) i Cicle Inicial (1r i 2n) entran pel C\/Puigmal n\u00ba3.<\/li>\n<li>L&#8217;alumnat de Cicle Mitj\u00e0 (3r i 4t) i Cicle Superior (5\u00e8 i 6\u00e8) entran pel C\/Puigmal s\/n.<\/li>\n<\/ul>\n<p>Els pares s\u2019hauran d\u2019acomiadar d\u2019ells a la porta de l\u2019escola.<\/p>\n<p><strong>SORTIDES<\/strong><br \/>\nPer recollir els alumnes els pares\/mares hauran d&#8217;esperar fora de l&#8217;escola.<br \/>\nLes portes, s&#8217;obriran a les 12,25 h. del mat\u00ed i a les 16,25 h. de la tarda.<\/p>\n<p><strong>HORARI DE VISITES<\/strong><br \/>\nL&#8217;escola valora molt positivament, en el seu projecte educatiu, les comunicacions que els\/les pares\/mares dels alumnes vulguin fer amb el professorat, per\u00f2, amb la finalitat de no entorpir la din\u00e0mica escolar, creiem convenient establir uns mecanismes perqu\u00e8 aix\u00f2 sigui possible.<br \/>\nLes reunions poden ser demanades pel mestre\/a de l&#8217;alumne\/a o pot ser a petici\u00f3 de la fam\u00edlia. En aquest cas cal posar-se en contacte amb el tutor\/a fent-li arribar una nota per escrit. En el cas dels alumnes que tinguin agenda es pot fer a trav\u00e9s d&#8217;aquesta.<br \/>\nL&#8217;horari general de visites amb el professorat ser\u00e0 el\u00a0<strong>dimarts<\/strong>\u00a0de\u00a0<strong>12:30 a 13:30.<\/strong><br \/>\nExcepcionalment el professorat podr\u00e0 atendre als pares\/mares que aix\u00ed ho sol\u00b7licitin en visites concertades pr\u00e8viament.<br \/>\nEls pares\/mares de l&#8217;alumnat d&#8217;Educaci\u00f3 Infantil que vulguin comunicar quelcom als corresponents tutors\/es ho podran fer al professor\/a que estigui a la porta d&#8217;entrada de l&#8217;edifici d&#8217;Educaci\u00f3 Infantil que s&#8217;encarregar\u00e0 de passar l&#8217;av\u00eds a les corresponents tutores<\/p>\n<p><strong>INFORMES<\/strong><br \/>\nAmb periodicitat es notificar\u00e0 per escrit als pares quin ha estat el proc\u00e9s d&#8217;aprenentatge del seu fill\/a.<br \/>\nEducaci\u00f3 Infantil: Informes a finals de gener i juny.<br \/>\nEducaci\u00f3 Prim\u00e0ria a finals de cada trimestre.<\/p>\n<p><strong>EXCURSIONS<\/strong><br \/>\nCada nivell realitzar\u00e0 les sortides i excursions que, relacionades amb la programaci\u00f3, hagin estat proposades per l&#8217;equip de mestres i aprovades pel Consell Escolar. Els alumnes hauran de portar una autoritzaci\u00f3 signada que t\u00e9 validesa durant tot el curs escolar.<br \/>\nAbans de cada sortida el tutor o tutora comunicar\u00e0 a les fam\u00edlies la data.<\/p>\n<p><strong>HORARI SECRETARIA<\/strong><br \/>\nL&#8217;horari d&#8217;atenci\u00f3 als pares\/mares de secret\u00e0ria i direcci\u00f3 ser\u00e0 el seg\u00fcent:<br \/>\nDe dilluns a divendres de 9 a 13 i de 15 a 16:30 h.<\/p>\n<p>&nbsp;<\/p>\n<p>&nbsp;<\/p>\n","protected":false},"excerpt":{"rendered":"<p>ENTRADES Actualment tenim dues entrades a l&#8217;escola: L&#8217;alumnat d&#8217;Educaci\u00f3 Infantil (I3, I4 i I5) i Cicle Inicial (1r i 2n) entran pel C\/Puigmal n\u00ba3. L&#8217;alumnat de Cicle Mitj\u00e0 (3r i 4t) i Cicle Superior (5\u00e8 i 6\u00e8) entran pel C\/Puigmal s\/n. Els pares s\u2019hauran d\u2019acomiadar d\u2019ells a la porta de l\u2019escola. SORTIDES Per recollir els [&hellip;]<\/p>\n","protected":false},"author":1,"featured_media":0,"parent":22,"menu_order":70,"comment_status":"closed","ping_status":"closed","template":"page-templates\/side-menu.php","meta":{"_bbp_topic_count":0,"_bbp_reply_count":0,"_bbp_total_topic_count":0,"_bbp_total_reply_count":0,"_bbp_voice_count":0,"_bbp_anonymous_reply_count":0,"_bbp_topic_count_hidden":0,"_bbp_reply_count_hidden":0,"_bbp_forum_subforum_count":0,"site-sidebar-layout":"default","site-content-layout":"","ast-site-content-layout":"","site-content-style":"default","site-sidebar-style":"default","ast-global-header-display":"","ast-banner-title-visibility":"","ast-main-header-display":"","ast-hfb-above-header-display":"","ast-hfb-below-header-display":"","ast-hfb-mobile-header-display":"","site-post-title":"","ast-breadcrumbs-content":"","ast-featured-img":"","footer-sml-layout":"","theme-transparent-header-meta":"","adv-header-id-meta":"","stick-header-meta":"","header-above-stick-meta":"","header-main-stick-meta":"","header-below-stick-meta":"","astra-migrate-meta-layouts":"default","ast-page-background-enabled":"default","ast-page-background-meta":{"desktop":{"background-color":"var(--ast-global-color-4)","background-image":"","background-repeat":"repeat","background-position":"center center","background-size":"auto","background-attachment":"scroll","background-type":"","background-media":"","overlay-type":"","overlay-color":"","overlay-opacity":"","overlay-gradient":""},"tablet":{"background-color":"","background-image":"","background-repeat":"repeat","background-position":"center center","background-size":"auto","background-attachment":"scroll","background-type":"","background-media":"","overlay-type":"","overlay-color":"","overlay-opacity":"","overlay-gradient":""},"mobile":{"background-color":"","background-image":"","background-repeat":"repeat","background-position":"center center","background-size":"auto","background-attachment":"scroll","background-type":"","background-media":"","overlay-type":"","overlay-color":"","overlay-opacity":"","overlay-gradient":""}},"ast-content-background-meta":{"desktop":{"background-color":"var(--ast-global-color-5)","background-image":"","background-repeat":"repeat","background-position":"center center","background-size":"auto","background-attachment":"scroll","background-type":"","background-media":"","overlay-type":"","overlay-color":"","overlay-opacity":"","overlay-gradient":""},"tablet":{"background-color":"var(--ast-global-color-5)","background-image":"","background-repeat":"repeat","background-position":"center center","background-size":"auto","background-attachment":"scroll","background-type":"","background-media":"","overlay-type":"","overlay-color":"","overlay-opacity":"","overlay-gradient":""},"mobile":{"background-color":"var(--ast-global-color-5)","background-image":"","background-repeat":"repeat","background-position":"center center","background-size":"auto","background-attachment":"scroll","background-type":"","background-media":"","overlay-type":"","overlay-color":"","overlay-opacity":"","overlay-gradient":""}},"footnotes":""},"class_list":["post-36","page","type-page","status-publish","hentry"],"post_mailing_queue_ids":[],"_links":{"self":[{"href":"https:\/\/agora.xtec.cat\/ceipcalvetdestrella\/wp-json\/wp\/v2\/pages\/36","targetHints":{"allow":["GET"]}}],"collection":[{"href":"https:\/\/agora.xtec.cat\/ceipcalvetdestrella\/wp-json\/wp\/v2\/pages"}],"about":[{"href":"https:\/\/agora.xtec.cat\/ceipcalvetdestrella\/wp-json\/wp\/v2\/types\/page"}],"author":[{"embeddable":true,"href":"https:\/\/agora.xtec.cat\/ceipcalvetdestrella\/wp-json\/wp\/v2\/users\/1"}],"replies":[{"embeddable":true,"href":"https:\/\/agora.xtec.cat\/ceipcalvetdestrella\/wp-json\/wp\/v2\/comments?post=36"}],"version-history":[{"count":5,"href":"https:\/\/agora.xtec.cat\/ceipcalvetdestrella\/wp-json\/wp\/v2\/pages\/36\/revisions"}],"predecessor-version":[{"id":5545,"href":"https:\/\/agora.xtec.cat\/ceipcalvetdestrella\/wp-json\/wp\/v2\/pages\/36\/revisions\/5545"}],"up":[{"embeddable":true,"href":"https:\/\/agora.xtec.cat\/ceipcalvetdestrella\/wp-json\/wp\/v2\/pages\/22"}],"wp:attachment":[{"href":"https:\/\/agora.xtec.cat\/ceipcalvetdestrella\/wp-json\/wp\/v2\/media?parent=36"}],"curies":[{"name":"wp","href":"https:\/\/api.w.org\/{rel}","templated":true}]}}

<p><a href="https://agora.xtec.cat/ceipcalvetdestrella/wp-content/uploads/usu1846/2021/01/Qué-es-una-organización-y-qué-no-lo-es.jpg"><img loading="lazy" decoding="async" class="aligncenter wp-image-2321" src="https://agora.xtec.cat/ceipcalvetdestrella/wp-content/uploads/usu1846/2021/01/Qué-es-una-organización-y-qué-no-lo-es-300x180.jpg" alt="" width="350" height="210" srcset="https://agora.xtec.cat/ceipcalvetdestrella/wp-content/uploads/usu1846/2021/01/Qué-es-una-organización-y-qué-no-lo-es-300x180.jpg 300w, https://agora.xtec.cat/ceipcalvetdestrella/wp-content/uploads/usu1846/2021/01/Qué-es-una-organización-y-qué-no-lo-es.jpg 700w" sizes="auto, (max-width: 350px) 100vw, 350px" /></a></p>
<p><strong>ENTRADES</strong><br />
Actualment tenim dues entrades a l&#8217;escola:</p>
<ul>
<li>L&#8217;alumnat d&#8217;Educació Infantil (I3, I4 i I5) i Cicle Inicial (1r i 2n) entran pel C/Puigmal nº3.</li>
<li>L&#8217;alumnat de Cicle Mitjà (3r i 4t) i Cicle Superior (5è i 6è) entran pel C/Puigmal s/n.</li>
</ul>
<p>Els pares s’hauran d’acomiadar d’ells a la porta de l’escola.</p>
<p><strong>SORTIDES</strong><br />
Per recollir els alumnes els pares/mares hauran d&#8217;esperar fora de l&#8217;escola.<br />
Les portes, s&#8217;obriran a les 12,25 h. del matí i a les 16,25 h. de la tarda.</p>
<p><strong>HORARI DE VISITES</strong><br />
L&#8217;escola valora molt positivament, en el seu projecte educatiu, les comunicacions que els/les pares/mares dels alumnes vulguin fer amb el professorat, però, amb la finalitat de no entorpir la dinàmica escolar, creiem convenient establir uns mecanismes perquè això sigui possible.<br />
Les reunions poden ser demanades pel mestre/a de l&#8217;alumne/a o pot ser a petició de la família. En aquest cas cal posar-se en contacte amb el tutor/a fent-li arribar una nota per escrit. En el cas dels alumnes que tinguin agenda es pot fer a través d&#8217;aquesta.<br />
L&#8217;horari general de visites amb el professorat serà el <strong>dimarts</strong> de <strong>12:30 a 13:30.</strong><br />
Excepcionalment el professorat podrà atendre als pares/mares que així ho sol·licitin en visites concertades prèviament.<br />
Els pares/mares de l&#8217;alumnat d&#8217;Educació Infantil que vulguin comunicar quelcom als corresponents tutors/es ho podran fer al professor/a que estigui a la porta d&#8217;entrada de l&#8217;edifici d&#8217;Educació Infantil que s&#8217;encarregarà de passar l&#8217;avís a les corresponents tutores</p>
<p><strong>INFORMES</strong><br />
Amb periodicitat es notificarà per escrit als pares quin ha estat el procés d&#8217;aprenentatge del seu fill/a.<br />
Educació Infantil: Informes a finals de gener i juny.<br />
Educació Primària a finals de cada trimestre.</p>
<p><strong>EXCURSIONS</strong><br />
Cada nivell realitzarà les sortides i excursions que, relacionades amb la programació, hagin estat proposades per l&#8217;equip de mestres i aprovades pel Consell Escolar. Els alumnes hauran de portar una autorització signada que té validesa durant tot el curs escolar.<br />
Abans de cada sortida el tutor o tutora comunicarà a les famílies la data.</p>
<p><strong>HORARI SECRETARIA</strong><br />
L&#8217;horari d&#8217;atenció als pares/mares de secretària i direcció serà el següent:<br />
De dilluns a divendres de 9 a 13 i de 15 a 16:30 h.</p>
<p>&nbsp;</p>
<p>&nbsp;</p>

<p>ENTRADES Actualment tenim dues entrades a l&#8217;escola: L&#8217;alumnat d&#8217;Educació Infantil (I3, I4 i I5) i Cicle Inicial (1r i 2n) entran pel C/Puigmal nº3. L&#8217;alumnat de Cicle Mitjà (3r i 4t) i Cicle Superior (5è i 6è) entran pel C/Puigmal s/n. Els pares s’hauran d’acomiadar d’ells a la porta de l’escola. SORTIDES Per recollir els [&hellip;]</p>
