{"id":3055,"date":"2021-06-29T10:08:27","date_gmt":"2021-06-29T08:08:27","guid":{"rendered":"http:\/\/agora.xtec.cat\/ceipcalvetdestrella\/?page_id=3055"},"modified":"2021-06-29T10:09:55","modified_gmt":"2021-06-29T08:09:55","slug":"centre-gep","status":"publish","type":"page","link":"https:\/\/agora.xtec.cat\/ceipcalvetdestrella\/lescola\/centre-gep\/","title":{"rendered":"Centre GEP"},"content":{"rendered":"<p><a href=\"http:\/\/agora.xtec.cat\/ceipcalvetdestrella\/centre-gep\/attachment\/gep\/\" rel=\"attachment wp-att-3056\"><img loading=\"lazy\" decoding=\"async\" class=\"aligncenter size-medium wp-image-3056\" src=\"https:\/\/agora.xtec.cat\/ceipcalvetdestrella\/wp-content\/uploads\/usu1846\/2021\/06\/gep-300x184.png\" alt=\"\" width=\"300\" height=\"184\" \/><\/a><\/p>\n<p>Des del curs 2018-2019 participem del projecte GEP que promou i organitza el Departament d\u2019Ensenyament de Catalunya.<br \/>\nEls objectius generals del programa s\u00f3n promoure l\u2019aplicaci\u00f3 a l\u2019aula de metodologies per a l\u2019aprenentatge integrat de continguts i llengua anglesa; fomentar el desenvolupament de projectes interdisciplinars en aquesta\u00a0 llengua, i oferir pautes per a l\u2019organitzaci\u00f3 educativa i el disseny curricular.<br \/>\nAquest treball \u00a0s\u2019ha vinculat a les \u00e0rees de Medi Natural i Social i a la realitzaci\u00f3 de projectes en aquestes \u00e0rees en llengua anglesa a Cicle Superior i 4t d\u2019Educaci\u00f3 Prim\u00e0ria.<br \/>\nPretenem:<br \/>\n&#8211; Millorar la compet\u00e8ncia comunicativa en llengua anglesa<br \/>\n&#8211; Desenvolupar compet\u00e8ncies clau per al s. XXI (b\u00e0siques, del pensament i actitudinals o personals)<br \/>\n&#8211; Fomentar el treball cooperatiu i per projectes<br \/>\n&#8211; Adquirir estrat\u00e8gies per a l\u2019aprenentatge aut\u00f2nom (aprendre a aprendre)<br \/>\n&#8211; Adquirir coneixement i estrat\u00e8gies d\u2019intercomprensi\u00f3<br \/>\n&#8211; Afavorir la implicaci\u00f3 de la comunitat educativa en el projecte ling\u00fc\u00edstic pluriling\u00fce del centre.<\/p>\n<p>En aquest <a href=\"https:\/\/msabat69.wixsite.com\/website-1\">enlla\u00e7<\/a> podeu trobar els primers dos projectes duts a terme a cicle superior.<\/p>\n<p>&nbsp;<\/p>\n","protected":false},"excerpt":{"rendered":"<p>Des del curs 2018-2019 participem del projecte GEP que promou i organitza el Departament d\u2019Ensenyament de Catalunya. Els objectius generals del programa s\u00f3n promoure l\u2019aplicaci\u00f3 a l\u2019aula de metodologies per a l\u2019aprenentatge integrat de continguts i llengua anglesa; fomentar el desenvolupament de projectes interdisciplinars en aquesta\u00a0 llengua, i oferir pautes per a l\u2019organitzaci\u00f3 educativa i [&hellip;]<\/p>\n","protected":false},"author":1,"featured_media":0,"parent":22,"menu_order":0,"comment_status":"closed","ping_status":"closed","template":"","meta":{"_bbp_topic_count":0,"_bbp_reply_count":0,"_bbp_total_topic_count":0,"_bbp_total_reply_count":0,"_bbp_voice_count":0,"_bbp_anonymous_reply_count":0,"_bbp_topic_count_hidden":0,"_bbp_reply_count_hidden":0,"_bbp_forum_subforum_count":0,"site-sidebar-layout":"default","site-content-layout":"","ast-site-content-layout":"","site-content-style":"default","site-sidebar-style":"default","ast-global-header-display":"","ast-banner-title-visibility":"","ast-main-header-display":"","ast-hfb-above-header-display":"","ast-hfb-below-header-display":"","ast-hfb-mobile-header-display":"","site-post-title":"","ast-breadcrumbs-content":"","ast-featured-img":"","footer-sml-layout":"","theme-transparent-header-meta":"","adv-header-id-meta":"","stick-header-meta":"","header-above-stick-meta":"","header-main-stick-meta":"","header-below-stick-meta":"","astra-migrate-meta-layouts":"default","ast-page-background-enabled":"default","ast-page-background-meta":{"desktop":{"background-color":"var(--ast-global-color-4)","background-image":"","background-repeat":"repeat","background-position":"center center","background-size":"auto","background-attachment":"scroll","background-type":"","background-media":"","overlay-type":"","overlay-color":"","overlay-opacity":"","overlay-gradient":""},"tablet":{"background-color":"","background-image":"","background-repeat":"repeat","background-position":"center center","background-size":"auto","background-attachment":"scroll","background-type":"","background-media":"","overlay-type":"","overlay-color":"","overlay-opacity":"","overlay-gradient":""},"mobile":{"background-color":"","background-image":"","background-repeat":"repeat","background-position":"center center","background-size":"auto","background-attachment":"scroll","background-type":"","background-media":"","overlay-type":"","overlay-color":"","overlay-opacity":"","overlay-gradient":""}},"ast-content-background-meta":{"desktop":{"background-color":"var(--ast-global-color-5)","background-image":"","background-repeat":"repeat","background-position":"center center","background-size":"auto","background-attachment":"scroll","background-type":"","background-media":"","overlay-type":"","overlay-color":"","overlay-opacity":"","overlay-gradient":""},"tablet":{"background-color":"var(--ast-global-color-5)","background-image":"","background-repeat":"repeat","background-position":"center center","background-size":"auto","background-attachment":"scroll","background-type":"","background-media":"","overlay-type":"","overlay-color":"","overlay-opacity":"","overlay-gradient":""},"mobile":{"background-color":"var(--ast-global-color-5)","background-image":"","background-repeat":"repeat","background-position":"center center","background-size":"auto","background-attachment":"scroll","background-type":"","background-media":"","overlay-type":"","overlay-color":"","overlay-opacity":"","overlay-gradient":""}},"footnotes":""},"class_list":["post-3055","page","type-page","status-publish","hentry"],"post_mailing_queue_ids":[],"_links":{"self":[{"href":"https:\/\/agora.xtec.cat\/ceipcalvetdestrella\/wp-json\/wp\/v2\/pages\/3055","targetHints":{"allow":["GET"]}}],"collection":[{"href":"https:\/\/agora.xtec.cat\/ceipcalvetdestrella\/wp-json\/wp\/v2\/pages"}],"about":[{"href":"https:\/\/agora.xtec.cat\/ceipcalvetdestrella\/wp-json\/wp\/v2\/types\/page"}],"author":[{"embeddable":true,"href":"https:\/\/agora.xtec.cat\/ceipcalvetdestrella\/wp-json\/wp\/v2\/users\/1"}],"replies":[{"embeddable":true,"href":"https:\/\/agora.xtec.cat\/ceipcalvetdestrella\/wp-json\/wp\/v2\/comments?post=3055"}],"version-history":[{"count":2,"href":"https:\/\/agora.xtec.cat\/ceipcalvetdestrella\/wp-json\/wp\/v2\/pages\/3055\/revisions"}],"predecessor-version":[{"id":3059,"href":"https:\/\/agora.xtec.cat\/ceipcalvetdestrella\/wp-json\/wp\/v2\/pages\/3055\/revisions\/3059"}],"up":[{"embeddable":true,"href":"https:\/\/agora.xtec.cat\/ceipcalvetdestrella\/wp-json\/wp\/v2\/pages\/22"}],"wp:attachment":[{"href":"https:\/\/agora.xtec.cat\/ceipcalvetdestrella\/wp-json\/wp\/v2\/media?parent=3055"}],"curies":[{"name":"wp","href":"https:\/\/api.w.org\/{rel}","templated":true}]}}

<p><a href="http://agora.xtec.cat/ceipcalvetdestrella/centre-gep/attachment/gep/" rel="attachment wp-att-3056"><img loading="lazy" decoding="async" class="aligncenter size-medium wp-image-3056" src="https://agora.xtec.cat/ceipcalvetdestrella/wp-content/uploads/usu1846/2021/06/gep-300x184.png" alt="" width="300" height="184" /></a></p>
<p>Des del curs 2018-2019 participem del projecte GEP que promou i organitza el Departament d’Ensenyament de Catalunya.<br />
Els objectius generals del programa són promoure l’aplicació a l’aula de metodologies per a l’aprenentatge integrat de continguts i llengua anglesa; fomentar el desenvolupament de projectes interdisciplinars en aquesta  llengua, i oferir pautes per a l’organització educativa i el disseny curricular.<br />
Aquest treball  s’ha vinculat a les àrees de Medi Natural i Social i a la realització de projectes en aquestes àrees en llengua anglesa a Cicle Superior i 4t d’Educació Primària.<br />
Pretenem:<br />
&#8211; Millorar la competència comunicativa en llengua anglesa<br />
&#8211; Desenvolupar competències clau per al s. XXI (bàsiques, del pensament i actitudinals o personals)<br />
&#8211; Fomentar el treball cooperatiu i per projectes<br />
&#8211; Adquirir estratègies per a l’aprenentatge autònom (aprendre a aprendre)<br />
&#8211; Adquirir coneixement i estratègies d’intercomprensió<br />
&#8211; Afavorir la implicació de la comunitat educativa en el projecte lingüístic plurilingüe del centre.</p>
<p>En aquest <a href="https://msabat69.wixsite.com/website-1">enllaç</a> podeu trobar els primers dos projectes duts a terme a cicle superior.</p>
<p>&nbsp;</p>

<p>Des del curs 2018-2019 participem del projecte GEP que promou i organitza el Departament d’Ensenyament de Catalunya. Els objectius generals del programa són promoure l’aplicació a l’aula de metodologies per a l’aprenentatge integrat de continguts i llengua anglesa; fomentar el desenvolupament de projectes interdisciplinars en aquesta  llengua, i oferir pautes per a l’organització educativa i [&hellip;]</p>
