{"id":22,"date":"2014-09-18T12:19:57","date_gmt":"2014-09-18T11:19:57","guid":{"rendered":"http:\/\/agora.xtec.cat\/ceipcalvetdestrella\/?page_id=22"},"modified":"2024-02-15T09:29:31","modified_gmt":"2024-02-15T08:29:31","slug":"lescola","status":"publish","type":"page","link":"https:\/\/agora.xtec.cat\/ceipcalvetdestrella\/lescola\/","title":{"rendered":"L&#8217;Escola"},"content":{"rendered":"<p>&nbsp;<\/p>\n<p><a href=\"https:\/\/agora.xtec.cat\/ceipcalvetdestrella\/wp-content\/uploads\/usu1846\/2021\/02\/escola-calvet.jpg\"><img loading=\"lazy\" decoding=\"async\" class=\"aligncenter wp-image-2343\" src=\"https:\/\/agora.xtec.cat\/ceipcalvetdestrella\/wp-content\/uploads\/usu1846\/2021\/02\/escola-calvet.jpg\" alt=\"\" width=\"348\" height=\"209\" srcset=\"https:\/\/agora.xtec.cat\/ceipcalvetdestrella\/wp-content\/uploads\/usu1846\/2021\/02\/escola-calvet.jpg 524w, https:\/\/agora.xtec.cat\/ceipcalvetdestrella\/wp-content\/uploads\/usu1846\/2021\/02\/escola-calvet-300x180.jpg 300w\" sizes=\"auto, (max-width: 348px) 100vw, 348px\" \/><\/a><\/p>\n<p>Som un centre educatiu de <strong>titularitat p\u00fablica<\/strong> que va iniciar la seva activitat docent el curs escolar 1974-1975.<\/p>\n<p>L&#8217;Escola orienta la seva activitat en el marc d&#8217;una educaci\u00f3 basada en la <strong>responsabilitat<\/strong> com a membre d&#8217;una comunitat, una<strong> f<\/strong>ormaci\u00f3 intel\u00b7lectual rigorosa, l&#8217;esfor\u00e7 personal, la voluntat de treball, la col\u00b7laboraci\u00f3, el foment de la sensibilitat cap a les manifestacions art\u00edstiques i l&#8217;\u00fas acurat de l&#8217;entorn urb\u00e0 i natural. Considerem b\u00e0sica l&#8217;adquisici\u00f3 de compet\u00e8ncies relacionades amb les tecnologies de la informaci\u00f3 i la comunicaci\u00f3; aix\u00ed com l&#8217;aprenentatge de coneixements i el desenvolupament de valors i actituds que contribueixin a formar els nostres alumnes com a persones competents, responsables, respectuoses, cr\u00edtiques i solid\u00e0ries.<\/p>\n<p>Actualment a l&#8217;escola\u00a0s&#8217;imparteix Educaci\u00f3 Infantil, de 3 a 5 anys, i Educaci\u00f3 Prim\u00e0ria, de 1r a 6\u00e8, dividida en tres cicles educatius.<\/p>\n<p><img decoding=\"async\" src=\"http:\/\/www.xtec.cat\/centres\/a8024819\/images\/page2-img1.jpg\" \/>L&#8217;Escola est\u00e0 adscrita a l&#8217;IES Joan Oliver i a l&#8217;IES Jonqueres. Els alumnes, quan acaben l&#8217;etapa d&#8217;Educaci\u00f3 Prim\u00e0ria, poden cursar l&#8217;etapa d&#8217;Ensenyament Secundari Obligatori (ESO) en qualsevol d&#8217;aquests dos instituts. Entre els dos centres hi ha establerta una<strong> coordinaci\u00f3 peri\u00f2dica<\/strong> per tal d&#8217;unificar criteris i metodologies, garantir el trasp\u00e0s d&#8217;informaci\u00f3 de tots i cadascun dels i les nostres alumnes, avaluar conjuntament els resultats i dissenyar estrat\u00e8gies comunes per a millorar-los.<\/p>\n<p>&nbsp;<\/p>\n","protected":false},"excerpt":{"rendered":"<p>&nbsp; Som un centre educatiu de titularitat p\u00fablica que va iniciar la seva activitat docent el curs escolar 1974-1975. L&#8217;Escola orienta la seva activitat en el marc d&#8217;una educaci\u00f3 basada en la responsabilitat com a membre d&#8217;una comunitat, una formaci\u00f3 intel\u00b7lectual rigorosa, l&#8217;esfor\u00e7 personal, la voluntat de treball, la col\u00b7laboraci\u00f3, el foment de la sensibilitat [&hellip;]<\/p>\n","protected":false},"author":1,"featured_media":0,"parent":0,"menu_order":0,"comment_status":"closed","ping_status":"closed","template":"page-templates\/side-menu.php","meta":{"_bbp_topic_count":0,"_bbp_reply_count":0,"_bbp_total_topic_count":0,"_bbp_total_reply_count":0,"_bbp_voice_count":0,"_bbp_anonymous_reply_count":0,"_bbp_topic_count_hidden":0,"_bbp_reply_count_hidden":0,"_bbp_forum_subforum_count":0,"site-sidebar-layout":"default","site-content-layout":"","ast-site-content-layout":"","site-content-style":"default","site-sidebar-style":"default","ast-global-header-display":"","ast-banner-title-visibility":"","ast-main-header-display":"","ast-hfb-above-header-display":"","ast-hfb-below-header-display":"","ast-hfb-mobile-header-display":"","site-post-title":"","ast-breadcrumbs-content":"","ast-featured-img":"","footer-sml-layout":"","theme-transparent-header-meta":"","adv-header-id-meta":"","stick-header-meta":"","header-above-stick-meta":"","header-main-stick-meta":"","header-below-stick-meta":"","astra-migrate-meta-layouts":"default","ast-page-background-enabled":"default","ast-page-background-meta":{"desktop":{"background-color":"var(--ast-global-color-4)","background-image":"","background-repeat":"repeat","background-position":"center center","background-size":"auto","background-attachment":"scroll","background-type":"","background-media":"","overlay-type":"","overlay-color":"","overlay-opacity":"","overlay-gradient":""},"tablet":{"background-color":"","background-image":"","background-repeat":"repeat","background-position":"center center","background-size":"auto","background-attachment":"scroll","background-type":"","background-media":"","overlay-type":"","overlay-color":"","overlay-opacity":"","overlay-gradient":""},"mobile":{"background-color":"","background-image":"","background-repeat":"repeat","background-position":"center center","background-size":"auto","background-attachment":"scroll","background-type":"","background-media":"","overlay-type":"","overlay-color":"","overlay-opacity":"","overlay-gradient":""}},"ast-content-background-meta":{"desktop":{"background-color":"var(--ast-global-color-5)","background-image":"","background-repeat":"repeat","background-position":"center center","background-size":"auto","background-attachment":"scroll","background-type":"","background-media":"","overlay-type":"","overlay-color":"","overlay-opacity":"","overlay-gradient":""},"tablet":{"background-color":"var(--ast-global-color-5)","background-image":"","background-repeat":"repeat","background-position":"center center","background-size":"auto","background-attachment":"scroll","background-type":"","background-media":"","overlay-type":"","overlay-color":"","overlay-opacity":"","overlay-gradient":""},"mobile":{"background-color":"var(--ast-global-color-5)","background-image":"","background-repeat":"repeat","background-position":"center center","background-size":"auto","background-attachment":"scroll","background-type":"","background-media":"","overlay-type":"","overlay-color":"","overlay-opacity":"","overlay-gradient":""}},"footnotes":""},"class_list":["post-22","page","type-page","status-publish","hentry"],"post_mailing_queue_ids":[],"_links":{"self":[{"href":"https:\/\/agora.xtec.cat\/ceipcalvetdestrella\/wp-json\/wp\/v2\/pages\/22","targetHints":{"allow":["GET"]}}],"collection":[{"href":"https:\/\/agora.xtec.cat\/ceipcalvetdestrella\/wp-json\/wp\/v2\/pages"}],"about":[{"href":"https:\/\/agora.xtec.cat\/ceipcalvetdestrella\/wp-json\/wp\/v2\/types\/page"}],"author":[{"embeddable":true,"href":"https:\/\/agora.xtec.cat\/ceipcalvetdestrella\/wp-json\/wp\/v2\/users\/1"}],"replies":[{"embeddable":true,"href":"https:\/\/agora.xtec.cat\/ceipcalvetdestrella\/wp-json\/wp\/v2\/comments?post=22"}],"version-history":[{"count":4,"href":"https:\/\/agora.xtec.cat\/ceipcalvetdestrella\/wp-json\/wp\/v2\/pages\/22\/revisions"}],"predecessor-version":[{"id":5542,"href":"https:\/\/agora.xtec.cat\/ceipcalvetdestrella\/wp-json\/wp\/v2\/pages\/22\/revisions\/5542"}],"wp:attachment":[{"href":"https:\/\/agora.xtec.cat\/ceipcalvetdestrella\/wp-json\/wp\/v2\/media?parent=22"}],"curies":[{"name":"wp","href":"https:\/\/api.w.org\/{rel}","templated":true}]}}

<p>&nbsp;</p>
<p><a href="https://agora.xtec.cat/ceipcalvetdestrella/wp-content/uploads/usu1846/2021/02/escola-calvet.jpg"><img loading="lazy" decoding="async" class="aligncenter wp-image-2343" src="https://agora.xtec.cat/ceipcalvetdestrella/wp-content/uploads/usu1846/2021/02/escola-calvet.jpg" alt="" width="348" height="209" srcset="https://agora.xtec.cat/ceipcalvetdestrella/wp-content/uploads/usu1846/2021/02/escola-calvet.jpg 524w, https://agora.xtec.cat/ceipcalvetdestrella/wp-content/uploads/usu1846/2021/02/escola-calvet-300x180.jpg 300w" sizes="auto, (max-width: 348px) 100vw, 348px" /></a></p>
<p>Som un centre educatiu de <strong>titularitat pública</strong> que va iniciar la seva activitat docent el curs escolar 1974-1975.</p>
<p>L&#8217;Escola orienta la seva activitat en el marc d&#8217;una educació basada en la <strong>responsabilitat</strong> com a membre d&#8217;una comunitat, una<strong> f</strong>ormació intel·lectual rigorosa, l&#8217;esforç personal, la voluntat de treball, la col·laboració, el foment de la sensibilitat cap a les manifestacions artístiques i l&#8217;ús acurat de l&#8217;entorn urbà i natural. Considerem bàsica l&#8217;adquisició de competències relacionades amb les tecnologies de la informació i la comunicació; així com l&#8217;aprenentatge de coneixements i el desenvolupament de valors i actituds que contribueixin a formar els nostres alumnes com a persones competents, responsables, respectuoses, crítiques i solidàries.</p>
<p>Actualment a l&#8217;escola s&#8217;imparteix Educació Infantil, de 3 a 5 anys, i Educació Primària, de 1r a 6è, dividida en tres cicles educatius.</p>
<p><img decoding="async" src="http://www.xtec.cat/centres/a8024819/images/page2-img1.jpg" />L&#8217;Escola està adscrita a l&#8217;IES Joan Oliver i a l&#8217;IES Jonqueres. Els alumnes, quan acaben l&#8217;etapa d&#8217;Educació Primària, poden cursar l&#8217;etapa d&#8217;Ensenyament Secundari Obligatori (ESO) en qualsevol d&#8217;aquests dos instituts. Entre els dos centres hi ha establerta una<strong> coordinació periòdica</strong> per tal d&#8217;unificar criteris i metodologies, garantir el traspàs d&#8217;informació de tots i cadascun dels i les nostres alumnes, avaluar conjuntament els resultats i dissenyar estratègies comunes per a millorar-los.</p>
<p>&nbsp;</p>

<p>&nbsp; Som un centre educatiu de titularitat pública que va iniciar la seva activitat docent el curs escolar 1974-1975. L&#8217;Escola orienta la seva activitat en el marc d&#8217;una educació basada en la responsabilitat com a membre d&#8217;una comunitat, una formació intel·lectual rigorosa, l&#8217;esforç personal, la voluntat de treball, la col·laboració, el foment de la sensibilitat [&hellip;]</p>
