{"id":322,"date":"2016-11-07T13:35:02","date_gmt":"2016-11-07T12:35:02","guid":{"rendered":"http:\/\/agora.xtec.cat\/ceipcalderon\/?page_id=322"},"modified":"2025-11-05T13:06:47","modified_gmt":"2025-11-05T12:06:47","slug":"projecte-anual-descola","status":"publish","type":"page","link":"https:\/\/agora.xtec.cat\/ceipcalderon\/projecte-educatiu\/projecte-anual-descola\/","title":{"rendered":"Projecte Anual d&#8217;Escola"},"content":{"rendered":"\n<figure class=\"wp-block-image is-resized\"><img loading=\"lazy\" decoding=\"async\" width=\"808\" height=\"360\" src=\"https:\/\/agora.xtec.cat\/ceipcalderon\/wp-content\/uploads\/usu834\/2025\/10\/360_F_382725021_rFTmxsT76oUV3RsZY2DlkeSzj7KEAd2r.jpg\" alt=\"\" class=\"wp-image-12826\" style=\"width:931px;height:auto\" srcset=\"https:\/\/agora.xtec.cat\/ceipcalderon\/wp-content\/uploads\/usu834\/2025\/10\/360_F_382725021_rFTmxsT76oUV3RsZY2DlkeSzj7KEAd2r.jpg 808w, https:\/\/agora.xtec.cat\/ceipcalderon\/wp-content\/uploads\/usu834\/2025\/10\/360_F_382725021_rFTmxsT76oUV3RsZY2DlkeSzj7KEAd2r-300x134.jpg 300w, https:\/\/agora.xtec.cat\/ceipcalderon\/wp-content\/uploads\/usu834\/2025\/10\/360_F_382725021_rFTmxsT76oUV3RsZY2DlkeSzj7KEAd2r-768x342.jpg 768w\" sizes=\"auto, (max-width: 808px) 100vw, 808px\" \/><\/figure>\n\n\n\n<p>Estimades Fam\u00edlies!<\/p>\n\n\n\n<p>Aquest curs 25\/26 marcar\u00e0 els 100 anys de la mort d&#8217;un dels arquitectes m\u00e9s influents de la hist\u00f2ria de l&#8217;arquitectura moderna, l&#8217;Antoni Gaud\u00ed i Cornet. La seva obra es va caracteritzar per una gran originalitat i una profunda connexi\u00f3 amb la natura, la religi\u00f3 i la cultura catalana.<\/p>\n\n\n\n<p>Les seves obres m\u00e9s emblem\u00e0tiques inclouen la Sagrada Fam\u00edlia, el Parc G\u00fcell, la Casa Batll\u00f3 i la Casa Mil\u00e0 (la Pedrera). Tamb\u00e9 va treballar en nombroses altres obres a Barcelona i en altres localitats catalanes, incloent-hi la restauraci\u00f3 de la catedral de Barcelona, la Casa Vicens i la Cripta de la Col\u00f2nia G\u00fcell.&nbsp;<\/p>\n\n\n\n<p>La Sagrada Fam\u00edlia commemorar\u00e0 el centenari de la mort d\u2019Antoni Gaud\u00ed amb un programa d\u2019actes propis que s\u2019iniciaran a l\u2019octubre, a continuaci\u00f3 us compartim l&#8217;enlla\u00e7 per si us sembla interessant: <a href=\"https:\/\/sagradafamilia2026.org\/esdeveniment\/\">https:\/\/sagradafamilia2026.org\/esdeveniment\/<\/a><\/p>\n\n\n\n<p>Aix\u00ed doncs, a continuaci\u00f3 us deixem el nom del projecte i de les classes.<\/p>\n\n\n\n<p class=\"has-text-align-center has-black-color has-text-color has-link-color has-large-font-size wp-elements-867644f21a5eb8e5f8fe5acf03bc4870\">100 anys d&#8217;Antoni Gaud\u00ed<\/p>\n\n\n\n<figure class=\"wp-block-table\"><table class=\"has-fixed-layout\"><tbody><tr><td class=\"has-text-align-center\" data-align=\"center\"><h5><strong><span style=\"color: #333333;\">I3 A: <\/span><\/strong><\/h5>PAPALLONES<\/td><td class=\"has-text-align-center\" data-align=\"center\"><h5><strong><span style=\"color: #333333;\">I3 B:<\/span><\/strong><\/h5> CARGOLS<\/td><\/tr><tr><td class=\"has-text-align-center\" data-align=\"center\"><h5><strong><span style=\"color: #333333;\">I4 A: <\/span><\/strong><\/h5>XEMENEIES<\/td><td class=\"has-text-align-center\" data-align=\"center\"><h5>I<strong><span style=\"color: #333333;\">4 B: <\/span><\/strong><\/h5>SARGANTANES<\/td><\/tr><tr><td class=\"has-text-align-center\" data-align=\"center\"><h5><strong><span style=\"color: #333333;\">I5 A: <\/span><\/strong><\/h5>BARCELONA I GAUD\u00cd<\/td><td class=\"has-text-align-center\" data-align=\"center\"><h5><strong><span style=\"color: #333333;\">I5 B: <\/span><\/strong><\/h5>FRUITES<\/td><\/tr><tr><td class=\"has-text-align-center\" data-align=\"center\"><h5><strong><span style=\"color: #333333;\">1r A: <\/span><\/strong><\/h5>ONADES<\/td><td class=\"has-text-align-center\" data-align=\"center\"><h5><strong><span style=\"color: #333333;\">1r B: <\/span><\/strong><\/h5>MAR I PEIXOS<\/td><\/tr><tr><td class=\"has-text-align-center\" data-align=\"center\"><h5><strong><span style=\"color: #333333;\">2n A: <\/span><\/strong><\/h5>SAGRADA FAM\u00cdLIA<\/td><td class=\"has-text-align-center\" data-align=\"center\"><h5><strong><span style=\"color: #333333;\">2n B: <\/span><\/strong><\/h5>DRAC<\/td><\/tr><tr><td class=\"has-text-align-center\" data-align=\"center\"><h5><strong><span style=\"color: #333333;\">3r A: <\/span><\/strong><\/h5>&#8220;PINYA&#8221; G\u00dcELL<\/td><td class=\"has-text-align-center\" data-align=\"center\"><h5><strong><span style=\"color: #333333;\">3r B: <\/span><\/strong><\/h5>JARDINS ARTIGAS<\/td><\/tr><tr><td class=\"has-text-align-center\" data-align=\"center\"><h5><strong><span style=\"color: #333333;\">4t A: <\/span><\/strong><\/h5>LA PEDRERA<\/td><td class=\"has-text-align-center\" data-align=\"center\"><h5><strong><span style=\"color: #333333;\">4t B: <\/span><\/strong><\/h5>PARC G\u00dcELL<\/td><\/tr><tr><td class=\"has-text-align-center\" data-align=\"center\"><h5><strong><span style=\"color: #333333;\">5\u00e8 A: <\/span><\/strong><\/h5>GAUDIDORS I GAUDIDORES<\/td><td class=\"has-text-align-center\" data-align=\"center\"><h5><strong><span style=\"color: #333333;\">5\u00e8 B: <\/span><\/strong><\/h5>ELS TRENCADISSOS TRAPELLES<\/td><\/tr><tr><td class=\"has-text-align-center\" data-align=\"center\"><h5><strong><span style=\"color: #333333;\">6\u00e8 A: <\/span><\/strong><\/h5>ELS MODERNISTES ORG\u00c0NICS<\/td><td class=\"has-text-align-center\" data-align=\"center\"><h5><strong><span style=\"color: #333333;\">6\u00e8 B: <\/span><\/strong><\/h5>ELS ARQUITECTES<\/td><\/tr><\/tbody><\/table><\/figure>\n\n\n\n<h3 class=\"wp-block-heading\">&nbsp;<\/h3>\n","protected":false},"excerpt":{"rendered":"<p>Estimades Fam\u00edlies! Aquest curs 25\/26 marcar\u00e0 els 100 anys de la mort d&#8217;un dels arquitectes m\u00e9s influents de la hist\u00f2ria de l&#8217;arquitectura moderna, l&#8217;Antoni Gaud\u00ed i Cornet. La seva obra es va caracteritzar per una gran originalitat i una profunda connexi\u00f3 amb la natura, la religi\u00f3 i la cultura catalana. Les seves obres m\u00e9s emblem\u00e0tiques [&hellip;]<\/p>\n","protected":false},"author":1,"featured_media":0,"parent":64,"menu_order":0,"comment_status":"closed","ping_status":"closed","template":"page-templates\/side-menu.php","meta":{"_bbp_topic_count":0,"_bbp_reply_count":0,"_bbp_total_topic_count":0,"_bbp_total_reply_count":0,"_bbp_voice_count":0,"_bbp_anonymous_reply_count":0,"_bbp_topic_count_hidden":0,"_bbp_reply_count_hidden":0,"_bbp_forum_subforum_count":0,"site-sidebar-layout":"default","site-content-layout":"","ast-site-content-layout":"default","site-content-style":"default","site-sidebar-style":"default","ast-global-header-display":"","ast-banner-title-visibility":"","ast-main-header-display":"","ast-hfb-above-header-display":"","ast-hfb-below-header-display":"","ast-hfb-mobile-header-display":"","site-post-title":"","ast-breadcrumbs-content":"","ast-featured-img":"","footer-sml-layout":"","theme-transparent-header-meta":"","adv-header-id-meta":"","stick-header-meta":"","header-above-stick-meta":"","header-main-stick-meta":"","header-below-stick-meta":"","astra-migrate-meta-layouts":"set","ast-page-background-enabled":"default","ast-page-background-meta":{"desktop":{"background-color":"var(--ast-global-color-4)","background-image":"","background-repeat":"repeat","background-position":"center center","background-size":"auto","background-attachment":"scroll","background-type":"","background-media":"","overlay-type":"","overlay-color":"","overlay-opacity":"","overlay-gradient":""},"tablet":{"background-color":"","background-image":"","background-repeat":"repeat","background-position":"center center","background-size":"auto","background-attachment":"scroll","background-type":"","background-media":"","overlay-type":"","overlay-color":"","overlay-opacity":"","overlay-gradient":""},"mobile":{"background-color":"","background-image":"","background-repeat":"repeat","background-position":"center center","background-size":"auto","background-attachment":"scroll","background-type":"","background-media":"","overlay-type":"","overlay-color":"","overlay-opacity":"","overlay-gradient":""}},"ast-content-background-meta":{"desktop":{"background-color":"var(--ast-global-color-5)","background-image":"","background-repeat":"repeat","background-position":"center center","background-size":"auto","background-attachment":"scroll","background-type":"","background-media":"","overlay-type":"","overlay-color":"","overlay-opacity":"","overlay-gradient":""},"tablet":{"background-color":"var(--ast-global-color-5)","background-image":"","background-repeat":"repeat","background-position":"center center","background-size":"auto","background-attachment":"scroll","background-type":"","background-media":"","overlay-type":"","overlay-color":"","overlay-opacity":"","overlay-gradient":""},"mobile":{"background-color":"var(--ast-global-color-5)","background-image":"","background-repeat":"repeat","background-position":"center center","background-size":"auto","background-attachment":"scroll","background-type":"","background-media":"","overlay-type":"","overlay-color":"","overlay-opacity":"","overlay-gradient":""}},"footnotes":""},"class_list":["post-322","page","type-page","status-publish","hentry"],"post_mailing_queue_ids":[],"_links":{"self":[{"href":"https:\/\/agora.xtec.cat\/ceipcalderon\/wp-json\/wp\/v2\/pages\/322","targetHints":{"allow":["GET"]}}],"collection":[{"href":"https:\/\/agora.xtec.cat\/ceipcalderon\/wp-json\/wp\/v2\/pages"}],"about":[{"href":"https:\/\/agora.xtec.cat\/ceipcalderon\/wp-json\/wp\/v2\/types\/page"}],"author":[{"embeddable":true,"href":"https:\/\/agora.xtec.cat\/ceipcalderon\/wp-json\/wp\/v2\/users\/1"}],"replies":[{"embeddable":true,"href":"https:\/\/agora.xtec.cat\/ceipcalderon\/wp-json\/wp\/v2\/comments?post=322"}],"version-history":[{"count":6,"href":"https:\/\/agora.xtec.cat\/ceipcalderon\/wp-json\/wp\/v2\/pages\/322\/revisions"}],"predecessor-version":[{"id":12832,"href":"https:\/\/agora.xtec.cat\/ceipcalderon\/wp-json\/wp\/v2\/pages\/322\/revisions\/12832"}],"up":[{"embeddable":true,"href":"https:\/\/agora.xtec.cat\/ceipcalderon\/wp-json\/wp\/v2\/pages\/64"}],"wp:attachment":[{"href":"https:\/\/agora.xtec.cat\/ceipcalderon\/wp-json\/wp\/v2\/media?parent=322"}],"curies":[{"name":"wp","href":"https:\/\/api.w.org\/{rel}","templated":true}]}}