{"id":296,"date":"2016-10-03T13:15:46","date_gmt":"2016-10-03T12:15:46","guid":{"rendered":"http:\/\/agora.xtec.cat\/ceipcalderon\/?page_id=296"},"modified":"2026-02-13T18:53:11","modified_gmt":"2026-02-13T17:53:11","slug":"festes","status":"publish","type":"page","link":"https:\/\/agora.xtec.cat\/ceipcalderon\/que-fem\/festes\/","title":{"rendered":"Festes i tradicions"},"content":{"rendered":"\n<p>A l&#8217;escola celebrem les principals festes que marquen el nostre calendari. Intentem que les celebracions de les diferents festes i tradicions ens ajudin a marcar el pas del temps, a viv\u00e8nciar les seves caracter\u00edstiques i rituals propis, que els infants i mestres les facin seves i que tothom des de la seva mirada \u00edntima pugui fer-ne una lectura i ser-ne part\u00edcep.<\/p>\n\n\n\n<p>Les festes que celebrem a l&#8217;escola s\u00f3n les seg\u00fcents:<\/p>\n\n\n\n<ul class=\"wp-block-list\">\n<li class=\"has-ast-global-color-0-color has-text-color has-link-color wp-elements-53f678105c9d859b367715294b8cc434\"><strong><a href=\"https:\/\/agora.xtec.cat\/ceipcalderon\/general\/castanyada-2025\/\" data-type=\"link\" data-id=\"https:\/\/agora.xtec.cat\/ceipcalderon\/general\/castanyada-2025\/\">La Castanyada<\/a> <\/strong>(festa de tardor)<\/li>\n<\/ul>\n\n\n\n<div class=\"wp-block-media-text is-stacked-on-mobile\" style=\"margin-top:0;margin-bottom:0;padding-top:0;padding-bottom:0;grid-template-columns:30% auto\"><figure class=\"wp-block-media-text__media\"><img loading=\"lazy\" decoding=\"async\" width=\"1024\" height=\"1021\" src=\"https:\/\/agora.xtec.cat\/ceipcalderon\/wp-content\/uploads\/usu834\/2026\/02\/UBICACIO-1-scaled-e1770898886733-1024x1021.jpg\" alt=\"\" class=\"wp-image-13229 size-full\" srcset=\"https:\/\/agora.xtec.cat\/ceipcalderon\/wp-content\/uploads\/usu834\/2026\/02\/UBICACIO-1-scaled-e1770898886733-1024x1021.jpg 1024w, https:\/\/agora.xtec.cat\/ceipcalderon\/wp-content\/uploads\/usu834\/2026\/02\/UBICACIO-1-scaled-e1770898886733-300x300.jpg 300w, https:\/\/agora.xtec.cat\/ceipcalderon\/wp-content\/uploads\/usu834\/2026\/02\/UBICACIO-1-scaled-e1770898886733-150x150.jpg 150w, https:\/\/agora.xtec.cat\/ceipcalderon\/wp-content\/uploads\/usu834\/2026\/02\/UBICACIO-1-scaled-e1770898886733-768x766.jpg 768w, https:\/\/agora.xtec.cat\/ceipcalderon\/wp-content\/uploads\/usu834\/2026\/02\/UBICACIO-1-scaled-e1770898886733.jpg 1284w\" sizes=\"auto, (max-width: 1024px) 100vw, 1024px\" \/><\/figure><div class=\"wp-block-media-text__content\">\n<p class=\"has-medium-font-size\" style=\"margin-right:var(--wp--preset--spacing--40);margin-left:var(--wp--preset--spacing--40)\">Aquesta \u00e9s una festa molt especial per al nostre centre, ja que \u00e9s la primera celebraci\u00f3 que fem tota l&#8217;escola conjunt. Cada curs prepara aquesta festa segons el seu nivell.<\/p>\n\n\n\n<p class=\"has-medium-font-size\" style=\"margin-right:var(--wp--preset--spacing--40);margin-left:var(--wp--preset--spacing--40)\">Es decora l&#8217;entrada de l&#8217;escola amb motius i treballs realitzats per l&#8217;alumnat amb el tema de la tardor.<\/p>\n<\/div><\/div>\n\n\n\n<ul class=\"wp-block-list\">\n<li class=\"has-ast-global-color-0-color has-text-color has-link-color wp-elements-5f69b9599fc86f2fc28f7a88c3984761\"><a href=\"https:\/\/agora.xtec.cat\/ceipcalderon\/portada\/nadal-2025\/\"><strong>Les festes de Nadal<\/strong><\/a> (festa d&#8217;hivern)<\/li>\n<\/ul>\n\n\n\n<div class=\"wp-block-media-text is-stacked-on-mobile\" style=\"grid-template-columns:30% auto\"><figure class=\"wp-block-media-text__media\"><img loading=\"lazy\" decoding=\"async\" width=\"1024\" height=\"1021\" src=\"https:\/\/agora.xtec.cat\/ceipcalderon\/wp-content\/uploads\/usu834\/2026\/02\/UBICACIO-scaled-e1770898590247-1024x1021.jpg\" alt=\"\" class=\"wp-image-13227 size-full\" srcset=\"https:\/\/agora.xtec.cat\/ceipcalderon\/wp-content\/uploads\/usu834\/2026\/02\/UBICACIO-scaled-e1770898590247-1024x1021.jpg 1024w, https:\/\/agora.xtec.cat\/ceipcalderon\/wp-content\/uploads\/usu834\/2026\/02\/UBICACIO-scaled-e1770898590247-300x300.jpg 300w, https:\/\/agora.xtec.cat\/ceipcalderon\/wp-content\/uploads\/usu834\/2026\/02\/UBICACIO-scaled-e1770898590247-150x150.jpg 150w, https:\/\/agora.xtec.cat\/ceipcalderon\/wp-content\/uploads\/usu834\/2026\/02\/UBICACIO-scaled-e1770898590247-768x766.jpg 768w, https:\/\/agora.xtec.cat\/ceipcalderon\/wp-content\/uploads\/usu834\/2026\/02\/UBICACIO-scaled-e1770898590247.jpg 1284w\" sizes=\"auto, (max-width: 1024px) 100vw, 1024px\" \/><\/figure><div class=\"wp-block-media-text__content\">\n<p style=\"margin-right:var(--wp--preset--spacing--40);margin-left:var(--wp--preset--spacing--40)\">Les festes de Nadal ocupen un espai molt especial dins del calendari de la nostra escola. De I3 fins a 3r fan el Ti\u00f3. Li donem de menjar fins que un dia est\u00e0 tant i tant tip que ens caga un regal a tot@s! Els alumnes de 4t a 6\u00e8 fan l&#8217;amic invisible amb regals originals confeccionats per ells mateixos.<\/p>\n\n\n\n<p style=\"margin-right:var(--wp--preset--spacing--40);margin-left:var(--wp--preset--spacing--40)\">L&#8217;acte culminant \u00e9s el Festival d&#8217;hivern. \u00c9s un acte molt emotiu on tot@s els alumnes tenen l&#8217;oportunitat d&#8217;actuar davant de les seves fam\u00edlies.<\/p>\n\n\n\n<p style=\"margin-right:var(--wp--preset--spacing--40);margin-left:var(--wp--preset--spacing--40)\">Es decora l&#8217;entrada de l&#8217;escola amb motius i treballs realitzats pels mateixos amb el tema de l&#8217;hivern i les seves tradicions.<\/p>\n<\/div><\/div>\n\n\n\n<ul class=\"wp-block-list\">\n<li><strong><a href=\"https:\/\/agora.xtec.cat\/ceipcalderon\/general\/dia-de-la-pau-25-26\/\">El Dia de la Pau<\/a>&nbsp;<\/strong>(festa d&#8217;hivern)<\/li>\n<\/ul>\n\n\n\n<p><\/p>\n\n\n\n<div class=\"wp-block-media-text is-stacked-on-mobile\" style=\"grid-template-columns:30% auto\"><figure class=\"wp-block-media-text__media\"><img loading=\"lazy\" decoding=\"async\" width=\"1024\" height=\"1021\" src=\"https:\/\/agora.xtec.cat\/ceipcalderon\/wp-content\/uploads\/usu834\/2026\/02\/UBICACIO-2-scaled-e1770898942468-1024x1021.jpg\" alt=\"\" class=\"wp-image-13231 size-full\" srcset=\"https:\/\/agora.xtec.cat\/ceipcalderon\/wp-content\/uploads\/usu834\/2026\/02\/UBICACIO-2-scaled-e1770898942468-1024x1021.jpg 1024w, https:\/\/agora.xtec.cat\/ceipcalderon\/wp-content\/uploads\/usu834\/2026\/02\/UBICACIO-2-scaled-e1770898942468-300x300.jpg 300w, https:\/\/agora.xtec.cat\/ceipcalderon\/wp-content\/uploads\/usu834\/2026\/02\/UBICACIO-2-scaled-e1770898942468-150x150.jpg 150w, https:\/\/agora.xtec.cat\/ceipcalderon\/wp-content\/uploads\/usu834\/2026\/02\/UBICACIO-2-scaled-e1770898942468-768x766.jpg 768w, https:\/\/agora.xtec.cat\/ceipcalderon\/wp-content\/uploads\/usu834\/2026\/02\/UBICACIO-2-scaled-e1770898942468.jpg 1284w\" sizes=\"auto, (max-width: 1024px) 100vw, 1024px\" \/><\/figure><div class=\"wp-block-media-text__content\">\n<p style=\"border-style:none;border-width:0px;margin-right:var(--wp--preset--spacing--40);margin-left:var(--wp--preset--spacing--40)\">\u00c9s una celebraci\u00f3 molt especial, ja que no nom\u00e9s la preparen tots els cursos component&nbsp;el seu desig de pau i fent l&#8217;enlairament de globus, sin\u00f3 que a m\u00e9s, ho celebrem emparats per les fam\u00edlies i els ve\u00efns i ve\u00efnes del barri.<\/p>\n<\/div><\/div>\n\n\n\n<ul class=\"wp-block-list\">\n<li><strong><a href=\"https:\/\/agora.xtec.cat\/ceipcalderon\/portada\/carnaval-25-26\/\" target=\"_blank\" rel=\"noreferrer noopener\">Carnestoltes<\/a>\u00a0<\/strong>(festa d&#8217;hivern)<\/li>\n<\/ul>\n\n\n\n<div class=\"wp-block-media-text is-stacked-on-mobile\" style=\"grid-template-columns:30% auto\"><figure class=\"wp-block-media-text__media\"><img loading=\"lazy\" decoding=\"async\" width=\"1024\" height=\"1021\" src=\"https:\/\/agora.xtec.cat\/ceipcalderon\/wp-content\/uploads\/usu834\/2026\/02\/UBICACIO-3-scaled-e1770898965878-1024x1021.jpg\" alt=\"\" class=\"wp-image-13232 size-full\" srcset=\"https:\/\/agora.xtec.cat\/ceipcalderon\/wp-content\/uploads\/usu834\/2026\/02\/UBICACIO-3-scaled-e1770898965878-1024x1021.jpg 1024w, https:\/\/agora.xtec.cat\/ceipcalderon\/wp-content\/uploads\/usu834\/2026\/02\/UBICACIO-3-scaled-e1770898965878-300x300.jpg 300w, https:\/\/agora.xtec.cat\/ceipcalderon\/wp-content\/uploads\/usu834\/2026\/02\/UBICACIO-3-scaled-e1770898965878-150x150.jpg 150w, https:\/\/agora.xtec.cat\/ceipcalderon\/wp-content\/uploads\/usu834\/2026\/02\/UBICACIO-3-scaled-e1770898965878-768x766.jpg 768w, https:\/\/agora.xtec.cat\/ceipcalderon\/wp-content\/uploads\/usu834\/2026\/02\/UBICACIO-3-scaled-e1770898965878.jpg 1284w\" sizes=\"auto, (max-width: 1024px) 100vw, 1024px\" \/><\/figure><div class=\"wp-block-media-text__content\">\n<p style=\"margin-top:0;margin-right:var(--wp--preset--spacing--40);margin-bottom:0;margin-left:var(--wp--preset--spacing--40);padding-top:0;padding-bottom:0\">Aquesta festa, tal i com li pertoca pel seu car\u00e0cter, cada any agafa un aire diferent. Els alumnes de l&#8217;escola es disfressen per la tarda i juguen a ser tot all\u00f2 que no poden ser la resta de l&#8217;any!<\/p>\n<\/div><\/div>\n\n\n\n<ul class=\"wp-block-list\">\n<li><strong>Sant Jordi&nbsp;<\/strong>(festa de primavera)<\/li>\n<\/ul>\n\n\n\n<div class=\"wp-block-media-text is-stacked-on-mobile\" style=\"grid-template-columns:30% auto\"><figure class=\"wp-block-media-text__media\"><img loading=\"lazy\" decoding=\"async\" width=\"1024\" height=\"1014\" src=\"https:\/\/agora.xtec.cat\/ceipcalderon\/wp-content\/uploads\/usu834\/2026\/02\/UBICACIO-1-1-scaled-e1770898988656-1024x1014.jpg\" alt=\"\" class=\"wp-image-13230 size-full\" srcset=\"https:\/\/agora.xtec.cat\/ceipcalderon\/wp-content\/uploads\/usu834\/2026\/02\/UBICACIO-1-1-scaled-e1770898988656-1024x1014.jpg 1024w, https:\/\/agora.xtec.cat\/ceipcalderon\/wp-content\/uploads\/usu834\/2026\/02\/UBICACIO-1-1-scaled-e1770898988656-300x297.jpg 300w, https:\/\/agora.xtec.cat\/ceipcalderon\/wp-content\/uploads\/usu834\/2026\/02\/UBICACIO-1-1-scaled-e1770898988656-150x150.jpg 150w, https:\/\/agora.xtec.cat\/ceipcalderon\/wp-content\/uploads\/usu834\/2026\/02\/UBICACIO-1-1-scaled-e1770898988656-768x760.jpg 768w, https:\/\/agora.xtec.cat\/ceipcalderon\/wp-content\/uploads\/usu834\/2026\/02\/UBICACIO-1-1-scaled-e1770898988656.jpg 1293w\" sizes=\"auto, (max-width: 1024px) 100vw, 1024px\" \/><\/figure><div class=\"wp-block-media-text__content\">\n<p style=\"margin-right:var(--wp--preset--spacing--40);margin-left:var(--wp--preset--spacing--40)\">Festa que gira al voltant dels llibres i tot el que envolta la literatura i la lectura.<\/p>\n\n\n\n<p style=\"margin-right:var(--wp--preset--spacing--40);margin-left:var(--wp--preset--spacing--40)\">Es decora l&#8217;entrada de l&#8217;escola amb motius i treballs realitzats pels mateixos amb el tema de&nbsp;la primavera i Sant Jordi.<\/p>\n\n\n\n<p style=\"margin-right:var(--wp--preset--spacing--40);margin-left:var(--wp--preset--spacing--40)\">Els alumnes de 6\u00e8 venen llibres de 2\u00aa m\u00e0 i roses a l&#8217;escola.<\/p>\n<\/div><\/div>\n","protected":false},"excerpt":{"rendered":"<p>A l&#8217;escola celebrem les principals festes que marquen el nostre calendari. Intentem que les celebracions de les diferents festes i tradicions ens ajudin a marcar el pas del temps, a viv\u00e8nciar les seves caracter\u00edstiques i rituals propis, que els infants i mestres les facin seves i que tothom des de la seva mirada \u00edntima pugui [&hellip;]<\/p>\n","protected":false},"author":1,"featured_media":0,"parent":289,"menu_order":0,"comment_status":"closed","ping_status":"closed","template":"page-templates\/side-menu.php","meta":{"_bbp_topic_count":0,"_bbp_reply_count":0,"_bbp_total_topic_count":0,"_bbp_total_reply_count":0,"_bbp_voice_count":0,"_bbp_anonymous_reply_count":0,"_bbp_topic_count_hidden":0,"_bbp_reply_count_hidden":0,"_bbp_forum_subforum_count":0,"site-sidebar-layout":"default","site-content-layout":"","ast-site-content-layout":"default","site-content-style":"default","site-sidebar-style":"default","ast-global-header-display":"","ast-banner-title-visibility":"","ast-main-header-display":"","ast-hfb-above-header-display":"","ast-hfb-below-header-display":"","ast-hfb-mobile-header-display":"","site-post-title":"","ast-breadcrumbs-content":"","ast-featured-img":"","footer-sml-layout":"","theme-transparent-header-meta":"","adv-header-id-meta":"","stick-header-meta":"","header-above-stick-meta":"","header-main-stick-meta":"","header-below-stick-meta":"","astra-migrate-meta-layouts":"set","ast-page-background-enabled":"default","ast-page-background-meta":{"desktop":{"background-color":"var(--ast-global-color-4)","background-image":"","background-repeat":"repeat","background-position":"center center","background-size":"auto","background-attachment":"scroll","background-type":"","background-media":"","overlay-type":"","overlay-color":"","overlay-opacity":"","overlay-gradient":""},"tablet":{"background-color":"","background-image":"","background-repeat":"repeat","background-position":"center center","background-size":"auto","background-attachment":"scroll","background-type":"","background-media":"","overlay-type":"","overlay-color":"","overlay-opacity":"","overlay-gradient":""},"mobile":{"background-color":"","background-image":"","background-repeat":"repeat","background-position":"center center","background-size":"auto","background-attachment":"scroll","background-type":"","background-media":"","overlay-type":"","overlay-color":"","overlay-opacity":"","overlay-gradient":""}},"ast-content-background-meta":{"desktop":{"background-color":"var(--ast-global-color-5)","background-image":"","background-repeat":"repeat","background-position":"center center","background-size":"auto","background-attachment":"scroll","background-type":"","background-media":"","overlay-type":"","overlay-color":"","overlay-opacity":"","overlay-gradient":""},"tablet":{"background-color":"var(--ast-global-color-5)","background-image":"","background-repeat":"repeat","background-position":"center center","background-size":"auto","background-attachment":"scroll","background-type":"","background-media":"","overlay-type":"","overlay-color":"","overlay-opacity":"","overlay-gradient":""},"mobile":{"background-color":"var(--ast-global-color-5)","background-image":"","background-repeat":"repeat","background-position":"center center","background-size":"auto","background-attachment":"scroll","background-type":"","background-media":"","overlay-type":"","overlay-color":"","overlay-opacity":"","overlay-gradient":""}},"footnotes":""},"class_list":["post-296","page","type-page","status-publish","hentry"],"post_mailing_queue_ids":[],"_links":{"self":[{"href":"https:\/\/agora.xtec.cat\/ceipcalderon\/wp-json\/wp\/v2\/pages\/296","targetHints":{"allow":["GET"]}}],"collection":[{"href":"https:\/\/agora.xtec.cat\/ceipcalderon\/wp-json\/wp\/v2\/pages"}],"about":[{"href":"https:\/\/agora.xtec.cat\/ceipcalderon\/wp-json\/wp\/v2\/types\/page"}],"author":[{"embeddable":true,"href":"https:\/\/agora.xtec.cat\/ceipcalderon\/wp-json\/wp\/v2\/users\/1"}],"replies":[{"embeddable":true,"href":"https:\/\/agora.xtec.cat\/ceipcalderon\/wp-json\/wp\/v2\/comments?post=296"}],"version-history":[{"count":6,"href":"https:\/\/agora.xtec.cat\/ceipcalderon\/wp-json\/wp\/v2\/pages\/296\/revisions"}],"predecessor-version":[{"id":13365,"href":"https:\/\/agora.xtec.cat\/ceipcalderon\/wp-json\/wp\/v2\/pages\/296\/revisions\/13365"}],"up":[{"embeddable":true,"href":"https:\/\/agora.xtec.cat\/ceipcalderon\/wp-json\/wp\/v2\/pages\/289"}],"wp:attachment":[{"href":"https:\/\/agora.xtec.cat\/ceipcalderon\/wp-json\/wp\/v2\/media?parent=296"}],"curies":[{"name":"wp","href":"https:\/\/api.w.org\/{rel}","templated":true}]}}