{"id":22,"date":"2014-09-18T12:19:57","date_gmt":"2014-09-18T11:19:57","guid":{"rendered":"http:\/\/agora.xtec.cat\/ceipcalderon\/?page_id=22"},"modified":"2026-02-12T14:03:37","modified_gmt":"2026-02-12T13:03:37","slug":"lescola","status":"publish","type":"page","link":"https:\/\/agora.xtec.cat\/ceipcalderon\/lescola\/","title":{"rendered":"L&#8217;escola"},"content":{"rendered":"\n<h3 class=\"wp-block-heading has-text-align-center has-ast-global-color-0-color has-text-color has-link-color wp-elements-82778537dd5975ead93cc0561660e352\"><em><strong>&#8220;UNA ESCOLA DE TOT@S&#8221;<\/strong><\/em><\/h3>\n\n\n\n<p class=\"has-ast-global-color-0-color has-text-color has-link-color wp-elements-23da7683eba0ea4c2dc46440751be494\"><strong>LA NOSTRA VISI\u00d3&nbsp;DE L\u2019EDUCACI\u00d3:<\/strong><\/p>\n\n\n\n<p>Amb l&#8217;objectiu principal d\u2019aconseguir una bona qualitat educativa, una&nbsp;millora dels resultats dels nostres alumnes i una forta cohesi\u00f3 amb la comunitat educativa:<\/p>\n\n\n\n<ul class=\"wp-block-list\">\n<li style=\"padding-top:var(--wp--preset--spacing--20);padding-right:0;padding-bottom:var(--wp--preset--spacing--20);padding-left:0\">Volem ser un centre capa\u00e7 de crear un <strong>clima<\/strong> de treball en <strong>equip<\/strong> i <strong>col\u00b7laboratiu<\/strong> per part de totes les persones implicades en el centre.<\/li>\n\n\n\n<li style=\"padding-top:var(--wp--preset--spacing--20);padding-right:0;padding-bottom:var(--wp--preset--spacing--20);padding-left:0\">Volem tenir un <strong>projecte com\u00fa<\/strong>, <strong>coherent<\/strong> i <strong>compartit<\/strong> per tots els&nbsp;sectors de la comunitat educativa per a poder oferir una educaci\u00f3 de qualitat&nbsp;i afavorir la cohesi\u00f3 social.<\/li>\n\n\n\n<li style=\"padding-top:var(--wp--preset--spacing--20);padding-right:0;padding-bottom:var(--wp--preset--spacing--20);padding-left:0\">Desitgem <strong>formar <\/strong>persones amb uns valors fonamentals, <strong>competents<\/strong>, <strong>aut\u00f2noms<\/strong> i <strong>responsables<\/strong>. Serem curosos amb el benestar emocional de totes les persones que formen la comunitat educativa.<\/li>\n\n\n\n<li style=\"padding-top:var(--wp--preset--spacing--20);padding-right:0;padding-bottom:var(--wp--preset--spacing--20);padding-left:0\">&nbsp;Volem que les nostres <strong>fam\u00edlies col\u00b7laborin<\/strong>, <strong>s\u2019identifiquin<\/strong> i es <strong>comprometin<\/strong> amb el projecte&nbsp;educatiu de centre.<\/li>\n<\/ul>\n\n\n\n<p class=\"has-ast-global-color-0-color has-text-color has-link-color wp-elements-3e903c12403d41e296611a70a0f79bc4\"><strong>UNA ESCOLA AMB UN PROJECTE DE LA COMUNITAT EDUCATIVA<\/strong><\/p>\n\n\n\n<ul class=\"wp-block-list\">\n<li style=\"padding-top:var(--wp--preset--spacing--20);padding-bottom:var(--wp--preset--spacing--20)\"><strong>Equip docent<\/strong> format per mestres i especialistes amb ganes d&#8217;afrontar tot tipus de <strong>reptes<\/strong>, mantenir una <strong>formaci\u00f3<\/strong> constant, renovar <strong>idees<\/strong> i <strong>cuidar<\/strong> i <strong>mantenir<\/strong> una <strong>atenci\u00f3 personalitzada<\/strong> de l&#8217;alumnat.<\/li>\n\n\n\n<li style=\"padding-top:var(--wp--preset--spacing--20);padding-bottom:var(--wp--preset--spacing--20)\">Suport intensiu escolaritzaci\u00f3 inclusiva (<strong>SIEI<\/strong>).<\/li>\n\n\n\n<li style=\"padding-top:var(--wp--preset--spacing--20);padding-bottom:var(--wp--preset--spacing--20)\"><strong>Logopeda<\/strong> del CREDA.<\/li>\n\n\n\n<li style=\"padding-top:var(--wp--preset--spacing--20);padding-bottom:var(--wp--preset--spacing--20)\">Educadora <strong>Emocional<\/strong> y <strong>Social<\/strong>.<a href=\"https:\/\/xtec.gencat.cat\/ca\/curriculum\/diversitat-i-inclusio\/mesures-i-suports\/intensius\/siei\/\"><\/a><\/li>\n\n\n\n<li style=\"padding-top:var(--wp--preset--spacing--20);padding-bottom:var(--wp--preset--spacing--20)\"><strong>Atenci\u00f3 a la diversitat<\/strong>: Grups redu\u00efts i suport en petits grups amb atenci\u00f3 especial dels alumnes amb necessitats educatives especials (vetllador\/a).<\/li>\n\n\n\n<li style=\"padding-top:var(--wp--preset--spacing--20);padding-bottom:var(--wp--preset--spacing--20)\"><strong>Implicar<\/strong> a les <strong>fam\u00edlies<\/strong> en el proc\u00e9s d\u2019aprenentatge dels seus fills\/es.<\/li>\n\n\n\n<li style=\"padding-top:var(--wp--preset--spacing--20);padding-bottom:var(--wp--preset--spacing--20)\"><strong>Comunicaci\u00f3 amb les fam\u00edlies<\/strong>: Agenda escolar, reunions d\u2019aula i entrevistes personals, Dinantia, AFA, tallers, Fam\u00edlia a la tassa&#8230;<\/li>\n\n\n\n<li style=\"padding-top:var(--wp--preset--spacing--20);padding-bottom:var(--wp--preset--spacing--20)\"><strong>Desenvolupament de la compet\u00e8ncia digital&nbsp;<\/strong>a trav\u00e9s del treball i aplicaci\u00f3 dels recursos inform\u00e0tics i&nbsp;multim\u00e8dia (rob\u00f2tica i programaci\u00f3).<\/li>\n\n\n\n<li style=\"padding-top:var(--wp--preset--spacing--20);padding-bottom:var(--wp--preset--spacing--20)\">Activitat de&nbsp;piscina&nbsp;pels alumnes de 1r d\u2019Educaci\u00f3 Prim\u00e0ria.<\/li>\n\n\n\n<li style=\"padding-top:var(--wp--preset--spacing--20);padding-bottom:var(--wp--preset--spacing--20)\"><strong>Sortides escolars<\/strong>&nbsp;per curs i\/o comunitats: culturals, l\u00fadiques i esportives.<\/li>\n\n\n\n<li style=\"padding-top:var(--wp--preset--spacing--20);padding-bottom:var(--wp--preset--spacing--20)\"><strong>Celebraci\u00f3<\/strong> de les&nbsp;festes&nbsp;tradicionals al llarg del curs.<\/li>\n<\/ul>\n","protected":false},"excerpt":{"rendered":"<p>&#8220;UNA ESCOLA DE TOT@S&#8221; LA NOSTRA VISI\u00d3&nbsp;DE L\u2019EDUCACI\u00d3: Amb l&#8217;objectiu principal d\u2019aconseguir una bona qualitat educativa, una&nbsp;millora dels resultats dels nostres alumnes i una forta cohesi\u00f3 amb la comunitat educativa: UNA ESCOLA AMB UN PROJECTE DE LA COMUNITAT EDUCATIVA<\/p>\n","protected":false},"author":1,"featured_media":0,"parent":0,"menu_order":0,"comment_status":"closed","ping_status":"closed","template":"page-templates\/side-menu.php","meta":{"_bbp_topic_count":0,"_bbp_reply_count":0,"_bbp_total_topic_count":0,"_bbp_total_reply_count":0,"_bbp_voice_count":0,"_bbp_anonymous_reply_count":0,"_bbp_topic_count_hidden":0,"_bbp_reply_count_hidden":0,"_bbp_forum_subforum_count":0,"site-sidebar-layout":"default","site-content-layout":"","ast-site-content-layout":"default","site-content-style":"default","site-sidebar-style":"default","ast-global-header-display":"","ast-banner-title-visibility":"","ast-main-header-display":"","ast-hfb-above-header-display":"","ast-hfb-below-header-display":"","ast-hfb-mobile-header-display":"","site-post-title":"","ast-breadcrumbs-content":"","ast-featured-img":"","footer-sml-layout":"","theme-transparent-header-meta":"","adv-header-id-meta":"","stick-header-meta":"","header-above-stick-meta":"","header-main-stick-meta":"","header-below-stick-meta":"","astra-migrate-meta-layouts":"set","ast-page-background-enabled":"default","ast-page-background-meta":{"desktop":{"background-color":"var(--ast-global-color-4)","background-image":"","background-repeat":"repeat","background-position":"center center","background-size":"auto","background-attachment":"scroll","background-type":"","background-media":"","overlay-type":"","overlay-color":"","overlay-opacity":"","overlay-gradient":""},"tablet":{"background-color":"","background-image":"","background-repeat":"repeat","background-position":"center center","background-size":"auto","background-attachment":"scroll","background-type":"","background-media":"","overlay-type":"","overlay-color":"","overlay-opacity":"","overlay-gradient":""},"mobile":{"background-color":"","background-image":"","background-repeat":"repeat","background-position":"center center","background-size":"auto","background-attachment":"scroll","background-type":"","background-media":"","overlay-type":"","overlay-color":"","overlay-opacity":"","overlay-gradient":""}},"ast-content-background-meta":{"desktop":{"background-color":"var(--ast-global-color-5)","background-image":"","background-repeat":"repeat","background-position":"center center","background-size":"auto","background-attachment":"scroll","background-type":"","background-media":"","overlay-type":"","overlay-color":"","overlay-opacity":"","overlay-gradient":""},"tablet":{"background-color":"var(--ast-global-color-5)","background-image":"","background-repeat":"repeat","background-position":"center center","background-size":"auto","background-attachment":"scroll","background-type":"","background-media":"","overlay-type":"","overlay-color":"","overlay-opacity":"","overlay-gradient":""},"mobile":{"background-color":"var(--ast-global-color-5)","background-image":"","background-repeat":"repeat","background-position":"center center","background-size":"auto","background-attachment":"scroll","background-type":"","background-media":"","overlay-type":"","overlay-color":"","overlay-opacity":"","overlay-gradient":""}},"footnotes":""},"class_list":["post-22","page","type-page","status-publish","hentry"],"post_mailing_queue_ids":[],"_links":{"self":[{"href":"https:\/\/agora.xtec.cat\/ceipcalderon\/wp-json\/wp\/v2\/pages\/22","targetHints":{"allow":["GET"]}}],"collection":[{"href":"https:\/\/agora.xtec.cat\/ceipcalderon\/wp-json\/wp\/v2\/pages"}],"about":[{"href":"https:\/\/agora.xtec.cat\/ceipcalderon\/wp-json\/wp\/v2\/types\/page"}],"author":[{"embeddable":true,"href":"https:\/\/agora.xtec.cat\/ceipcalderon\/wp-json\/wp\/v2\/users\/1"}],"replies":[{"embeddable":true,"href":"https:\/\/agora.xtec.cat\/ceipcalderon\/wp-json\/wp\/v2\/comments?post=22"}],"version-history":[{"count":6,"href":"https:\/\/agora.xtec.cat\/ceipcalderon\/wp-json\/wp\/v2\/pages\/22\/revisions"}],"predecessor-version":[{"id":13244,"href":"https:\/\/agora.xtec.cat\/ceipcalderon\/wp-json\/wp\/v2\/pages\/22\/revisions\/13244"}],"wp:attachment":[{"href":"https:\/\/agora.xtec.cat\/ceipcalderon\/wp-json\/wp\/v2\/media?parent=22"}],"curies":[{"name":"wp","href":"https:\/\/api.w.org\/{rel}","templated":true}]}}