{"id":64,"date":"2014-09-18T12:39:08","date_gmt":"2014-09-18T11:39:08","guid":{"rendered":"http:\/\/agora.xtec.cat\/ceipcal-lipolis\/?page_id=64"},"modified":"2019-10-25T10:40:15","modified_gmt":"2019-10-25T08:40:15","slug":"projecte-educatiu","status":"publish","type":"page","link":"https:\/\/agora.xtec.cat\/ceipcal-lipolis\/projecte-educatiu\/","title":{"rendered":"Documents de Centre"},"content":{"rendered":"<p>Secci\u00f3 per informar a les fam\u00edlies dels documents de centre. A la part esquerra (al submen\u00fas) podeu seleccionar el documents que voleu consultar<span style=\"font-family: inherit; font-size: 1em;\">.<\/span><\/p>\n<p><a href=\"https:\/\/agora.xtec.cat\/ceipcal-lipolis\/wp-content\/uploads\/usu1529\/2019\/10\/LOGO-CALIPOLIS.jpg\"><img loading=\"lazy\" decoding=\"async\" class=\"aligncenter wp-image-978 size-medium\" src=\"https:\/\/agora.xtec.cat\/ceipcal-lipolis\/wp-content\/uploads\/usu1529\/2019\/10\/LOGO-CALIPOLIS-300x172.jpg\" alt=\"\" width=\"300\" height=\"172\" srcset=\"https:\/\/agora.xtec.cat\/ceipcal-lipolis\/wp-content\/uploads\/usu1529\/2019\/10\/LOGO-CALIPOLIS-300x172.jpg 300w, https:\/\/agora.xtec.cat\/ceipcal-lipolis\/wp-content\/uploads\/usu1529\/2019\/10\/LOGO-CALIPOLIS-768x440.jpg 768w, https:\/\/agora.xtec.cat\/ceipcal-lipolis\/wp-content\/uploads\/usu1529\/2019\/10\/LOGO-CALIPOLIS-1024x587.jpg 1024w\" sizes=\"auto, (max-width: 300px) 100vw, 300px\" \/><\/a><\/p>\n<p>&nbsp;<\/p>\n<p>&nbsp;<\/p>\n<p>&nbsp;<\/p>\n","protected":false},"excerpt":{"rendered":"<p>Secci\u00f3 per informar a les fam\u00edlies dels documents de centre. A la part esquerra (al submen\u00fas) podeu seleccionar el documents que voleu consultar.<br \/>\n<a href=\"https:\/\/agora.xtec.cat\/ceipcal-lipolis\/wp-content\/uploads\/usu1529\/2019\/10\/LOGO-CALIPOLIS.jpg\"><\/a><br \/>\n&nbsp;<br \/>\n&nbsp;<br \/>\n&nbsp;<\/p>\n","protected":false},"author":1,"featured_media":0,"parent":0,"menu_order":0,"comment_status":"closed","ping_status":"closed","template":"page-templates\/side-menu.php","meta":{"_bbp_topic_count":0,"_bbp_reply_count":0,"_bbp_total_topic_count":0,"_bbp_total_reply_count":0,"_bbp_voice_count":0,"_bbp_anonymous_reply_count":0,"_bbp_topic_count_hidden":0,"_bbp_reply_count_hidden":0,"_bbp_forum_subforum_count":0,"footnotes":""},"class_list":["post-64","page","type-page","status-publish","hentry"],"post_mailing_queue_ids":[],"_links":{"self":[{"href":"https:\/\/agora.xtec.cat\/ceipcal-lipolis\/wp-json\/wp\/v2\/pages\/64","targetHints":{"allow":["GET"]}}],"collection":[{"href":"https:\/\/agora.xtec.cat\/ceipcal-lipolis\/wp-json\/wp\/v2\/pages"}],"about":[{"href":"https:\/\/agora.xtec.cat\/ceipcal-lipolis\/wp-json\/wp\/v2\/types\/page"}],"author":[{"embeddable":true,"href":"https:\/\/agora.xtec.cat\/ceipcal-lipolis\/wp-json\/wp\/v2\/users\/1"}],"replies":[{"embeddable":true,"href":"https:\/\/agora.xtec.cat\/ceipcal-lipolis\/wp-json\/wp\/v2\/comments?post=64"}],"version-history":[{"count":3,"href":"https:\/\/agora.xtec.cat\/ceipcal-lipolis\/wp-json\/wp\/v2\/pages\/64\/revisions"}],"predecessor-version":[{"id":979,"href":"https:\/\/agora.xtec.cat\/ceipcal-lipolis\/wp-json\/wp\/v2\/pages\/64\/revisions\/979"}],"wp:attachment":[{"href":"https:\/\/agora.xtec.cat\/ceipcal-lipolis\/wp-json\/wp\/v2\/media?parent=64"}],"curies":[{"name":"wp","href":"https:\/\/api.w.org\/{rel}","templated":true}]}}