{"id":3318,"date":"2022-06-21T12:53:44","date_gmt":"2022-06-21T10:53:44","guid":{"rendered":"https:\/\/agora.xtec.cat\/ceipcal-lipolis\/?page_id=3318"},"modified":"2024-05-02T10:22:59","modified_gmt":"2024-05-02T08:22:59","slug":"mestres","status":"publish","type":"page","link":"https:\/\/agora.xtec.cat\/ceipcal-lipolis\/mestres\/","title":{"rendered":"Acolliment digital"},"content":{"rendered":"<p class=\"CDt4Ke zfr3Q\" dir=\"ltr\"><strong>L&#8217;acolliment digital<\/strong> forma part de l&#8217;acolliment general de l&#8217;escola.<\/p>\n<p class=\"CDt4Ke zfr3Q\" dir=\"ltr\">Tenim en compte la incorporaci\u00f3 de nou alumnat, les noves fam\u00edlies i els nous docents.<\/p>\n<p class=\"CDt4Ke zfr3Q\" dir=\"ltr\">\u00c9s important establir una planificaci\u00f3 en temes digitals, com quins serveis s&#8217;ofereixen, quines autoritzacions es necessiten, qui s\u00f3n els responsables d&#8217;oferir els diferents serveis, la disponibilitat de maquinari, els diferents usuaris, etc.<\/p>\n<ul>\n<li><a href=\"https:\/\/drive.google.com\/file\/d\/1Ds5bRNc9hJvuFqSfMMRoKH2oaMlP-aD1\/view?usp=sharing\" target=\"_blank\" rel=\"noopener\">Acollida digital docent<\/a><\/li>\n<li><a href=\"https:\/\/drive.google.com\/file\/d\/1nEzDAO_VwaRWDEfT2ywlqEIJaToqfEoV\/view?usp=sharing\" target=\"_blank\" rel=\"noopener\">Acollida digital alumnat<\/a><\/li>\n<li><a href=\"https:\/\/drive.google.com\/file\/d\/1-XDjKL0hPC2i82LxhLb8TjdzbuybwymL\/view?usp=sharing\" target=\"_blank\" rel=\"noopener\">Acollida digital fam\u00edlies<\/a><\/li>\n<\/ul>\n","protected":false},"excerpt":{"rendered":"<p>L&#8217;acolliment digital forma part de l&#8217;acolliment general de l&#8217;escola.<br \/>\nTenim en compte la incorporaci\u00f3 de nou alumnat, les noves fam\u00edlies i els nous docents.<br \/>\n\u00c9s important establir una planificaci\u00f3 en temes digitals, com quins serveis s&#8217;ofereixen, quines autoritzacions es necessiten, qui s\u00f3n els responsables d&#8217;oferir els diferents&hellip;  <a href=\"https:\/\/agora.xtec.cat\/ceipcal-lipolis\/mestres\/\" title=\"Read Acolliment digital\">Llegeix m\u00e9s\u00bb<\/a><\/p>\n","protected":false},"author":1,"featured_media":0,"parent":0,"menu_order":0,"comment_status":"closed","ping_status":"closed","template":"","meta":{"_bbp_topic_count":0,"_bbp_reply_count":0,"_bbp_total_topic_count":0,"_bbp_total_reply_count":0,"_bbp_voice_count":0,"_bbp_anonymous_reply_count":0,"_bbp_topic_count_hidden":0,"_bbp_reply_count_hidden":0,"_bbp_forum_subforum_count":0,"footnotes":""},"class_list":["post-3318","page","type-page","status-publish","hentry"],"post_mailing_queue_ids":[],"_links":{"self":[{"href":"https:\/\/agora.xtec.cat\/ceipcal-lipolis\/wp-json\/wp\/v2\/pages\/3318","targetHints":{"allow":["GET"]}}],"collection":[{"href":"https:\/\/agora.xtec.cat\/ceipcal-lipolis\/wp-json\/wp\/v2\/pages"}],"about":[{"href":"https:\/\/agora.xtec.cat\/ceipcal-lipolis\/wp-json\/wp\/v2\/types\/page"}],"author":[{"embeddable":true,"href":"https:\/\/agora.xtec.cat\/ceipcal-lipolis\/wp-json\/wp\/v2\/users\/1"}],"replies":[{"embeddable":true,"href":"https:\/\/agora.xtec.cat\/ceipcal-lipolis\/wp-json\/wp\/v2\/comments?post=3318"}],"version-history":[{"count":5,"href":"https:\/\/agora.xtec.cat\/ceipcal-lipolis\/wp-json\/wp\/v2\/pages\/3318\/revisions"}],"predecessor-version":[{"id":4836,"href":"https:\/\/agora.xtec.cat\/ceipcal-lipolis\/wp-json\/wp\/v2\/pages\/3318\/revisions\/4836"}],"wp:attachment":[{"href":"https:\/\/agora.xtec.cat\/ceipcal-lipolis\/wp-json\/wp\/v2\/media?parent=3318"}],"curies":[{"name":"wp","href":"https:\/\/api.w.org\/{rel}","templated":true}]}}