{"id":544,"date":"2019-12-04T13:34:38","date_gmt":"2019-12-04T12:34:38","guid":{"rendered":"https:\/\/agora.xtec.cat\/ceipbufala\/?page_id=544"},"modified":"2024-11-12T14:06:25","modified_gmt":"2024-11-12T13:06:25","slug":"noves-tecnologies","status":"publish","type":"page","link":"https:\/\/agora.xtec.cat\/ceipbufala\/projecte-educatiu\/noves-tecnologies\/","title":{"rendered":"Estrat\u00e8gia digital de centre"},"content":{"rendered":"<p>L&#8217;<a href=\"https:\/\/sites.google.com\/escolabufala.cat\/repositori-escola-bufal\/p%C3%A0gina-principal\"><strong>Estrat\u00e8gia Digital de Centre<\/strong> (EDC)<\/a> recull totes les accions que es realitzen en el centre, i les que es realitzaran a mitj\u00e0 termini, per aconseguir la m\u00e0xima compet\u00e8ncia digital de l&#8217;alumnat, del professorat i del centre educatiu. Per aconseguir aquesta compet\u00e8ncia digital, l&#8217;EDC compr\u00e8n tots els \u00e0mbits del centre: organitzatius, metodol\u00f2gics, curriculars i comunicatius.<\/p>\n<p>Com a escola som conscients dels canvis tecnol\u00f2gics que es donen a la societat actual i, per tant, considerem necessari que infants, docents i el mateix centre, sigui cada cop m\u00e9s competents digitalment per tal d&#8217;adaptar-nos i viure millor en la societat del present i del futur.<\/p>\n<p>Per aconseguir aquesta compet\u00e8ncia digital, l\u2019EDC (Estrat\u00e8gia Digital de Centre) compr\u00e8n tots els \u00e0mbits del centre: organitzatius, metodol\u00f2gics, curriculars i comunicatius, els quals s\u2019han de veure necess\u00e0riament implicats i, si escau, transformats, des d\u2019una perspectiva d\u2019innovaci\u00f3 i de millora cont\u00ednua.<\/p>\n<p style=\"text-align: right;\">El nostre centre, t\u00e9 present el creixent augment i diversificaci\u00f3 de dispositius, aparells i aplicacions que els infants tenen a l\u2019abast en la seva quotidianitat. L\u2019escola en el seu pla d\u2019estrat\u00e8gia digital, apropa als infants de 3 a 6 anys el pensament computacional de forma endollada, per\u00f2, sobretot desendollada.<br \/>\n<em>El <strong>pensament computacional desendollat<\/strong> \u00e9s un proc\u00e9s per buscar solucions creatives, obertes, imaginatives, art\u00edstiques i enginyoses en qualsevol \u00e0mbit.<\/em><\/p>\n<p>Coma equip pedag\u00f2gic vetllem per l\u2019\u00fas responsable de les tecnologies digitals, tenint present la seva import\u00e0ncia entorn de la salut, la protecci\u00f3 de dades, la seguretat i la identitat digital.<\/p>\n<p>Els <strong>objectius de l\u2019EDC<\/strong> es poden agrupar en cinc \u00e0mbits, que tenen com a fita el m\u00e0xim assoliment de la compet\u00e8ncia digital dels nens i nenes, dels docents i de l\u2019escola:<\/p>\n<ul>\n<li style=\"list-style-type: none;\">\n<ul>\n<li style=\"list-style-type: none;\">\n<ul style=\"list-style-type: square;\">\n<li>Programar les compet\u00e8ncies digitals en totes les \u00e0rees: programaci\u00f3 de les habilitats de cada nivell i d\u2019activitats desendollades.<\/li>\n<li>Avaluar els progressos amb tecnologies digitals (r\u00fabriques, retroalimentaci\u00f3).<\/li>\n<li>Dinamitzar l\u2019\u00fas de l\u2019EVA.<\/li>\n<li>Oferir eines per millorar la CDD.<\/li>\n<li><iframe loading=\"lazy\" title=\"YouTube video player\" src=\"\/\/www.youtube.com\/embed\/uS5UUZIYLPQ\" width=\"560\" height=\"315\" frameborder=\"0\" allowfullscreen=\"allowfullscreen\"><\/iframe><\/li>\n<\/ul>\n<\/li>\n<\/ul>\n<\/li>\n<\/ul>\n<ul>\n<li style=\"list-style-type: none;\">\n<ul>\n<li style=\"list-style-type: none;\">\n<ul>\n<li style=\"list-style-type: none;\"><\/li>\n<\/ul>\n<\/li>\n<\/ul>\n<\/li>\n<\/ul>\n<ul>\n<li style=\"list-style-type: none;\">\n<ul>\n<li style=\"list-style-type: none;\">\n<ul>\n<li style=\"list-style-type: none;\"><\/li>\n<\/ul>\n<\/li>\n<\/ul>\n<\/li>\n<\/ul>\n","protected":false},"excerpt":{"rendered":"<p>L&#8217;<a href=\"https:\/\/sites.google.com\/escolabufala.cat\/repositori-escola-bufal\/p%C3%A0gina-principal\">Estrat\u00e8gia Digital de Centre (EDC)<\/a> recull totes les accions que es realitzen en el centre, i les que es realitzaran a mitj\u00e0 termini, per aconseguir la m\u00e0xima compet\u00e8ncia digital de l&#8217;alumnat, del professorat i del centre educatiu. Per aconseguir aquesta compet\u00e8ncia digital, l&#8217;EDC compr\u00e8n&hellip;  <a href=\"https:\/\/agora.xtec.cat\/ceipbufala\/projecte-educatiu\/noves-tecnologies\/\" title=\"Read Estrat\u00e8gia digital de centre\">Llegeix m\u00e9s\u00bb<\/a><\/p>\n","protected":false},"author":1,"featured_media":0,"parent":64,"menu_order":2,"comment_status":"closed","ping_status":"closed","template":"page-templates\/side-menu.php","meta":{"_bbp_topic_count":0,"_bbp_reply_count":0,"_bbp_total_topic_count":0,"_bbp_total_reply_count":0,"_bbp_voice_count":0,"_bbp_anonymous_reply_count":0,"_bbp_topic_count_hidden":0,"_bbp_reply_count_hidden":0,"_bbp_forum_subforum_count":0,"footnotes":""},"class_list":["post-544","page","type-page","status-publish","hentry"],"post_mailing_queue_ids":[],"_links":{"self":[{"href":"https:\/\/agora.xtec.cat\/ceipbufala\/wp-json\/wp\/v2\/pages\/544","targetHints":{"allow":["GET"]}}],"collection":[{"href":"https:\/\/agora.xtec.cat\/ceipbufala\/wp-json\/wp\/v2\/pages"}],"about":[{"href":"https:\/\/agora.xtec.cat\/ceipbufala\/wp-json\/wp\/v2\/types\/page"}],"author":[{"embeddable":true,"href":"https:\/\/agora.xtec.cat\/ceipbufala\/wp-json\/wp\/v2\/users\/1"}],"replies":[{"embeddable":true,"href":"https:\/\/agora.xtec.cat\/ceipbufala\/wp-json\/wp\/v2\/comments?post=544"}],"version-history":[{"count":5,"href":"https:\/\/agora.xtec.cat\/ceipbufala\/wp-json\/wp\/v2\/pages\/544\/revisions"}],"predecessor-version":[{"id":7183,"href":"https:\/\/agora.xtec.cat\/ceipbufala\/wp-json\/wp\/v2\/pages\/544\/revisions\/7183"}],"up":[{"embeddable":true,"href":"https:\/\/agora.xtec.cat\/ceipbufala\/wp-json\/wp\/v2\/pages\/64"}],"wp:attachment":[{"href":"https:\/\/agora.xtec.cat\/ceipbufala\/wp-json\/wp\/v2\/media?parent=544"}],"curies":[{"name":"wp","href":"https:\/\/api.w.org\/{rel}","templated":true}]}}

Estratègia digital de centre

<p>L&#8217;<a href="https://sites.google.com/escolabufala.cat/repositori-escola-bufal/p%C3%A0gina-principal"><strong>Estratègia Digital de Centre</strong> (EDC)</a> recull totes les accions que es realitzen en el centre, i les que es realitzaran a mitjà termini, per aconseguir la màxima competència digital de l&#8217;alumnat, del professorat i del centre educatiu. Per aconseguir aquesta competència digital, l&#8217;EDC comprèn tots els àmbits del centre: organitzatius, metodològics, curriculars i comunicatius.</p>
<p>Com a escola som conscients dels canvis tecnològics que es donen a la societat actual i, per tant, considerem necessari que infants, docents i el mateix centre, sigui cada cop més competents digitalment per tal d&#8217;adaptar-nos i viure millor en la societat del present i del futur.</p>
<p>Per aconseguir aquesta competència digital, l’EDC (Estratègia Digital de Centre) comprèn tots els àmbits del centre: organitzatius, metodològics, curriculars i comunicatius, els quals s’han de veure necessàriament implicats i, si escau, transformats, des d’una perspectiva d’innovació i de millora contínua.</p>
<p style="text-align: right;">El nostre centre, té present el creixent augment i diversificació de dispositius, aparells i aplicacions que els infants tenen a l’abast en la seva quotidianitat. L’escola en el seu pla d’estratègia digital, apropa als infants de 3 a 6 anys el pensament computacional de forma endollada, però, sobretot desendollada.<br />
<em>El <strong>pensament computacional desendollat</strong> és un procés per buscar solucions creatives, obertes, imaginatives, artístiques i enginyoses en qualsevol àmbit.</em></p>
<p>Coma equip pedagògic vetllem per l’ús responsable de les tecnologies digitals, tenint present la seva importància entorn de la salut, la protecció de dades, la seguretat i la identitat digital.</p>
<p>Els <strong>objectius de l’EDC</strong> es poden agrupar en cinc àmbits, que tenen com a fita el màxim assoliment de la competència digital dels nens i nenes, dels docents i de l’escola:</p>
<ul>
<li style="list-style-type: none;">
<ul>
<li style="list-style-type: none;">
<ul style="list-style-type: square;">
<li>Programar les competències digitals en totes les àrees: programació de les habilitats de cada nivell i d’activitats desendollades.</li>
<li>Avaluar els progressos amb tecnologies digitals (rúbriques, retroalimentació).</li>
<li>Dinamitzar l’ús de l’EVA.</li>
<li>Oferir eines per millorar la CDD.</li>
<li><iframe loading="lazy" title="YouTube video player" src="//www.youtube.com/embed/uS5UUZIYLPQ" width="560" height="315" frameborder="0" allowfullscreen="allowfullscreen"></iframe></li>
</ul>
</li>
</ul>
</li>
</ul>
<ul>
<li style="list-style-type: none;">
<ul>
<li style="list-style-type: none;">
<ul>
<li style="list-style-type: none;"></li>
</ul>
</li>
</ul>
</li>
</ul>
<ul>
<li style="list-style-type: none;">
<ul>
<li style="list-style-type: none;">
<ul>
<li style="list-style-type: none;"></li>
</ul>
</li>
</ul>
</li>
</ul>

<p>L&#8217;<a href="https://sites.google.com/escolabufala.cat/repositori-escola-bufal/p%C3%A0gina-principal">Estratègia Digital de Centre (EDC)</a> recull totes les accions que es realitzen en el centre, i les que es realitzaran a mitjà termini, per aconseguir la màxima competència digital de l&#8217;alumnat, del professorat i del centre educatiu. Per aconseguir aquesta competència digital, l&#8217;EDC comprèn&hellip;  <a href="https://agora.xtec.cat/ceipbufala/projecte-educatiu/noves-tecnologies/" title="Read Estratègia digital de centre">Llegeix més»</a></p>
