{"id":542,"date":"2019-12-04T13:33:48","date_gmt":"2019-12-04T12:33:48","guid":{"rendered":"https:\/\/agora.xtec.cat\/ceipbufala\/?page_id=542"},"modified":"2020-03-06T12:45:34","modified_gmt":"2020-03-06T11:45:34","slug":"capses-daprenentatge","status":"publish","type":"page","link":"https:\/\/agora.xtec.cat\/ceipbufala\/projecte-educatiu\/capses-daprenentatge\/","title":{"rendered":"Capses d&#8217;aprenentatge"},"content":{"rendered":"<p>A l\u2019\u00e0rea de coneixement del medi natural i social, utilitzem com a eina metodol\u00f2gica \u201cLes capses d\u2019aprenentatge\u201d.<\/p>\n<p>Aquestes capses d\u2019aprenentatge s\u00f3n propostes de treball guiat on els i les alumnes a partir de la investigaci\u00f3, la consulta, l\u2019experimentaci\u00f3 i el treball cooperatiu, construeixen el propi coneixement i adquireixen les compet\u00e8ncies b\u00e0siques.<\/p>\n<p>Treballant amb aquesta metodologia potenciem, en els i les alumnes, els seg\u00fcents objectius:<\/p>\n<ul>\n<li>Aprendre a prendre decisions en grup: proposar, argumentar i triar.<\/li>\n<li>Tractar la informaci\u00f3: cercar-la, organitzar-la, compartir-la i assimilar-la.<\/li>\n<li>Transmetre informaci\u00f3: comunicar, compartir i elaborar.<\/li>\n<li>Avaluar els aprenentatges: sent conscients del qu\u00e8 sabem i qu\u00e8 necessitem saber.<\/li>\n<\/ul>\n<p><a href=\"https:\/\/agora.xtec.cat\/ceipbufala\/wp-content\/uploads\/usu1674\/2020\/03\/IMG_20200220_152712203-horz.jpg\"><img loading=\"lazy\" decoding=\"async\" class=\"alignnone size-large wp-image-1138\" src=\"https:\/\/agora.xtec.cat\/ceipbufala\/wp-content\/uploads\/usu1674\/2020\/03\/IMG_20200220_152712203-horz-1024x231.jpg\" alt=\"\" width=\"1024\" height=\"231\" srcset=\"https:\/\/agora.xtec.cat\/ceipbufala\/wp-content\/uploads\/usu1674\/2020\/03\/IMG_20200220_152712203-horz-1024x231.jpg 1024w, https:\/\/agora.xtec.cat\/ceipbufala\/wp-content\/uploads\/usu1674\/2020\/03\/IMG_20200220_152712203-horz-300x68.jpg 300w, https:\/\/agora.xtec.cat\/ceipbufala\/wp-content\/uploads\/usu1674\/2020\/03\/IMG_20200220_152712203-horz-768x173.jpg 768w, https:\/\/agora.xtec.cat\/ceipbufala\/wp-content\/uploads\/usu1674\/2020\/03\/IMG_20200220_152712203-horz.jpg 1852w\" sizes=\"auto, (max-width: 1024px) 100vw, 1024px\" \/><\/a><\/p>\n<p>&nbsp;<\/p>\n","protected":false},"excerpt":{"rendered":"<p>A l\u2019\u00e0rea de coneixement del medi natural i social, utilitzem com a eina metodol\u00f2gica \u201cLes capses d\u2019aprenentatge\u201d.<br \/>\nAquestes capses d\u2019aprenentatge s\u00f3n propostes de treball guiat on els i les alumnes a partir de la investigaci\u00f3, la consulta, l\u2019experimentaci\u00f3 i el treball cooperatiu, construeixen el propi coneixement&hellip;  <a href=\"https:\/\/agora.xtec.cat\/ceipbufala\/projecte-educatiu\/capses-daprenentatge\/\" title=\"Read Capses d&#8217;aprenentatge\">Llegeix m\u00e9s\u00bb<\/a><\/p>\n","protected":false},"author":1,"featured_media":0,"parent":64,"menu_order":0,"comment_status":"closed","ping_status":"closed","template":"page-templates\/side-menu.php","meta":{"_bbp_topic_count":0,"_bbp_reply_count":0,"_bbp_total_topic_count":0,"_bbp_total_reply_count":0,"_bbp_voice_count":0,"_bbp_anonymous_reply_count":0,"_bbp_topic_count_hidden":0,"_bbp_reply_count_hidden":0,"_bbp_forum_subforum_count":0,"footnotes":""},"class_list":["post-542","page","type-page","status-publish","hentry"],"post_mailing_queue_ids":[],"_links":{"self":[{"href":"https:\/\/agora.xtec.cat\/ceipbufala\/wp-json\/wp\/v2\/pages\/542","targetHints":{"allow":["GET"]}}],"collection":[{"href":"https:\/\/agora.xtec.cat\/ceipbufala\/wp-json\/wp\/v2\/pages"}],"about":[{"href":"https:\/\/agora.xtec.cat\/ceipbufala\/wp-json\/wp\/v2\/types\/page"}],"author":[{"embeddable":true,"href":"https:\/\/agora.xtec.cat\/ceipbufala\/wp-json\/wp\/v2\/users\/1"}],"replies":[{"embeddable":true,"href":"https:\/\/agora.xtec.cat\/ceipbufala\/wp-json\/wp\/v2\/comments?post=542"}],"version-history":[{"count":3,"href":"https:\/\/agora.xtec.cat\/ceipbufala\/wp-json\/wp\/v2\/pages\/542\/revisions"}],"predecessor-version":[{"id":1139,"href":"https:\/\/agora.xtec.cat\/ceipbufala\/wp-json\/wp\/v2\/pages\/542\/revisions\/1139"}],"up":[{"embeddable":true,"href":"https:\/\/agora.xtec.cat\/ceipbufala\/wp-json\/wp\/v2\/pages\/64"}],"wp:attachment":[{"href":"https:\/\/agora.xtec.cat\/ceipbufala\/wp-json\/wp\/v2\/media?parent=542"}],"curies":[{"name":"wp","href":"https:\/\/api.w.org\/{rel}","templated":true}]}}

<p>A l’àrea de coneixement del medi natural i social, utilitzem com a eina metodològica “Les capses d’aprenentatge”.</p>
<p>Aquestes capses d’aprenentatge són propostes de treball guiat on els i les alumnes a partir de la investigació, la consulta, l’experimentació i el treball cooperatiu, construeixen el propi coneixement i adquireixen les competències bàsiques.</p>
<p>Treballant amb aquesta metodologia potenciem, en els i les alumnes, els següents objectius:</p>
<ul>
<li>Aprendre a prendre decisions en grup: proposar, argumentar i triar.</li>
<li>Tractar la informació: cercar-la, organitzar-la, compartir-la i assimilar-la.</li>
<li>Transmetre informació: comunicar, compartir i elaborar.</li>
<li>Avaluar els aprenentatges: sent conscients del què sabem i què necessitem saber.</li>
</ul>
<p><a href="https://agora.xtec.cat/ceipbufala/wp-content/uploads/usu1674/2020/03/IMG_20200220_152712203-horz.jpg"><img loading="lazy" decoding="async" class="alignnone size-large wp-image-1138" src="https://agora.xtec.cat/ceipbufala/wp-content/uploads/usu1674/2020/03/IMG_20200220_152712203-horz-1024x231.jpg" alt="" width="1024" height="231" srcset="https://agora.xtec.cat/ceipbufala/wp-content/uploads/usu1674/2020/03/IMG_20200220_152712203-horz-1024x231.jpg 1024w, https://agora.xtec.cat/ceipbufala/wp-content/uploads/usu1674/2020/03/IMG_20200220_152712203-horz-300x68.jpg 300w, https://agora.xtec.cat/ceipbufala/wp-content/uploads/usu1674/2020/03/IMG_20200220_152712203-horz-768x173.jpg 768w, https://agora.xtec.cat/ceipbufala/wp-content/uploads/usu1674/2020/03/IMG_20200220_152712203-horz.jpg 1852w" sizes="auto, (max-width: 1024px) 100vw, 1024px" /></a></p>
<p>&nbsp;</p>

<p>A l’àrea de coneixement del medi natural i social, utilitzem com a eina metodològica “Les capses d’aprenentatge”.<br />
Aquestes capses d’aprenentatge són propostes de treball guiat on els i les alumnes a partir de la investigació, la consulta, l’experimentació i el treball cooperatiu, construeixen el propi coneixement&hellip;  <a href="https://agora.xtec.cat/ceipbufala/projecte-educatiu/capses-daprenentatge/" title="Read Capses d&#8217;aprenentatge">Llegeix més»</a></p>
