{"id":540,"date":"2019-12-04T13:33:09","date_gmt":"2019-12-04T12:33:09","guid":{"rendered":"https:\/\/agora.xtec.cat\/ceipbufala\/?page_id=540"},"modified":"2020-02-25T16:12:39","modified_gmt":"2020-02-25T15:12:39","slug":"espais-daprenentatge","status":"publish","type":"page","link":"https:\/\/agora.xtec.cat\/ceipbufala\/projecte-educatiu\/espais-daprenentatge\/","title":{"rendered":"Espais d&#8217;aprenentatge"},"content":{"rendered":"<p>Al Cicle Inicial es treballa dues sessions a la setmana. Aquesta metodologia sorgeix des de fa uns anys per a respondre a les demandes educatives actuals com el treball per compet\u00e8ncies. S\u2019ofereix als alumnes sis espais d\u2019aprenentatge on es barregen infants de 1r i 2n. Cada setmana es canvien els grups, de manera que cada alumne assisteix a un espai diferent de forma setmanal.<\/p>\n<p><strong>Els objectius del treball per espais s\u00f3n:<\/strong><\/p>\n<ul>\n<li>Oferir la possibilitat d\u2019interrelaci\u00f3 entre infants de diferents edats.<\/li>\n<li>Posicionar l\u2019alumne com a centre de l\u2019aprenentatge.<\/li>\n<li>Afavorir l\u2019aprenentatge aut\u00f2nom.<\/li>\n<li>Despertar la curiositat i la motivaci\u00f3 de l\u2019alumne.<\/li>\n<li>Fomentar el di\u00e0leg, l\u2019escolta i la comunicaci\u00f3.<\/li>\n<\/ul>\n<p>A cada espai s\u2019ofereixen diferents propostes que l\u2019alumne pot triar de forma aut\u00f2noma. El mestre o la mestra actua de guia i acompanyant. Els espais recullen els aspectes b\u00e0sics de les \u00e0rees del curr\u00edculum de prim\u00e0ria. S\u00f3n espais motivadors que poden anar canviant i evolucionant al llarg del curs.<\/p>\n<p>Els espais que oferim a Cicle Inicial s\u00f3n els seg\u00fcents:<\/p>\n<ul>\n<li><strong>Espai de lletres- <\/strong>Consolidar l\u2019aprenentatge de la lectura i l\u2019escriptura tot jugant.<strong>\u00a0<\/strong><\/li>\n<li><strong>Espai matem\u00e0tic- <\/strong>Manipular diferents materials que permetin raonar i explorar diferents conceptes matem\u00e0tics.<\/li>\n<li><strong>Espai d\u2019espectacles- <\/strong>Afavorir l\u2019expressi\u00f3 oral a trav\u00e9s d\u2019emocions i sentiments.<\/li>\n<li><strong>Espai d\u2019art- <\/strong>Estimular la creativitat mitjan\u00e7ant diverses t\u00e8cniques pl\u00e0stiques.<\/li>\n<li><strong>Espai d\u2019English- <\/strong>Facilitar un entorn l\u00fadic d\u2019aprenentatge en llengua anglesa.<\/li>\n<li><strong>Espai d\u2019experimentaci\u00f3- <\/strong>Aprofundir en el m\u00f3n de la ci\u00e8ncia a partir de la recerca i l\u2019experimentaci\u00f3 lliure.<\/li>\n<\/ul>\n<p>&nbsp;<\/p>\n<p>&nbsp;<\/p>\n<p><a href=\"https:\/\/agora.xtec.cat\/ceipbufala\/wp-content\/uploads\/usu1674\/2020\/02\/2-1.jpg\"><img loading=\"lazy\" decoding=\"async\" class=\"alignnone wp-image-777\" src=\"https:\/\/agora.xtec.cat\/ceipbufala\/wp-content\/uploads\/usu1674\/2020\/02\/2-1.jpg\" alt=\"\" width=\"651\" height=\"390\" srcset=\"https:\/\/agora.xtec.cat\/ceipbufala\/wp-content\/uploads\/usu1674\/2020\/02\/2-1.jpg 1024w, https:\/\/agora.xtec.cat\/ceipbufala\/wp-content\/uploads\/usu1674\/2020\/02\/2-1-300x180.jpg 300w, https:\/\/agora.xtec.cat\/ceipbufala\/wp-content\/uploads\/usu1674\/2020\/02\/2-1-768x461.jpg 768w\" sizes=\"auto, (max-width: 651px) 100vw, 651px\" \/><\/a><\/p>\n","protected":false},"excerpt":{"rendered":"<p>Al Cicle Inicial es treballa dues sessions a la setmana. Aquesta metodologia sorgeix des de fa uns anys per a respondre a les demandes educatives actuals com el treball per compet\u00e8ncies. S\u2019ofereix als alumnes sis espais d\u2019aprenentatge on es barregen infants de 1r i 2n.&hellip;  <a href=\"https:\/\/agora.xtec.cat\/ceipbufala\/projecte-educatiu\/espais-daprenentatge\/\" title=\"Read Espais d&#8217;aprenentatge\">Llegeix m\u00e9s\u00bb<\/a><\/p>\n","protected":false},"author":1,"featured_media":0,"parent":64,"menu_order":0,"comment_status":"closed","ping_status":"closed","template":"page-templates\/side-menu.php","meta":{"_bbp_topic_count":0,"_bbp_reply_count":0,"_bbp_total_topic_count":0,"_bbp_total_reply_count":0,"_bbp_voice_count":0,"_bbp_anonymous_reply_count":0,"_bbp_topic_count_hidden":0,"_bbp_reply_count_hidden":0,"_bbp_forum_subforum_count":0,"footnotes":""},"class_list":["post-540","page","type-page","status-publish","hentry"],"post_mailing_queue_ids":[],"_links":{"self":[{"href":"https:\/\/agora.xtec.cat\/ceipbufala\/wp-json\/wp\/v2\/pages\/540","targetHints":{"allow":["GET"]}}],"collection":[{"href":"https:\/\/agora.xtec.cat\/ceipbufala\/wp-json\/wp\/v2\/pages"}],"about":[{"href":"https:\/\/agora.xtec.cat\/ceipbufala\/wp-json\/wp\/v2\/types\/page"}],"author":[{"embeddable":true,"href":"https:\/\/agora.xtec.cat\/ceipbufala\/wp-json\/wp\/v2\/users\/1"}],"replies":[{"embeddable":true,"href":"https:\/\/agora.xtec.cat\/ceipbufala\/wp-json\/wp\/v2\/comments?post=540"}],"version-history":[{"count":4,"href":"https:\/\/agora.xtec.cat\/ceipbufala\/wp-json\/wp\/v2\/pages\/540\/revisions"}],"predecessor-version":[{"id":985,"href":"https:\/\/agora.xtec.cat\/ceipbufala\/wp-json\/wp\/v2\/pages\/540\/revisions\/985"}],"up":[{"embeddable":true,"href":"https:\/\/agora.xtec.cat\/ceipbufala\/wp-json\/wp\/v2\/pages\/64"}],"wp:attachment":[{"href":"https:\/\/agora.xtec.cat\/ceipbufala\/wp-json\/wp\/v2\/media?parent=540"}],"curies":[{"name":"wp","href":"https:\/\/api.w.org\/{rel}","templated":true}]}}

<p>Al Cicle Inicial es treballa dues sessions a la setmana. Aquesta metodologia sorgeix des de fa uns anys per a respondre a les demandes educatives actuals com el treball per competències. S’ofereix als alumnes sis espais d’aprenentatge on es barregen infants de 1r i 2n. Cada setmana es canvien els grups, de manera que cada alumne assisteix a un espai diferent de forma setmanal.</p>
<p><strong>Els objectius del treball per espais són:</strong></p>
<ul>
<li>Oferir la possibilitat d’interrelació entre infants de diferents edats.</li>
<li>Posicionar l’alumne com a centre de l’aprenentatge.</li>
<li>Afavorir l’aprenentatge autònom.</li>
<li>Despertar la curiositat i la motivació de l’alumne.</li>
<li>Fomentar el diàleg, l’escolta i la comunicació.</li>
</ul>
<p>A cada espai s’ofereixen diferents propostes que l’alumne pot triar de forma autònoma. El mestre o la mestra actua de guia i acompanyant. Els espais recullen els aspectes bàsics de les àrees del currículum de primària. Són espais motivadors que poden anar canviant i evolucionant al llarg del curs.</p>
<p>Els espais que oferim a Cicle Inicial són els següents:</p>
<ul>
<li><strong>Espai de lletres- </strong>Consolidar l’aprenentatge de la lectura i l’escriptura tot jugant.<strong> </strong></li>
<li><strong>Espai matemàtic- </strong>Manipular diferents materials que permetin raonar i explorar diferents conceptes matemàtics.</li>
<li><strong>Espai d’espectacles- </strong>Afavorir l’expressió oral a través d’emocions i sentiments.</li>
<li><strong>Espai d’art- </strong>Estimular la creativitat mitjançant diverses tècniques plàstiques.</li>
<li><strong>Espai d’English- </strong>Facilitar un entorn lúdic d’aprenentatge en llengua anglesa.</li>
<li><strong>Espai d’experimentació- </strong>Aprofundir en el món de la ciència a partir de la recerca i l’experimentació lliure.</li>
</ul>
<p>&nbsp;</p>
<p>&nbsp;</p>
<p><a href="https://agora.xtec.cat/ceipbufala/wp-content/uploads/usu1674/2020/02/2-1.jpg"><img loading="lazy" decoding="async" class="alignnone wp-image-777" src="https://agora.xtec.cat/ceipbufala/wp-content/uploads/usu1674/2020/02/2-1.jpg" alt="" width="651" height="390" srcset="https://agora.xtec.cat/ceipbufala/wp-content/uploads/usu1674/2020/02/2-1.jpg 1024w, https://agora.xtec.cat/ceipbufala/wp-content/uploads/usu1674/2020/02/2-1-300x180.jpg 300w, https://agora.xtec.cat/ceipbufala/wp-content/uploads/usu1674/2020/02/2-1-768x461.jpg 768w" sizes="auto, (max-width: 651px) 100vw, 651px" /></a></p>

<p>Al Cicle Inicial es treballa dues sessions a la setmana. Aquesta metodologia sorgeix des de fa uns anys per a respondre a les demandes educatives actuals com el treball per competències. S’ofereix als alumnes sis espais d’aprenentatge on es barregen infants de 1r i 2n.&hellip;  <a href="https://agora.xtec.cat/ceipbufala/projecte-educatiu/espais-daprenentatge/" title="Read Espais d&#8217;aprenentatge">Llegeix més»</a></p>
