{"id":489,"date":"2019-11-05T16:08:26","date_gmt":"2019-11-05T15:08:26","guid":{"rendered":"https:\/\/agora.xtec.cat\/ceipbufala\/?page_id=489"},"modified":"2024-06-07T13:03:44","modified_gmt":"2024-06-07T11:03:44","slug":"qui-som","status":"publish","type":"page","link":"https:\/\/agora.xtec.cat\/ceipbufala\/lescola\/qui-som\/","title":{"rendered":"Qui som?"},"content":{"rendered":"<p><b>L\u2019escola Bufal\u00e0<\/b><span style=\"font-weight: 400;\"> es va inaugurar el setembre de 2004 i \u00e9s un centre de titularitat p\u00fablica depenent del Departament d\u2019Ensenyament de la Generalitat de Catalunya.<\/span><\/p>\n<p><span style=\"font-weight: 400;\">Som una escola de dues l\u00ednies ubicat a Badalona, ciutat de l&#8217;\u00e0rea metropolitana de Barcelona. <\/span><\/p>\n<p><span style=\"font-weight: 400;\">L\u2019escola est\u00e0 situada en el barri de Bufal\u00e0, proper al centre hist\u00f2ric de la ciutat on es troben alguns dels serveis m\u00e9s importants: ajuntament, museu, hospital, correus i zones d\u2019esbarjo.<\/span><\/p>\n<p><span style=\"font-weight: 400;\">L\u2019escola Bufal\u00e0 d\u00f3na resposta a les necessitats del context actual i potencia un aprenentatge actiu. <\/span><\/p>\n<p><span style=\"font-weight: 400;\">En els \u00faltims anys avancem cap al coneixement del proc\u00e9s aprenentatge i els aspectes que el regulen, com per exemple el paper de les emocions positives que estimulen la motivaci\u00f3, la necessitat que els alumnes siguin agents actius del propi proc\u00e9s d&#8217;aprenentatge, l&#8217;estimulaci\u00f3 de la creativitat&#8230; <\/span><\/p>\n<p><span style=\"font-weight: 400;\">Avancem cap a un aprenentatge basat en la qualitat, per tal de formar nois i noies amb capacitat de comprendre, aprendre i resoldre situacions noves.\u00a0<\/span><\/p>\n<p><span style=\"font-weight: 400;\">Aix\u00ed, entenem l\u2019escola com a un espai inclusiu, amb professorat en permanent formaci\u00f3 en l\u2019organitzaci\u00f3 curricular i la planificaci\u00f3 pedag\u00f2gica, que fomenta relacions amb l\u2019entorn, mitjan\u00e7ant un projecte educatiu que defineix l\u2019escola com a un espai generador de cultura i riquesa intel\u00b7lectual.<\/span><\/p>\n","protected":false},"excerpt":{"rendered":"<p>L\u2019escola Bufal\u00e0 es va inaugurar el setembre de 2004 i \u00e9s un centre de titularitat p\u00fablica depenent del Departament d\u2019Ensenyament de la Generalitat de Catalunya.<br \/>\nSom una escola de dues l\u00ednies ubicat a Badalona, ciutat de l&#8217;\u00e0rea metropolitana de Barcelona.<br \/>\nL\u2019escola est\u00e0 situada en el barri&hellip;  <a href=\"https:\/\/agora.xtec.cat\/ceipbufala\/lescola\/qui-som\/\" title=\"Read Qui som?\">Llegeix m\u00e9s\u00bb<\/a><\/p>\n","protected":false},"author":1,"featured_media":0,"parent":22,"menu_order":0,"comment_status":"closed","ping_status":"closed","template":"page-templates\/side-menu.php","meta":{"_bbp_topic_count":0,"_bbp_reply_count":0,"_bbp_total_topic_count":0,"_bbp_total_reply_count":0,"_bbp_voice_count":0,"_bbp_anonymous_reply_count":0,"_bbp_topic_count_hidden":0,"_bbp_reply_count_hidden":0,"_bbp_forum_subforum_count":0,"footnotes":""},"class_list":["post-489","page","type-page","status-publish","hentry"],"post_mailing_queue_ids":[],"_links":{"self":[{"href":"https:\/\/agora.xtec.cat\/ceipbufala\/wp-json\/wp\/v2\/pages\/489","targetHints":{"allow":["GET"]}}],"collection":[{"href":"https:\/\/agora.xtec.cat\/ceipbufala\/wp-json\/wp\/v2\/pages"}],"about":[{"href":"https:\/\/agora.xtec.cat\/ceipbufala\/wp-json\/wp\/v2\/types\/page"}],"author":[{"embeddable":true,"href":"https:\/\/agora.xtec.cat\/ceipbufala\/wp-json\/wp\/v2\/users\/1"}],"replies":[{"embeddable":true,"href":"https:\/\/agora.xtec.cat\/ceipbufala\/wp-json\/wp\/v2\/comments?post=489"}],"version-history":[{"count":5,"href":"https:\/\/agora.xtec.cat\/ceipbufala\/wp-json\/wp\/v2\/pages\/489\/revisions"}],"predecessor-version":[{"id":6968,"href":"https:\/\/agora.xtec.cat\/ceipbufala\/wp-json\/wp\/v2\/pages\/489\/revisions\/6968"}],"up":[{"embeddable":true,"href":"https:\/\/agora.xtec.cat\/ceipbufala\/wp-json\/wp\/v2\/pages\/22"}],"wp:attachment":[{"href":"https:\/\/agora.xtec.cat\/ceipbufala\/wp-json\/wp\/v2\/media?parent=489"}],"curies":[{"name":"wp","href":"https:\/\/api.w.org\/{rel}","templated":true}]}}

<p><b>L’escola Bufalà</b><span style="font-weight: 400;"> es va inaugurar el setembre de 2004 i és un centre de titularitat pública depenent del Departament d’Ensenyament de la Generalitat de Catalunya.</span></p>
<p><span style="font-weight: 400;">Som una escola de dues línies ubicat a Badalona, ciutat de l&#8217;àrea metropolitana de Barcelona. </span></p>
<p><span style="font-weight: 400;">L’escola està situada en el barri de Bufalà, proper al centre històric de la ciutat on es troben alguns dels serveis més importants: ajuntament, museu, hospital, correus i zones d’esbarjo.</span></p>
<p><span style="font-weight: 400;">L’escola Bufalà dóna resposta a les necessitats del context actual i potencia un aprenentatge actiu. </span></p>
<p><span style="font-weight: 400;">En els últims anys avancem cap al coneixement del procés aprenentatge i els aspectes que el regulen, com per exemple el paper de les emocions positives que estimulen la motivació, la necessitat que els alumnes siguin agents actius del propi procés d&#8217;aprenentatge, l&#8217;estimulació de la creativitat&#8230; </span></p>
<p><span style="font-weight: 400;">Avancem cap a un aprenentatge basat en la qualitat, per tal de formar nois i noies amb capacitat de comprendre, aprendre i resoldre situacions noves. </span></p>
<p><span style="font-weight: 400;">Així, entenem l’escola com a un espai inclusiu, amb professorat en permanent formació en l’organització curricular i la planificació pedagògica, que fomenta relacions amb l’entorn, mitjançant un projecte educatiu que defineix l’escola com a un espai generador de cultura i riquesa intel·lectual.</span></p>

<p>L’escola Bufalà es va inaugurar el setembre de 2004 i és un centre de titularitat pública depenent del Departament d’Ensenyament de la Generalitat de Catalunya.<br />
Som una escola de dues línies ubicat a Badalona, ciutat de l&#8217;àrea metropolitana de Barcelona.<br />
L’escola està situada en el barri&hellip;  <a href="https://agora.xtec.cat/ceipbufala/lescola/qui-som/" title="Read Qui som?">Llegeix més»</a></p>
