{"id":1017,"date":"2020-02-26T12:47:51","date_gmt":"2020-02-26T11:47:51","guid":{"rendered":"https:\/\/agora.xtec.cat\/ceipbufala\/?page_id=1017"},"modified":"2020-02-27T16:18:43","modified_gmt":"2020-02-27T15:18:43","slug":"apadrinament-lector","status":"publish","type":"page","link":"https:\/\/agora.xtec.cat\/ceipbufala\/projecte-educatiu\/apadrinament-lector\/","title":{"rendered":"Apadrinament lector"},"content":{"rendered":"<p>L\u2019apadrinament lector \u00e9s un projecte per treballar la lectura.\u00a0 Els nens i nenes de Cicle Mitj\u00e0 i Cicle Superior apadrinen nens i nenes de P4, P5 i Cicle Inicial. L\u2019objectiu \u00e9s doble, per una banda crear l\u2019h\u00e0bit lector i fer-los gaudir amb la lectura i per una altra banda que els nens i nenes de Cicle Mitj\u00e0 i Cicle Superior facin de model lector, alhora que adquireixen una responsabilitat en el proc\u00e9s lector. Amb aquest projecte tamb\u00e9 s\u2019aconsegueix establir vincles entre alumnes de diferents edats, de forma molt motivadora en el proc\u00e9s d\u2019aprenentatge de la lectoescriptura.<\/p>\n<p>Els components de les parelles signen un contracte i al padr\u00ed se li lliura un quadernet per anotar les sessions treballades.<\/p>\n<p>Les trobades es fan un cop al mes, i a m\u00e9s a m\u00e9s aquestes \u201cparelles lectores\u201d celebren juntes algunes festivitats com la Castanyada o el dia de Sant Jordi.<\/p>\n<p><strong>OBJECTIUS:<\/strong><\/p>\n<ol>\n<li>Treballar regularment la lectura.<\/li>\n<li>Fomentar la conviv\u00e8ncia.<\/li>\n<li>Educar en la responsabilitat i en el comprom\u00eds.<\/li>\n<li>Treballar la cooperaci\u00f3 entre els diferents nivell que participen.<\/li>\n<li>Treballar diferents estrat\u00e8gies de lectura.<\/li>\n<li>Promoure les situacions comunicatives, per fomentar el bon \u00fas de la llengua vehicular de l\u2019escola.<\/li>\n<\/ol>\n<p><a href=\"https:\/\/agora.xtec.cat\/ceipbufala\/wp-content\/uploads\/usu1674\/2020\/02\/page-3.jpg\"><img loading=\"lazy\" decoding=\"async\" class=\"alignnone  wp-image-1042\" src=\"https:\/\/agora.xtec.cat\/ceipbufala\/wp-content\/uploads\/usu1674\/2020\/02\/page-3.jpg\" alt=\"\" width=\"604\" height=\"453\" srcset=\"https:\/\/agora.xtec.cat\/ceipbufala\/wp-content\/uploads\/usu1674\/2020\/02\/page-3.jpg 800w, https:\/\/agora.xtec.cat\/ceipbufala\/wp-content\/uploads\/usu1674\/2020\/02\/page-3-300x225.jpg 300w, https:\/\/agora.xtec.cat\/ceipbufala\/wp-content\/uploads\/usu1674\/2020\/02\/page-3-768x576.jpg 768w, https:\/\/agora.xtec.cat\/ceipbufala\/wp-content\/uploads\/usu1674\/2020\/02\/page-3-200x150.jpg 200w\" sizes=\"auto, (max-width: 604px) 100vw, 604px\" \/><\/a><\/p>\n","protected":false},"excerpt":{"rendered":"<p>L\u2019apadrinament lector \u00e9s un projecte per treballar la lectura.\u00a0 Els nens i nenes de Cicle Mitj\u00e0 i Cicle Superior apadrinen nens i nenes de P4, P5 i Cicle Inicial. L\u2019objectiu \u00e9s doble, per una banda crear l\u2019h\u00e0bit lector i fer-los gaudir amb la lectura i&hellip;  <a href=\"https:\/\/agora.xtec.cat\/ceipbufala\/projecte-educatiu\/apadrinament-lector\/\" title=\"Read Apadrinament lector\">Llegeix m\u00e9s\u00bb<\/a><\/p>\n","protected":false},"author":5,"featured_media":0,"parent":64,"menu_order":0,"comment_status":"closed","ping_status":"closed","template":"","meta":{"_bbp_topic_count":0,"_bbp_reply_count":0,"_bbp_total_topic_count":0,"_bbp_total_reply_count":0,"_bbp_voice_count":0,"_bbp_anonymous_reply_count":0,"_bbp_topic_count_hidden":0,"_bbp_reply_count_hidden":0,"_bbp_forum_subforum_count":0,"footnotes":""},"class_list":["post-1017","page","type-page","status-publish","hentry"],"post_mailing_queue_ids":[],"_links":{"self":[{"href":"https:\/\/agora.xtec.cat\/ceipbufala\/wp-json\/wp\/v2\/pages\/1017","targetHints":{"allow":["GET"]}}],"collection":[{"href":"https:\/\/agora.xtec.cat\/ceipbufala\/wp-json\/wp\/v2\/pages"}],"about":[{"href":"https:\/\/agora.xtec.cat\/ceipbufala\/wp-json\/wp\/v2\/types\/page"}],"author":[{"embeddable":true,"href":"https:\/\/agora.xtec.cat\/ceipbufala\/wp-json\/wp\/v2\/users\/5"}],"replies":[{"embeddable":true,"href":"https:\/\/agora.xtec.cat\/ceipbufala\/wp-json\/wp\/v2\/comments?post=1017"}],"version-history":[{"count":3,"href":"https:\/\/agora.xtec.cat\/ceipbufala\/wp-json\/wp\/v2\/pages\/1017\/revisions"}],"predecessor-version":[{"id":1044,"href":"https:\/\/agora.xtec.cat\/ceipbufala\/wp-json\/wp\/v2\/pages\/1017\/revisions\/1044"}],"up":[{"embeddable":true,"href":"https:\/\/agora.xtec.cat\/ceipbufala\/wp-json\/wp\/v2\/pages\/64"}],"wp:attachment":[{"href":"https:\/\/agora.xtec.cat\/ceipbufala\/wp-json\/wp\/v2\/media?parent=1017"}],"curies":[{"name":"wp","href":"https:\/\/api.w.org\/{rel}","templated":true}]}}

<p>L’apadrinament lector és un projecte per treballar la lectura.  Els nens i nenes de Cicle Mitjà i Cicle Superior apadrinen nens i nenes de P4, P5 i Cicle Inicial. L’objectiu és doble, per una banda crear l’hàbit lector i fer-los gaudir amb la lectura i per una altra banda que els nens i nenes de Cicle Mitjà i Cicle Superior facin de model lector, alhora que adquireixen una responsabilitat en el procés lector. Amb aquest projecte també s’aconsegueix establir vincles entre alumnes de diferents edats, de forma molt motivadora en el procés d’aprenentatge de la lectoescriptura.</p>
<p>Els components de les parelles signen un contracte i al padrí se li lliura un quadernet per anotar les sessions treballades.</p>
<p>Les trobades es fan un cop al mes, i a més a més aquestes “parelles lectores” celebren juntes algunes festivitats com la Castanyada o el dia de Sant Jordi.</p>
<p><strong>OBJECTIUS:</strong></p>
<ol>
<li>Treballar regularment la lectura.</li>
<li>Fomentar la convivència.</li>
<li>Educar en la responsabilitat i en el compromís.</li>
<li>Treballar la cooperació entre els diferents nivell que participen.</li>
<li>Treballar diferents estratègies de lectura.</li>
<li>Promoure les situacions comunicatives, per fomentar el bon ús de la llengua vehicular de l’escola.</li>
</ol>
<p><a href="https://agora.xtec.cat/ceipbufala/wp-content/uploads/usu1674/2020/02/page-3.jpg"><img loading="lazy" decoding="async" class="alignnone  wp-image-1042" src="https://agora.xtec.cat/ceipbufala/wp-content/uploads/usu1674/2020/02/page-3.jpg" alt="" width="604" height="453" srcset="https://agora.xtec.cat/ceipbufala/wp-content/uploads/usu1674/2020/02/page-3.jpg 800w, https://agora.xtec.cat/ceipbufala/wp-content/uploads/usu1674/2020/02/page-3-300x225.jpg 300w, https://agora.xtec.cat/ceipbufala/wp-content/uploads/usu1674/2020/02/page-3-768x576.jpg 768w, https://agora.xtec.cat/ceipbufala/wp-content/uploads/usu1674/2020/02/page-3-200x150.jpg 200w" sizes="auto, (max-width: 604px) 100vw, 604px" /></a></p>

<p>L’apadrinament lector és un projecte per treballar la lectura.  Els nens i nenes de Cicle Mitjà i Cicle Superior apadrinen nens i nenes de P4, P5 i Cicle Inicial. L’objectiu és doble, per una banda crear l’hàbit lector i fer-los gaudir amb la lectura i&hellip;  <a href="https://agora.xtec.cat/ceipbufala/projecte-educatiu/apadrinament-lector/" title="Read Apadrinament lector">Llegeix més»</a></p>
