{"id":669,"date":"2018-10-25T13:41:51","date_gmt":"2018-10-25T11:41:51","guid":{"rendered":"http:\/\/agora.xtec.cat\/ceipbriudemeia\/?page_id=669"},"modified":"2026-01-27T17:02:31","modified_gmt":"2026-01-27T16:02:31","slug":"equip","status":"publish","type":"page","link":"https:\/\/agora.xtec.cat\/ceipbriudemeia\/lescola\/equip\/","title":{"rendered":"Equip"},"content":{"rendered":"<p><strong>EQUIP DIRECTIU<\/strong><br \/>\n<strong>Director:<\/strong> Joan M.<br \/>\n<strong>Cap d\u2019Estudis:<\/strong> Vanesa L.<br \/>\n<strong>Secretari<\/strong>: Marc P.<\/p>\n<p><strong>CLAUSTRE DE MESTRES:<\/strong><\/p>\n<p><strong>Educaci\u00f3 Infantil<\/strong><br \/>\n*<strong>Coordinadora Educaci\u00f3 Infantil:<\/strong> Laura A.<br \/>\n<strong>Tutors i tutores:<\/strong><br \/>\n<strong>I3:<\/strong> Meritxell P.<br \/>\n<strong>I4: <\/strong>Gemma C. \/ Gisela L.<br \/>\n<strong>I5: <\/strong>Eva Q.<strong><br \/>\nRefor\u00e7 infantil:<\/strong> Laura A.<\/p>\n<p><strong style=\"font-family: inherit; font-size: 1em;\">Educaci\u00f3 Prim\u00e0ria<\/strong><\/p>\n<p><strong>*Coordinadora de Prim\u00e0ria: <\/strong>Marga P.<strong><br \/>\n<\/strong> <strong>Tutors i tutores:<\/strong><br \/>\n<strong>1r: <\/strong>Marta Do.<br \/>\n<strong>2n: <\/strong>Marta Ce.<br \/>\n<strong>3r: <\/strong>Marta P.<strong>\u00a0<\/strong><br \/>\n<strong>4t: <\/strong>Xavier R. \/ Isabel del C.\u00a0 \u00a0 \u00a0\u00a0<strong><br \/>\n<\/strong><strong>5\u00e8:\u00a0<\/strong>Gemma P.<br \/>\n<strong>6\u00e8: <\/strong>Anna M.<\/p>\n<p><strong>Mestra d\u2019Atenci\u00f3 a la Diversitat: <\/strong>Fanny M.<br \/>\n<strong>Mestre de M\u00fasica:<\/strong> Joan M. i Xavier R.<br \/>\n<strong>Mestra d\u2019Educaci\u00f3 F\u00edsica: <\/strong>Marga P.<br \/>\n<strong>Mestres d\u2019Angl\u00e8s: <\/strong>Marc P., Marta P. i Anna M.<br \/>\n<strong>Mestra de Religi\u00f3: <\/strong>Marta M.<br \/>\n<strong>Psicopedagoga de l\u2019EAP<\/strong> (Equip d\u2019Assessorament Psicopedag\u00f2gic): Mireia<\/p>\n<p><strong>PERSONAL NO DOCENT<\/strong><br \/>\n<strong>Vetlladores<\/strong>: S\u00edlvia A. i Laura L.<br \/>\n<strong>Administrativa:<\/strong> Roser F.<br \/>\n<strong>Conserge:<\/strong> Xavier M.<\/p>\n","protected":false},"excerpt":{"rendered":"<p>EQUIP DIRECTIU Director: Joan M. Cap d\u2019Estudis: Vanesa L. Secretari: Marc P. CLAUSTRE DE MESTRES: Educaci\u00f3 Infantil *Coordinadora Educaci\u00f3 Infantil: Laura A. Tutors i tutores: I3: Meritxell P. I4: Gemma C. \/ Gisela L. I5: Eva Q. Refor\u00e7 infantil: Laura A. Educaci\u00f3 Prim\u00e0ria *Coordinadora de Prim\u00e0ria: Marga P. Tutors i tutores: 1r: Marta Do. 2n: [&hellip;]<\/p>\n","protected":false},"author":1,"featured_media":0,"parent":22,"menu_order":2,"comment_status":"closed","ping_status":"closed","template":"","meta":{"_bbp_topic_count":0,"_bbp_reply_count":0,"_bbp_total_topic_count":0,"_bbp_total_reply_count":0,"_bbp_voice_count":0,"_bbp_anonymous_reply_count":0,"_bbp_topic_count_hidden":0,"_bbp_reply_count_hidden":0,"_bbp_forum_subforum_count":0,"site-sidebar-layout":"default","site-content-layout":"","ast-site-content-layout":"default","site-content-style":"default","site-sidebar-style":"default","ast-global-header-display":"","ast-banner-title-visibility":"","ast-main-header-display":"","ast-hfb-above-header-display":"","ast-hfb-below-header-display":"","ast-hfb-mobile-header-display":"","site-post-title":"","ast-breadcrumbs-content":"","ast-featured-img":"","footer-sml-layout":"","theme-transparent-header-meta":"","adv-header-id-meta":"","stick-header-meta":"","header-above-stick-meta":"","header-main-stick-meta":"","header-below-stick-meta":"","astra-migrate-meta-layouts":"set","ast-page-background-enabled":"default","ast-page-background-meta":{"desktop":{"background-color":"var(--ast-global-color-4)","background-image":"","background-repeat":"repeat","background-position":"center center","background-size":"auto","background-attachment":"scroll","background-type":"","background-media":"","overlay-type":"","overlay-color":"","overlay-opacity":"","overlay-gradient":""},"tablet":{"background-color":"","background-image":"","background-repeat":"repeat","background-position":"center center","background-size":"auto","background-attachment":"scroll","background-type":"","background-media":"","overlay-type":"","overlay-color":"","overlay-opacity":"","overlay-gradient":""},"mobile":{"background-color":"","background-image":"","background-repeat":"repeat","background-position":"center center","background-size":"auto","background-attachment":"scroll","background-type":"","background-media":"","overlay-type":"","overlay-color":"","overlay-opacity":"","overlay-gradient":""}},"ast-content-background-meta":{"desktop":{"background-color":"var(--ast-global-color-5)","background-image":"","background-repeat":"repeat","background-position":"center center","background-size":"auto","background-attachment":"scroll","background-type":"","background-media":"","overlay-type":"","overlay-color":"","overlay-opacity":"","overlay-gradient":""},"tablet":{"background-color":"var(--ast-global-color-5)","background-image":"","background-repeat":"repeat","background-position":"center center","background-size":"auto","background-attachment":"scroll","background-type":"","background-media":"","overlay-type":"","overlay-color":"","overlay-opacity":"","overlay-gradient":""},"mobile":{"background-color":"var(--ast-global-color-5)","background-image":"","background-repeat":"repeat","background-position":"center center","background-size":"auto","background-attachment":"scroll","background-type":"","background-media":"","overlay-type":"","overlay-color":"","overlay-opacity":"","overlay-gradient":""}},"footnotes":""},"class_list":["post-669","page","type-page","status-publish","hentry"],"post_mailing_queue_ids":[],"_links":{"self":[{"href":"https:\/\/agora.xtec.cat\/ceipbriudemeia\/wp-json\/wp\/v2\/pages\/669","targetHints":{"allow":["GET"]}}],"collection":[{"href":"https:\/\/agora.xtec.cat\/ceipbriudemeia\/wp-json\/wp\/v2\/pages"}],"about":[{"href":"https:\/\/agora.xtec.cat\/ceipbriudemeia\/wp-json\/wp\/v2\/types\/page"}],"author":[{"embeddable":true,"href":"https:\/\/agora.xtec.cat\/ceipbriudemeia\/wp-json\/wp\/v2\/users\/1"}],"replies":[{"embeddable":true,"href":"https:\/\/agora.xtec.cat\/ceipbriudemeia\/wp-json\/wp\/v2\/comments?post=669"}],"version-history":[{"count":6,"href":"https:\/\/agora.xtec.cat\/ceipbriudemeia\/wp-json\/wp\/v2\/pages\/669\/revisions"}],"predecessor-version":[{"id":3284,"href":"https:\/\/agora.xtec.cat\/ceipbriudemeia\/wp-json\/wp\/v2\/pages\/669\/revisions\/3284"}],"up":[{"embeddable":true,"href":"https:\/\/agora.xtec.cat\/ceipbriudemeia\/wp-json\/wp\/v2\/pages\/22"}],"wp:attachment":[{"href":"https:\/\/agora.xtec.cat\/ceipbriudemeia\/wp-json\/wp\/v2\/media?parent=669"}],"curies":[{"name":"wp","href":"https:\/\/api.w.org\/{rel}","templated":true}]}}

<p><strong>EQUIP DIRECTIU</strong><br />
<strong>Director:</strong> Joan M.<br />
<strong>Cap d’Estudis:</strong> Vanesa L.<br />
<strong>Secretari</strong>: Marc P.</p>
<p><strong>CLAUSTRE DE MESTRES:</strong></p>
<p><strong>Educació Infantil</strong><br />
*<strong>Coordinadora Educació Infantil:</strong> Laura A.<br />
<strong>Tutors i tutores:</strong><br />
<strong>I3:</strong> Meritxell P.<br />
<strong>I4: </strong>Gemma C. / Gisela L.<br />
<strong>I5: </strong>Eva Q.<strong><br />
Reforç infantil:</strong> Laura A.</p>
<p><strong style="font-family: inherit; font-size: 1em;">Educació Primària</strong></p>
<p><strong>*Coordinadora de Primària: </strong>Marga P.<strong><br />
</strong> <strong>Tutors i tutores:</strong><br />
<strong>1r: </strong>Marta Do.<br />
<strong>2n: </strong>Marta Ce.<br />
<strong>3r: </strong>Marta P.<strong> </strong><br />
<strong>4t: </strong>Xavier R. / Isabel del C.      <strong><br />
</strong><strong>5è: </strong>Gemma P.<br />
<strong>6è: </strong>Anna M.</p>
<p><strong>Mestra d’Atenció a la Diversitat: </strong>Fanny M.<br />
<strong>Mestre de Música:</strong> Joan M. i Xavier R.<br />
<strong>Mestra d’Educació Física: </strong>Marga P.<br />
<strong>Mestres d’Anglès: </strong>Marc P., Marta P. i Anna M.<br />
<strong>Mestra de Religió: </strong>Marta M.<br />
<strong>Psicopedagoga de l’EAP</strong> (Equip d’Assessorament Psicopedagògic): Mireia</p>
<p><strong>PERSONAL NO DOCENT</strong><br />
<strong>Vetlladores</strong>: Sílvia A. i Laura L.<br />
<strong>Administrativa:</strong> Roser F.<br />
<strong>Conserge:</strong> Xavier M.</p>

<p>EQUIP DIRECTIU Director: Joan M. Cap d’Estudis: Vanesa L. Secretari: Marc P. CLAUSTRE DE MESTRES: Educació Infantil *Coordinadora Educació Infantil: Laura A. Tutors i tutores: I3: Meritxell P. I4: Gemma C. / Gisela L. I5: Eva Q. Reforç infantil: Laura A. Educació Primària *Coordinadora de Primària: Marga P. Tutors i tutores: 1r: Marta Do. 2n: [&hellip;]</p>
