{"id":22,"date":"2014-09-18T12:19:57","date_gmt":"2014-09-18T11:19:57","guid":{"rendered":"http:\/\/agora.xtec.cat\/ceipbriudemeia\/?page_id=22"},"modified":"2026-03-12T09:21:17","modified_gmt":"2026-03-12T08:21:17","slug":"lescola","status":"publish","type":"page","link":"https:\/\/agora.xtec.cat\/ceipbriudemeia\/lescola\/","title":{"rendered":"L&#8217;escola"},"content":{"rendered":"<p>La nostra escola, Bernat de Riudemeia, es troba al centre d&#8217;Argentona (Barcelona) i t\u00e9 uns 190 alumnes. \u00c9s una escola d\u2019una sola l\u00ednia, situada en un edifici emblem\u00e0tic del 1932. L\u2019escola mant\u00e9 una matriculaci\u00f3 for\u00e7a estable malgrat la devallada demogr\u00e0fica. Conservem els nou nivells, des d&#8217;I3 a 6\u00e8. Consta de dos edificis, un acull l\u2019alumnat d\u2019educaci\u00f3 infantil i l\u2019altre l\u2019alumnat de prim\u00e0ria. Hi ha un pati de sorra i una pista poliesportiva de formig\u00f3.<\/p>\n\n\n<p><strong>Una mica d&#8217;hist\u00f2ria<\/strong><\/p>\n\n\n\n<p>A Argentona, fins que es va posar en servei l&#8217;escola Bernat de Riudemeia, hi havia dues escoles, una per nens i una per nenes. El consistori, en \u00e8poca de la dictadura de Miguel Primo de Rivera (1923-1930), es va plantejar la possibilitat de construir una escola unit\u00e0ria, per nens i nenes.<\/p>\n\n\n\n<p>A tal fi van contactar amb un prestigi\u00f3s arquitecte de Barcelona, Jeroni Martorell i Terrats (1877-1951). Martorell havia fet importants edificis com ara la seu de la Caixa de Sabadell, i tamb\u00e9 restaurat conjunts monumentals com ara el Monestir de Poblet, el de Sant Cugat i el de Sant Pere de Rodes. A partir de 1915 project\u00e0 edificis per a institucions p\u00fabliques, sobretot escoles, on segueix els postulats de renovaci\u00f3 pedag\u00f2gica impulsats per la Mancomunitat de Catalunya (1914-1925). Exemples d&#8217;aquesta pedagogia d&#8217;avantguarda aplicada als edificis escolars s\u00f3n els projectes de Granollers, Calella, Torroella de Montgr\u00ed, Vilob\u00ed, Banyoles, Batea, S\u00faria, Sant Joan de les Abadeses, Ribes de Freser i Vilassar de Dalt, executats entre 1917 i 1925. El 1927 l&#8217;ajuntament li va encarreg\u00e0 el projecte de les escoles p\u00fabliques d&#8217;Argentona, projecte que va deix\u00e0 executat el 1928. El cost del projecte de l&#8217;arquitecte era de 2.396 pessetes, que Martorell va haver de reclamar a l&#8217;alcalde Jaume Abril l&#8217;agost de 1928 en no haver cobrat. El 1929 Martorell fou nomenat arquitecte conservador de Monuments del &#8220;Ministerio de Instrucci\u00f3n P\u00fablica&#8221;<\/p>\n\n\n\n<p>El projecte inicial preveia de construir l&#8217;escola a tocar del gas\u00f2metre, que estava situat una mica m\u00e9s avall d&#8217;all\u00e0 on avui hi ha aproximadament el tramvia. En sessi\u00f3 plen\u00e0ria de 18 de juliol de 1929 l&#8217;ajuntament dona compte de l&#8217;aprovaci\u00f3 per part del Ministeri del &#8220;proyecto de construcci\u00f3n de un edificio de nueva planta con destino a dos escuelas graduadas, una para ni\u00f1os y otra para ni\u00f1as, de tres secciones cada una&#8221;. L&#8217;import de l&#8217;adjudicaci\u00f3 era de 60.000 ptes. L&#8217;escola estaria atesa per &#8220;cuatro maestros nacionales, cuyas plazas han de crearse&#8221; els quals gaudirien de &#8220;casa-habitaci\u00f3n o consigaci\u00f3n adequada para alquileres de los nuevos maestros que se nombren&#8221;1. Per\u00f2 la &#8220;Direcci\u00f3n General de Primera Ense\u00f1anza&#8221; va refusar l&#8217;empla\u00e7ament per la proximitat amb el gas\u00f2metre. Aleshores, el consistori decideix en Sessi\u00f3 plen\u00e0ria de 10 de gener de 1930 de traslladar l&#8217;escola al carrer del Pont (actual carrer Bernat de Riudameia), en uns terrenys sense urbanitzar, proposta acceptada pel director general el mar\u00e7 de 1930. Abans de formalitzar el tr\u00e0mit el consistori comunica al propietari dels terrenys, el Sr. Manuel Gallifa i Grenzner que digui quin preu aspira a cobrar per l&#8217;expropiaci\u00f3 dels terrenys.<\/p>\n\n\n\n<p>Les obres deurien comen\u00e7ar el segon semestre del 1930. A finals del 1931 sembla ser que les escoles estaven gaireb\u00e9 enllestides, tal i com un reflecteix un extracte d&#8217;una acta municipal en refer\u00e8ncia a la construcci\u00f3 de la tanca del recinte: &#8220;per a resoldre definitivament la q\u00fcesti\u00f3 referent a la tanca del Grup Escolar recentment constru\u00eft en la fatxada que dona al carrer de Bernat de Riudameia&#8221; 3. Amb aquesta acta constatem tamb\u00e9 que s&#8217;havia canviat el nom del carrer, obviant el del carrer Pont per l&#8217;actual de Bernat de Riudameia, que sens dubte donaria nom a l&#8217;escola.<\/p>\n\n\n\n<p>El mes de juny de 1930 l&#8217;alcalde, Josep Calvet i Mora, demana a l&#8217;Inspector Provincial de Primera Ensenyan\u00e7a que sol\u00b7liciti a la &#8220;Direcci\u00f3n General de Primera Ense\u00f1anza&#8221; l&#8217;aprovaci\u00f3 de l&#8217;expedient de graduaci\u00f3 de l&#8217;escola p\u00fablica d&#8217;Argentona: &#8220;hall\u00e1ndose pr\u00f3ximas a su terminaci\u00f3n las obras de construcci\u00f3n de un Grupo Escolar, aprobado por R.D. de quince de abril de mil novecientos veintinueve, de dos Escuelas Graduadas, una para ni\u00f1os y otra para ni\u00f1as\u2026&#8221; 4. Aleshores la vila tenia 2.615 habitants. La tradici\u00f3 diu que les escoles foren inaugurades pel President Francesc Maci\u00e0, el qual visit\u00e0 la vila el 6 d&#8217;agost de 1932. No descartem que efectivament es fes una inauguraci\u00f3 institucional aquell dia, per\u00f2 la inauguraci\u00f3 oficial fou, segons dades de la Margarita Colomer, el 22 d&#8217;octubre de 1932.<\/p>\n\n\n\n<p>A tall de curiositat mostrarem el calendari escolar, segons proposta del Consell Provincial de Barcelona, del primer curs de l&#8217;escola, el curs 1932-1933. Es podr\u00e0 observar que els nostre infants de la Rep\u00fablica feien forces m\u00e9s hores lectives que en l&#8217;actualitat, b\u00e0sicament perqu\u00e8 s&#8217;anava a escola els dissabtes i les vacances d&#8217;estiu comen\u00e7aven molt m\u00e9s tard :<br>&#8211; Vacances d&#8217;hivern: del 24 de desembre al 5 de gener, ambd\u00f3s inclosos.<br>&#8211; Vacances d&#8217;estiu: del 18 de juliol al 15 de setembre, ambd\u00f3s inclosos.<br>&#8211; Vacances de primavera: els 1, 2 i 3 d&#8217;abril.<br>&#8211; Festes civils: 11 de febrer, 14 d&#8217;abril, 1er mig, 12 octubre i tots els diumenges de l&#8217;any.<br>&#8211; Dia 6 de gener, festa tradicional dels infants.<br>&#8211; Dia 19 de mar\u00e7, festa pel Comer\u00e7 i la Ind\u00fastria. Dilluns de la primera pasqua.<br>&#8211; Dilluns de la segona pasqua.<br>&#8211; El 29 de juny, festa pel Comer\u00e7 i la Ind\u00fastria.<br>&#8211; El 1er de novembre, festa pel Comer\u00e7 i la Ind\u00fastria.<br>&#8211; La duraci\u00f3 de la tasca di\u00e0ria escolar ha d&#8217;\u00e9sser de cinc hores i ateses les circumst\u00e0ncies de la ciutat (Matar\u00f3) seran: dos hores i mitja pel mat\u00ed i dos hores i mitja per la tarda, amb un descans per cada sessi\u00f3; disposant-se que les hores de les 9 i dos quarts de 3 siguin les que regulin el comen\u00e7ament de les classes pel mat\u00ed i tarda respectivament.<\/p>\n\n\n\n<p>La celebraci\u00f3 del 50\u00e8 aniversari el 1983 ha fet &#8220;despistar&#8221; la comissi\u00f3 de festes que s&#8217;ha celebrat aquest 2008, vint-i- cinc anys despr\u00e9s. Que serveixi aquestes notes per marcar en el calendari que el centenari s&#8217;haur\u00e0 de fer el 2032\u2026<\/p>\n","protected":false},"excerpt":{"rendered":"<p>La nostra escola, Bernat de Riudemeia, es troba al centre d&#8217;Argentona (Barcelona) i t\u00e9 uns 190 alumnes. \u00c9s una escola d\u2019una sola l\u00ednia, situada en un edifici emblem\u00e0tic del 1932. L\u2019escola mant\u00e9 una matriculaci\u00f3 for\u00e7a estable malgrat la devallada demogr\u00e0fica. Conservem els nou nivells, des d&#8217;I3 a 6\u00e8. Consta de dos edificis, un acull l\u2019alumnat [&hellip;]<\/p>\n","protected":false},"author":1,"featured_media":0,"parent":0,"menu_order":0,"comment_status":"closed","ping_status":"closed","template":"","meta":{"_bbp_topic_count":0,"_bbp_reply_count":0,"_bbp_total_topic_count":0,"_bbp_total_reply_count":0,"_bbp_voice_count":0,"_bbp_anonymous_reply_count":0,"_bbp_topic_count_hidden":0,"_bbp_reply_count_hidden":0,"_bbp_forum_subforum_count":0,"site-sidebar-layout":"default","site-content-layout":"","ast-site-content-layout":"default","site-content-style":"default","site-sidebar-style":"default","ast-global-header-display":"","ast-banner-title-visibility":"","ast-main-header-display":"","ast-hfb-above-header-display":"","ast-hfb-below-header-display":"","ast-hfb-mobile-header-display":"","site-post-title":"","ast-breadcrumbs-content":"","ast-featured-img":"","footer-sml-layout":"","theme-transparent-header-meta":"","adv-header-id-meta":"","stick-header-meta":"","header-above-stick-meta":"","header-main-stick-meta":"","header-below-stick-meta":"","astra-migrate-meta-layouts":"set","ast-page-background-enabled":"default","ast-page-background-meta":{"desktop":{"background-color":"var(--ast-global-color-4)","background-image":"","background-repeat":"repeat","background-position":"center center","background-size":"auto","background-attachment":"scroll","background-type":"","background-media":"","overlay-type":"","overlay-color":"","overlay-opacity":"","overlay-gradient":""},"tablet":{"background-color":"","background-image":"","background-repeat":"repeat","background-position":"center center","background-size":"auto","background-attachment":"scroll","background-type":"","background-media":"","overlay-type":"","overlay-color":"","overlay-opacity":"","overlay-gradient":""},"mobile":{"background-color":"","background-image":"","background-repeat":"repeat","background-position":"center center","background-size":"auto","background-attachment":"scroll","background-type":"","background-media":"","overlay-type":"","overlay-color":"","overlay-opacity":"","overlay-gradient":""}},"ast-content-background-meta":{"desktop":{"background-color":"var(--ast-global-color-5)","background-image":"","background-repeat":"repeat","background-position":"center center","background-size":"auto","background-attachment":"scroll","background-type":"","background-media":"","overlay-type":"","overlay-color":"","overlay-opacity":"","overlay-gradient":""},"tablet":{"background-color":"var(--ast-global-color-5)","background-image":"","background-repeat":"repeat","background-position":"center center","background-size":"auto","background-attachment":"scroll","background-type":"","background-media":"","overlay-type":"","overlay-color":"","overlay-opacity":"","overlay-gradient":""},"mobile":{"background-color":"var(--ast-global-color-5)","background-image":"","background-repeat":"repeat","background-position":"center center","background-size":"auto","background-attachment":"scroll","background-type":"","background-media":"","overlay-type":"","overlay-color":"","overlay-opacity":"","overlay-gradient":""}},"footnotes":""},"class_list":["post-22","page","type-page","status-publish","hentry"],"post_mailing_queue_ids":[],"_links":{"self":[{"href":"https:\/\/agora.xtec.cat\/ceipbriudemeia\/wp-json\/wp\/v2\/pages\/22","targetHints":{"allow":["GET"]}}],"collection":[{"href":"https:\/\/agora.xtec.cat\/ceipbriudemeia\/wp-json\/wp\/v2\/pages"}],"about":[{"href":"https:\/\/agora.xtec.cat\/ceipbriudemeia\/wp-json\/wp\/v2\/types\/page"}],"author":[{"embeddable":true,"href":"https:\/\/agora.xtec.cat\/ceipbriudemeia\/wp-json\/wp\/v2\/users\/1"}],"replies":[{"embeddable":true,"href":"https:\/\/agora.xtec.cat\/ceipbriudemeia\/wp-json\/wp\/v2\/comments?post=22"}],"version-history":[{"count":6,"href":"https:\/\/agora.xtec.cat\/ceipbriudemeia\/wp-json\/wp\/v2\/pages\/22\/revisions"}],"predecessor-version":[{"id":3469,"href":"https:\/\/agora.xtec.cat\/ceipbriudemeia\/wp-json\/wp\/v2\/pages\/22\/revisions\/3469"}],"wp:attachment":[{"href":"https:\/\/agora.xtec.cat\/ceipbriudemeia\/wp-json\/wp\/v2\/media?parent=22"}],"curies":[{"name":"wp","href":"https:\/\/api.w.org\/{rel}","templated":true}]}}

<p>La nostra escola, Bernat de Riudemeia, es troba al centre d&#8217;Argentona (Barcelona) i té uns 190 alumnes. És una escola d’una sola línia, situada en un edifici emblemàtic del 1932. L’escola manté una matriculació força estable malgrat la devallada demogràfica. Conservem els nou nivells, des d&#8217;I3 a 6è. Consta de dos edificis, un acull l’alumnat d’educació infantil i l’altre l’alumnat de primària. Hi ha un pati de sorra i una pista poliesportiva de formigó.</p>


<p><strong>Una mica d&#8217;història</strong></p>



<p>A Argentona, fins que es va posar en servei l&#8217;escola Bernat de Riudemeia, hi havia dues escoles, una per nens i una per nenes. El consistori, en època de la dictadura de Miguel Primo de Rivera (1923-1930), es va plantejar la possibilitat de construir una escola unitària, per nens i nenes.</p>



<p>A tal fi van contactar amb un prestigiós arquitecte de Barcelona, Jeroni Martorell i Terrats (1877-1951). Martorell havia fet importants edificis com ara la seu de la Caixa de Sabadell, i també restaurat conjunts monumentals com ara el Monestir de Poblet, el de Sant Cugat i el de Sant Pere de Rodes. A partir de 1915 projectà edificis per a institucions públiques, sobretot escoles, on segueix els postulats de renovació pedagògica impulsats per la Mancomunitat de Catalunya (1914-1925). Exemples d&#8217;aquesta pedagogia d&#8217;avantguarda aplicada als edificis escolars són els projectes de Granollers, Calella, Torroella de Montgrí, Vilobí, Banyoles, Batea, Súria, Sant Joan de les Abadeses, Ribes de Freser i Vilassar de Dalt, executats entre 1917 i 1925. El 1927 l&#8217;ajuntament li va encarregà el projecte de les escoles públiques d&#8217;Argentona, projecte que va deixà executat el 1928. El cost del projecte de l&#8217;arquitecte era de 2.396 pessetes, que Martorell va haver de reclamar a l&#8217;alcalde Jaume Abril l&#8217;agost de 1928 en no haver cobrat. El 1929 Martorell fou nomenat arquitecte conservador de Monuments del &#8220;Ministerio de Instrucción Pública&#8221;</p>



<p>El projecte inicial preveia de construir l&#8217;escola a tocar del gasòmetre, que estava situat una mica més avall d&#8217;allà on avui hi ha aproximadament el tramvia. En sessió plenària de 18 de juliol de 1929 l&#8217;ajuntament dona compte de l&#8217;aprovació per part del Ministeri del &#8220;proyecto de construcción de un edificio de nueva planta con destino a dos escuelas graduadas, una para niños y otra para niñas, de tres secciones cada una&#8221;. L&#8217;import de l&#8217;adjudicació era de 60.000 ptes. L&#8217;escola estaria atesa per &#8220;cuatro maestros nacionales, cuyas plazas han de crearse&#8221; els quals gaudirien de &#8220;casa-habitación o consigación adequada para alquileres de los nuevos maestros que se nombren&#8221;1. Però la &#8220;Dirección General de Primera Enseñanza&#8221; va refusar l&#8217;emplaçament per la proximitat amb el gasòmetre. Aleshores, el consistori decideix en Sessió plenària de 10 de gener de 1930 de traslladar l&#8217;escola al carrer del Pont (actual carrer Bernat de Riudameia), en uns terrenys sense urbanitzar, proposta acceptada pel director general el març de 1930. Abans de formalitzar el tràmit el consistori comunica al propietari dels terrenys, el Sr. Manuel Gallifa i Grenzner que digui quin preu aspira a cobrar per l&#8217;expropiació dels terrenys.</p>



<p>Les obres deurien començar el segon semestre del 1930. A finals del 1931 sembla ser que les escoles estaven gairebé enllestides, tal i com un reflecteix un extracte d&#8217;una acta municipal en referència a la construcció de la tanca del recinte: &#8220;per a resoldre definitivament la qüestió referent a la tanca del Grup Escolar recentment construït en la fatxada que dona al carrer de Bernat de Riudameia&#8221; 3. Amb aquesta acta constatem també que s&#8217;havia canviat el nom del carrer, obviant el del carrer Pont per l&#8217;actual de Bernat de Riudameia, que sens dubte donaria nom a l&#8217;escola.</p>



<p>El mes de juny de 1930 l&#8217;alcalde, Josep Calvet i Mora, demana a l&#8217;Inspector Provincial de Primera Ensenyança que sol·liciti a la &#8220;Dirección General de Primera Enseñanza&#8221; l&#8217;aprovació de l&#8217;expedient de graduació de l&#8217;escola pública d&#8217;Argentona: &#8220;hallándose próximas a su terminación las obras de construcción de un Grupo Escolar, aprobado por R.D. de quince de abril de mil novecientos veintinueve, de dos Escuelas Graduadas, una para niños y otra para niñas…&#8221; 4. Aleshores la vila tenia 2.615 habitants. La tradició diu que les escoles foren inaugurades pel President Francesc Macià, el qual visità la vila el 6 d&#8217;agost de 1932. No descartem que efectivament es fes una inauguració institucional aquell dia, però la inauguració oficial fou, segons dades de la Margarita Colomer, el 22 d&#8217;octubre de 1932.</p>



<p>A tall de curiositat mostrarem el calendari escolar, segons proposta del Consell Provincial de Barcelona, del primer curs de l&#8217;escola, el curs 1932-1933. Es podrà observar que els nostre infants de la República feien forces més hores lectives que en l&#8217;actualitat, bàsicament perquè s&#8217;anava a escola els dissabtes i les vacances d&#8217;estiu començaven molt més tard :<br>&#8211; Vacances d&#8217;hivern: del 24 de desembre al 5 de gener, ambdós inclosos.<br>&#8211; Vacances d&#8217;estiu: del 18 de juliol al 15 de setembre, ambdós inclosos.<br>&#8211; Vacances de primavera: els 1, 2 i 3 d&#8217;abril.<br>&#8211; Festes civils: 11 de febrer, 14 d&#8217;abril, 1er mig, 12 octubre i tots els diumenges de l&#8217;any.<br>&#8211; Dia 6 de gener, festa tradicional dels infants.<br>&#8211; Dia 19 de març, festa pel Comerç i la Indústria. Dilluns de la primera pasqua.<br>&#8211; Dilluns de la segona pasqua.<br>&#8211; El 29 de juny, festa pel Comerç i la Indústria.<br>&#8211; El 1er de novembre, festa pel Comerç i la Indústria.<br>&#8211; La duració de la tasca diària escolar ha d&#8217;ésser de cinc hores i ateses les circumstàncies de la ciutat (Mataró) seran: dos hores i mitja pel matí i dos hores i mitja per la tarda, amb un descans per cada sessió; disposant-se que les hores de les 9 i dos quarts de 3 siguin les que regulin el començament de les classes pel matí i tarda respectivament.</p>



<p>La celebració del 50è aniversari el 1983 ha fet &#8220;despistar&#8221; la comissió de festes que s&#8217;ha celebrat aquest 2008, vint-i- cinc anys després. Que serveixi aquestes notes per marcar en el calendari que el centenari s&#8217;haurà de fer el 2032…</p>

<p>La nostra escola, Bernat de Riudemeia, es troba al centre d&#8217;Argentona (Barcelona) i té uns 190 alumnes. És una escola d’una sola línia, situada en un edifici emblemàtic del 1932. L’escola manté una matriculació força estable malgrat la devallada demogràfica. Conservem els nou nivells, des d&#8217;I3 a 6è. Consta de dos edificis, un acull l’alumnat [&hellip;]</p>
