{"id":2865,"date":"2018-01-31T10:08:14","date_gmt":"2018-01-31T09:08:14","guid":{"rendered":"http:\/\/agora.xtec.cat\/ceipbordils\/?page_id=2865"},"modified":"2018-02-07T11:04:25","modified_gmt":"2018-02-07T10:04:25","slug":"recomanacions","status":"publish","type":"page","link":"https:\/\/agora.xtec.cat\/ceipbordils\/perpensar\/recomanacions\/","title":{"rendered":"Recomanacions"},"content":{"rendered":"<h2>On trobar bons llibres<\/h2>\n<ul>\n<li><a href=\"http:\/\/descobrintlij.blogspot.com.es\/search\/label\/llibres\" target=\"_blank\" rel=\"noopener noreferrer\">Descobrint Literatura Infantil i Juvenil<\/a>\u00a0Grup LIJ<\/li>\n<li><a href=\"http:\/\/www.edu365.cat\/vadellibres\" target=\"_blank\" rel=\"noopener noreferrer\">Va de llibres<\/a>\u00a0Recomanen un llibre al mes (Edu365.com)<\/li>\n<li><a href=\"http:\/\/www.clijcat.cat\/faristol\/paginas\/\" target=\"_blank\" rel=\"noopener noreferrer\">Revista Faristol<\/a>\u00a0Revista del llibre per infants i joves del Consell Catal\u00e0.<\/li>\n<li><a href=\"http:\/\/llibresalrepla.cat\/\" target=\"_blank\" rel=\"noopener noreferrer\">Llibres al repl\u00e0:<\/a>\u00a0Espai d\u2019opini\u00f3, estudi, reflexi\u00f3 i informaci\u00f3 de bons llibres.<\/li>\n<li><a href=\"http:\/\/llibreriaallots.blogspot.com.es\/\" target=\"_blank\" rel=\"noopener noreferrer\">Llibreria Al\u00b7lots<\/a>\u00a0Ressenyes de llibres infantils<\/li>\n<\/ul>\n<h2>Editorials interessants:<\/h2>\n<p><a href=\"http:\/\/www.animallibres.cat\/\" target=\"_blank\" rel=\"noopener noreferrer\">Animallibres<\/a><\/p>\n<p><a href=\"http:\/\/www.takatuka.cat\/inici.php?idioma=cat\" target=\"_blank\" rel=\"noopener noreferrer\">Takatuka<\/a><\/p>\n<p><a href=\"http:\/\/www.corimbo.es\/\" target=\"_blank\" rel=\"noopener noreferrer\">Corimbo<\/a><\/p>\n<p><a href=\"http:\/\/www.kalandraka.com\/es\/novedades\/\" target=\"_blank\" rel=\"noopener noreferrer\">Kalandraka<\/a><\/p>\n<p><a href=\"http:\/\/andana.net\/\" target=\"_blank\" rel=\"noopener noreferrer\">ANDANA<\/a><\/p>\n<p><a href=\"http:\/\/piscinaunpetitocea.org\/\" target=\"_blank\" rel=\"noopener noreferrer\">Piscina un petit oce\u00e0<\/a><\/p>\n<h2>Webs de lectura:<\/h2>\n<p><a href=\"http:\/\/leer.es\/\">LEER.ES<\/a><\/p>\n<p><a href=\"http:\/\/www20.gencat.cat\/portal\/site\/familiaescola\/menuitem.5b21aabe12191ad9aacf3010b0c0e1a0\/?vgnextoid=219cee33b5ae3310VgnVCM2000009b0c1e0aRCRD&amp;vgnextchannel=219cee33b5ae3310VgnVCM2000009b0c1e0aRCRD&amp;vgnextfmt=default\">Familia i Escola (Generalitat)<\/a><\/p>\n<p><a href=\"http:\/\/bibliopoemes.blogspot.com.es\/\">Poesia Infantil i Juvenil<\/a><\/p>\n<p><a href=\"http:\/\/familias.leer.es\/category\/10-ideas-padres\/\">10 ideas para crear buenos lectores\u00a0<\/a><\/p>\n<p><a href=\"http:\/\/familias.leer.es\/files\/2010\/07\/art_fam_10consejosparaseleccionarlaslecturas_gemmalluch.pdf\">10 consejos para seleccionar las lecturas<\/a><\/p>\n","protected":false},"excerpt":{"rendered":"<p>On trobar bons llibres<\/p>\n<ul>\n<li><a href=\"http:\/\/descobrintlij.blogspot.com.es\/search\/label\/llibres\" target=\"_blank\" rel=\"noopener noreferrer\">Descobrint Literatura Infantil i Juvenil<\/a>\u00a0Grup LIJ<\/li>\n<li><a href=\"http:\/\/www.edu365.cat\/vadellibres\" target=\"_blank\" rel=\"noopener noreferrer\">Va de llibres<\/a>\u00a0Recomanen un llibre al mes (Edu365.com)<\/li>\n<li><a href=\"http:\/\/www.clijcat.cat\/faristol\/paginas\/\" target=\"_blank\" rel=\"noopener noreferrer\">Revista Faristol<\/a>\u00a0Revista del llibre per infants i joves del Consell Catal\u00e0.<\/li>\n<li><a href=\"http:\/\/llibresalrepla.cat\/\" target=\"_blank\" rel=\"noopener noreferrer\">Llibres al repl\u00e0:<\/a>\u00a0Espai d\u2019opini\u00f3,&hellip;  <a href=\"https:\/\/agora.xtec.cat\/ceipbordils\/perpensar\/recomanacions\/\" title=\"Read Recomanacions\">Llegeix m\u00e9s\u00bb<\/a><br \/>\n","protected":false},"author":1,"featured_media":0,"parent":71,"menu_order":20,"comment_status":"closed","ping_status":"closed","template":"page-templates\/side-menu.php","meta":{"_bbp_topic_count":0,"_bbp_reply_count":0,"_bbp_total_topic_count":0,"_bbp_total_reply_count":0,"_bbp_voice_count":0,"_bbp_anonymous_reply_count":0,"_bbp_topic_count_hidden":0,"_bbp_reply_count_hidden":0,"_bbp_forum_subforum_count":0,"footnotes":""},"class_list":["post-2865","page","type-page","status-publish","hentry"],"post_mailing_queue_ids":[],"_links":{"self":[{"href":"https:\/\/agora.xtec.cat\/ceipbordils\/wp-json\/wp\/v2\/pages\/2865","targetHints":{"allow":["GET"]}}],"collection":[{"href":"https:\/\/agora.xtec.cat\/ceipbordils\/wp-json\/wp\/v2\/pages"}],"about":[{"href":"https:\/\/agora.xtec.cat\/ceipbordils\/wp-json\/wp\/v2\/types\/page"}],"author":[{"embeddable":true,"href":"https:\/\/agora.xtec.cat\/ceipbordils\/wp-json\/wp\/v2\/users\/1"}],"replies":[{"embeddable":true,"href":"https:\/\/agora.xtec.cat\/ceipbordils\/wp-json\/wp\/v2\/comments?post=2865"}],"version-history":[{"count":3,"href":"https:\/\/agora.xtec.cat\/ceipbordils\/wp-json\/wp\/v2\/pages\/2865\/revisions"}],"predecessor-version":[{"id":2950,"href":"https:\/\/agora.xtec.cat\/ceipbordils\/wp-json\/wp\/v2\/pages\/2865\/revisions\/2950"}],"up":[{"embeddable":true,"href":"https:\/\/agora.xtec.cat\/ceipbordils\/wp-json\/wp\/v2\/pages\/71"}],"wp:attachment":[{"href":"https:\/\/agora.xtec.cat\/ceipbordils\/wp-json\/wp\/v2\/media?parent=2865"}],"curies":[{"name":"wp","href":"https:\/\/api.w.org\/{rel}","templated":true}]}}