{"id":36,"date":"2014-09-18T12:33:11","date_gmt":"2014-09-18T10:33:11","guid":{"rendered":"http:\/\/agora.xtec.cat\/ceipbonavista-bellcaire-urgell\/?page_id=36"},"modified":"2025-09-08T14:05:06","modified_gmt":"2025-09-08T12:05:06","slug":"material-escolar","status":"publish","type":"page","link":"https:\/\/agora.xtec.cat\/ceipbonavista-bellcaire-urgell\/lescola\/material-escolar\/","title":{"rendered":"Material escolar"},"content":{"rendered":"<p>&nbsp;<\/p>\n<table style=\"height: 415px; width: 29.7719%; border-collapse: collapse; border-color: #000000; background-color: #b8f2ee;\">\n<tbody>\n<tr style=\"height: 33px;\">\n<td style=\"width: 13.5514%; height: 33px;\">\n<h3><strong>EDUCACI\u00d3 INFANTIL<\/strong><\/h3>\n<\/td>\n<\/tr>\n<tr style=\"height: 33px;\">\n<td style=\"width: 13.5514%; height: 33px;\">\n<h4><a href=\"https:\/\/drive.google.com\/file\/d\/1wL31eh9huQxmGlY4Tgn57EAqvGFbNs1E\/view?usp=drive_link\">EI 3<\/a><\/h4>\n<\/td>\n<\/tr>\n<tr style=\"height: 33px;\">\n<td style=\"width: 13.5514%; height: 33px;\">\n<h4><a href=\"https:\/\/drive.google.com\/file\/d\/15q86IZzueN9vnXROQ8tYr9A6vntmcqLN\/view?usp=drive_link\">EI 4<\/a><\/h4>\n<\/td>\n<\/tr>\n<tr style=\"height: 33px;\">\n<td style=\"width: 13.5514%; height: 33px;\">\n<h4><a href=\"https:\/\/drive.google.com\/file\/d\/1rD1aWLMl_xyD2grr6m1m-V2q2n-LXOln\/view?usp=drive_link\">EI 5<\/a><\/h4>\n<\/td>\n<\/tr>\n<tr style=\"height: 33px;\">\n<td style=\"width: 13.5514%; height: 33px;\">\n<h3><strong>PRIM\u00c0RIA<\/strong><\/h3>\n<\/td>\n<\/tr>\n<tr style=\"height: 33px;\">\n<td style=\"width: 13.5514%; height: 33px;\">\n<h4><a href=\"https:\/\/drive.google.com\/file\/d\/1BhHep7SwpCkPQIFJGCClBtVu1U_C3xPV\/view?usp=drive_link\">1r<\/a><\/h4>\n<\/td>\n<\/tr>\n<tr style=\"height: 33px;\">\n<td style=\"width: 13.5514%; height: 33px;\">\n<h4><a href=\"https:\/\/drive.google.com\/file\/d\/1iuKC-iHc-sLHLGJ0zv2meON-3yoHB4Sr\/view?usp=drive_link\">2n<\/a><\/h4>\n<\/td>\n<\/tr>\n<tr style=\"height: 33px;\">\n<td style=\"width: 13.5514%; height: 33px;\">\n<h4><a href=\"https:\/\/drive.google.com\/file\/d\/1wCWIfF06G2i8VtNMiZ4cTXOmfAY-anSZ\/view?usp=drive_link\">3r<\/a><\/h4>\n<\/td>\n<\/tr>\n<tr style=\"height: 33px;\">\n<td style=\"width: 13.5514%; height: 33px;\">\n<h4><a href=\"https:\/\/drive.google.com\/file\/d\/1CTTtJ1JNhgAyh058scD5HmZl47iLfoSv\/view?usp=drive_link\">4t<\/a><\/h4>\n<\/td>\n<\/tr>\n<tr style=\"height: 59px;\">\n<td style=\"width: 13.5514%; height: 59px;\">\n<h4><a href=\"https:\/\/drive.google.com\/file\/d\/1iQpvkCDyLW6-hqsLCYnSCgob95BedogH\/view?usp=drive_link\">5\u00e8<\/a><\/h4>\n<\/td>\n<\/tr>\n<tr style=\"height: 59px;\">\n<td style=\"width: 13.5514%; height: 59px;\">\n<h4><a href=\"https:\/\/drive.google.com\/file\/d\/163GTOFQOyZZUghLswfv4qSJV_aqsQEtM\/view?usp=drive_link\">6\u00e8<\/a><\/h4>\n<\/td>\n<\/tr>\n<\/tbody>\n<\/table>\n","protected":false},"excerpt":{"rendered":"<p>&nbsp; EDUCACI\u00d3 INFANTIL EI 3 EI 4 EI 5 PRIM\u00c0RIA 1r 2n 3r 4t 5\u00e8 6\u00e8<\/p>\n","protected":false},"author":1,"featured_media":0,"parent":22,"menu_order":70,"comment_status":"closed","ping_status":"closed","template":"page-templates\/side-menu.php","meta":{"_bbp_topic_count":0,"_bbp_reply_count":0,"_bbp_total_topic_count":0,"_bbp_total_reply_count":0,"_bbp_voice_count":0,"_bbp_anonymous_reply_count":0,"_bbp_topic_count_hidden":0,"_bbp_reply_count_hidden":0,"_bbp_forum_subforum_count":0,"site-sidebar-layout":"default","site-content-layout":"","ast-site-content-layout":"","site-content-style":"default","site-sidebar-style":"default","ast-global-header-display":"","ast-banner-title-visibility":"","ast-main-header-display":"","ast-hfb-above-header-display":"","ast-hfb-below-header-display":"","ast-hfb-mobile-header-display":"","site-post-title":"","ast-breadcrumbs-content":"","ast-featured-img":"","footer-sml-layout":"","theme-transparent-header-meta":"","adv-header-id-meta":"","stick-header-meta":"","header-above-stick-meta":"","header-main-stick-meta":"","header-below-stick-meta":"","astra-migrate-meta-layouts":"default","ast-page-background-enabled":"default","ast-page-background-meta":{"desktop":{"background-color":"var(--ast-global-color-4)","background-image":"","background-repeat":"repeat","background-position":"center center","background-size":"auto","background-attachment":"scroll","background-type":"","background-media":"","overlay-type":"","overlay-color":"","overlay-opacity":"","overlay-gradient":""},"tablet":{"background-color":"","background-image":"","background-repeat":"repeat","background-position":"center center","background-size":"auto","background-attachment":"scroll","background-type":"","background-media":"","overlay-type":"","overlay-color":"","overlay-opacity":"","overlay-gradient":""},"mobile":{"background-color":"","background-image":"","background-repeat":"repeat","background-position":"center center","background-size":"auto","background-attachment":"scroll","background-type":"","background-media":"","overlay-type":"","overlay-color":"","overlay-opacity":"","overlay-gradient":""}},"ast-content-background-meta":{"desktop":{"background-color":"var(--ast-global-color-5)","background-image":"","background-repeat":"repeat","background-position":"center center","background-size":"auto","background-attachment":"scroll","background-type":"","background-media":"","overlay-type":"","overlay-color":"","overlay-opacity":"","overlay-gradient":""},"tablet":{"background-color":"var(--ast-global-color-5)","background-image":"","background-repeat":"repeat","background-position":"center center","background-size":"auto","background-attachment":"scroll","background-type":"","background-media":"","overlay-type":"","overlay-color":"","overlay-opacity":"","overlay-gradient":""},"mobile":{"background-color":"var(--ast-global-color-5)","background-image":"","background-repeat":"repeat","background-position":"center center","background-size":"auto","background-attachment":"scroll","background-type":"","background-media":"","overlay-type":"","overlay-color":"","overlay-opacity":"","overlay-gradient":""}},"footnotes":""},"class_list":["post-36","page","type-page","status-publish","hentry"],"post_mailing_queue_ids":[],"_links":{"self":[{"href":"https:\/\/agora.xtec.cat\/ceipbonavista-bellcaire-urgell\/wp-json\/wp\/v2\/pages\/36","targetHints":{"allow":["GET"]}}],"collection":[{"href":"https:\/\/agora.xtec.cat\/ceipbonavista-bellcaire-urgell\/wp-json\/wp\/v2\/pages"}],"about":[{"href":"https:\/\/agora.xtec.cat\/ceipbonavista-bellcaire-urgell\/wp-json\/wp\/v2\/types\/page"}],"author":[{"embeddable":true,"href":"https:\/\/agora.xtec.cat\/ceipbonavista-bellcaire-urgell\/wp-json\/wp\/v2\/users\/1"}],"replies":[{"embeddable":true,"href":"https:\/\/agora.xtec.cat\/ceipbonavista-bellcaire-urgell\/wp-json\/wp\/v2\/comments?post=36"}],"version-history":[{"count":6,"href":"https:\/\/agora.xtec.cat\/ceipbonavista-bellcaire-urgell\/wp-json\/wp\/v2\/pages\/36\/revisions"}],"predecessor-version":[{"id":934,"href":"https:\/\/agora.xtec.cat\/ceipbonavista-bellcaire-urgell\/wp-json\/wp\/v2\/pages\/36\/revisions\/934"}],"up":[{"embeddable":true,"href":"https:\/\/agora.xtec.cat\/ceipbonavista-bellcaire-urgell\/wp-json\/wp\/v2\/pages\/22"}],"wp:attachment":[{"href":"https:\/\/agora.xtec.cat\/ceipbonavista-bellcaire-urgell\/wp-json\/wp\/v2\/media?parent=36"}],"curies":[{"name":"wp","href":"https:\/\/api.w.org\/{rel}","templated":true}]}}