{"id":7940,"date":"2020-11-09T11:59:16","date_gmt":"2020-11-09T10:59:16","guid":{"rendered":"http:\/\/agora.xtec.cat\/ceipberti\/?page_id=7940"},"modified":"2020-11-09T11:59:16","modified_gmt":"2020-11-09T10:59:16","slug":"lescola-2","status":"publish","type":"page","link":"https:\/\/agora.xtec.cat\/ceipberti\/lescola-2\/","title":{"rendered":"L&#8217;escola"},"content":{"rendered":"<p style=\"text-align: justify;\">L\u2019escola Bert\u00ed \u00e9s una escola catalana de titularitat p\u00fablica, oberta a tothom, integradora i que t\u00e9 com a objectiu la formaci\u00f3 de persones solid\u00e0ries, tolerants, respectuoses i lliures.<\/p>\n<p style=\"text-align: justify;\">Est\u00e0 situada al poble de l&#8217;Ametlla del Vall\u00e8s -comarca del Vall\u00e8s Oriental- dins del nucli urb\u00e0. La primera escola de L\u2019Ametlla estava ubicada en la pla\u00e7a de l\u2019actual ajuntament i ocupaven l\u2019edificici de l\u2019actual ajuntament -edifici modernista de l\u2019arquitecte Raspall- i estava separada en dues ales una per nens i una altre per nenes. Va ser el curs 1978 -79 que s\u2019estrena l\u2019actual edifici amb el nom de Verge de Montserrat per tant \u00e9s la continuadora de la primera escola del poble. Acabades les obres en diferents etapes, \u00e9s inaugurada pel president de La Generalitat Exc. Jordi Pujol el 1991. Ser\u00e0 el curs 1991-92 quan es fa un canvi de nom i passa a anomenar-se Escola Bert\u00ed.<\/p>\n<p style=\"text-align: justify;\">\u00c9s l\u2019\u00fanica instituci\u00f3 educativa al poble fins el 1996-97 que s\u2019inaugura l\u2019Institut Eugeni Xammar i el 1999-2000 l\u2019escola\u00a0Els Cingles. Actualment l&#8217;Ametlla del\u00a0Vall\u00e8s t\u00e9 dues escoles d&#8217;Educaci\u00f3 Infantil i Prim\u00e0ria, tres escoles bressol i un Institut d&#8217;Ensenyament Secundari.<\/p>\n<p style=\"text-align: justify;\">L\u2019Escola Bert\u00ed \u00e9s una Escol<a href=\"http:\/\/agora.xtec.cat\/ceipberti\/wp-content\/uploads\/usu199\/2015\/02\/DSCN2126.jpg\"><img loading=\"lazy\" decoding=\"async\" class=\"alignleft wp-image-168 size-medium\" src=\"http:\/\/agora.xtec.cat\/ceipberti\/wp-content\/uploads\/usu199\/2015\/02\/DSCN2126-e1518177677559-300x165.jpg\" alt=\"DSCN2126\" width=\"300\" height=\"165\" srcset=\"https:\/\/agora.xtec.cat\/ceipberti\/wp-content\/uploads\/usu199\/2015\/02\/DSCN2126-e1518177677559-300x165.jpg 300w, https:\/\/agora.xtec.cat\/ceipberti\/wp-content\/uploads\/usu199\/2015\/02\/DSCN2126-e1518177677559-1024x563.jpg 1024w, https:\/\/agora.xtec.cat\/ceipberti\/wp-content\/uploads\/usu199\/2015\/02\/DSCN2126-e1518177677559-768x422.jpg 768w\" sizes=\"auto, (max-width: 300px) 100vw, 300px\" \/><\/a>a p\u00fablica d\u2019Educaci\u00f3 Infantil i Prim\u00e0ria de doble l\u00ednia. De les escoles bressol, a P3 comencen els alumnes l\u2019itinerari que acabaran a sis\u00e8 de prim\u00e0ria. La secundaria obligat\u00f2ria la poden seguir a l\u2019 institut del poble o en altres centres de la zona.<\/p>\n<p style=\"text-align: left;\">\u00a0\u00a0<a href=\"http:\/\/agora.xtec.cat\/ceipberti\/wp-content\/uploads\/usu199\/2014\/09\/trets-didentitat1.jpg\"><img loading=\"lazy\" decoding=\"async\" class=\"alignnone size-full wp-image-670\" src=\"http:\/\/agora.xtec.cat\/ceipberti\/wp-content\/uploads\/usu199\/2014\/09\/trets-didentitat1.jpg\" alt=\"trets didentitat1\" width=\"960\" height=\"720\" srcset=\"https:\/\/agora.xtec.cat\/ceipberti\/wp-content\/uploads\/usu199\/2014\/09\/trets-didentitat1.jpg 960w, https:\/\/agora.xtec.cat\/ceipberti\/wp-content\/uploads\/usu199\/2014\/09\/trets-didentitat1-300x225.jpg 300w, https:\/\/agora.xtec.cat\/ceipberti\/wp-content\/uploads\/usu199\/2014\/09\/trets-didentitat1-200x150.jpg 200w\" sizes=\"auto, (max-width: 960px) 100vw, 960px\" \/><\/a><\/p>\n<p style=\"text-align: center;\"><a href=\"http:\/\/agora.xtec.cat\/ceipberti\/wp-content\/uploads\/usu199\/2014\/09\/PPT-PEC1.jpg\"><img loading=\"lazy\" decoding=\"async\" class=\"alignnone size-full wp-image-674\" src=\"http:\/\/agora.xtec.cat\/ceipberti\/wp-content\/uploads\/usu199\/2014\/09\/PPT-PEC1.jpg\" alt=\"PPT PEC\" width=\"960\" height=\"720\" srcset=\"https:\/\/agora.xtec.cat\/ceipberti\/wp-content\/uploads\/usu199\/2014\/09\/PPT-PEC1.jpg 960w, https:\/\/agora.xtec.cat\/ceipberti\/wp-content\/uploads\/usu199\/2014\/09\/PPT-PEC1-300x225.jpg 300w, https:\/\/agora.xtec.cat\/ceipberti\/wp-content\/uploads\/usu199\/2014\/09\/PPT-PEC1-200x150.jpg 200w\" sizes=\"auto, (max-width: 960px) 100vw, 960px\" \/><\/a><a href=\"http:\/\/agora.xtec.cat\/ceipberti\/wp-content\/uploads\/usu199\/2014\/09\/trets-didentitat-2.jpg\"><img loading=\"lazy\" decoding=\"async\" class=\"alignnone size-full wp-image-672\" src=\"http:\/\/agora.xtec.cat\/ceipberti\/wp-content\/uploads\/usu199\/2014\/09\/trets-didentitat-2.jpg\" alt=\"trets d'identitat 2\" width=\"960\" height=\"720\" srcset=\"https:\/\/agora.xtec.cat\/ceipberti\/wp-content\/uploads\/usu199\/2014\/09\/trets-didentitat-2.jpg 960w, https:\/\/agora.xtec.cat\/ceipberti\/wp-content\/uploads\/usu199\/2014\/09\/trets-didentitat-2-300x225.jpg 300w, https:\/\/agora.xtec.cat\/ceipberti\/wp-content\/uploads\/usu199\/2014\/09\/trets-didentitat-2-200x150.jpg 200w\" sizes=\"auto, (max-width: 960px) 100vw, 960px\" \/><\/a><\/p>\n","protected":false},"excerpt":{"rendered":"<p>L\u2019escola Bert\u00ed \u00e9s una escola catalana de titularitat p\u00fablica, oberta a tothom, integradora i que t\u00e9 com a objectiu la formaci\u00f3 de persones solid\u00e0ries, tolerants, respectuoses i lliures. Est\u00e0 situada al poble de l&#8217;Ametlla del Vall\u00e8s -comarca del Vall\u00e8s Oriental- dins del nucli urb\u00e0. La primera escola de L\u2019Ametlla estava ubicada en la pla\u00e7a de [&hellip;]<\/p>\n","protected":false},"author":1,"featured_media":0,"parent":0,"menu_order":0,"comment_status":"closed","ping_status":"closed","template":"","meta":{"_bbp_topic_count":0,"_bbp_reply_count":0,"_bbp_total_topic_count":0,"_bbp_total_reply_count":0,"_bbp_voice_count":0,"_bbp_anonymous_reply_count":0,"_bbp_topic_count_hidden":0,"_bbp_reply_count_hidden":0,"_bbp_forum_subforum_count":0,"site-sidebar-layout":"default","site-content-layout":"","ast-site-content-layout":"","site-content-style":"default","site-sidebar-style":"default","ast-global-header-display":"","ast-banner-title-visibility":"","ast-main-header-display":"","ast-hfb-above-header-display":"","ast-hfb-below-header-display":"","ast-hfb-mobile-header-display":"","site-post-title":"","ast-breadcrumbs-content":"","ast-featured-img":"","footer-sml-layout":"","theme-transparent-header-meta":"","adv-header-id-meta":"","stick-header-meta":"","header-above-stick-meta":"","header-main-stick-meta":"","header-below-stick-meta":"","astra-migrate-meta-layouts":"default","ast-page-background-enabled":"default","ast-page-background-meta":{"desktop":{"background-color":"var(--ast-global-color-4)","background-image":"","background-repeat":"repeat","background-position":"center center","background-size":"auto","background-attachment":"scroll","background-type":"","background-media":"","overlay-type":"","overlay-color":"","overlay-opacity":"","overlay-gradient":""},"tablet":{"background-color":"","background-image":"","background-repeat":"repeat","background-position":"center center","background-size":"auto","background-attachment":"scroll","background-type":"","background-media":"","overlay-type":"","overlay-color":"","overlay-opacity":"","overlay-gradient":""},"mobile":{"background-color":"","background-image":"","background-repeat":"repeat","background-position":"center center","background-size":"auto","background-attachment":"scroll","background-type":"","background-media":"","overlay-type":"","overlay-color":"","overlay-opacity":"","overlay-gradient":""}},"ast-content-background-meta":{"desktop":{"background-color":"var(--ast-global-color-5)","background-image":"","background-repeat":"repeat","background-position":"center center","background-size":"auto","background-attachment":"scroll","background-type":"","background-media":"","overlay-type":"","overlay-color":"","overlay-opacity":"","overlay-gradient":""},"tablet":{"background-color":"var(--ast-global-color-5)","background-image":"","background-repeat":"repeat","background-position":"center center","background-size":"auto","background-attachment":"scroll","background-type":"","background-media":"","overlay-type":"","overlay-color":"","overlay-opacity":"","overlay-gradient":""},"mobile":{"background-color":"var(--ast-global-color-5)","background-image":"","background-repeat":"repeat","background-position":"center center","background-size":"auto","background-attachment":"scroll","background-type":"","background-media":"","overlay-type":"","overlay-color":"","overlay-opacity":"","overlay-gradient":""}},"footnotes":""},"class_list":["post-7940","page","type-page","status-publish","hentry"],"post_mailing_queue_ids":[],"_links":{"self":[{"href":"https:\/\/agora.xtec.cat\/ceipberti\/wp-json\/wp\/v2\/pages\/7940","targetHints":{"allow":["GET"]}}],"collection":[{"href":"https:\/\/agora.xtec.cat\/ceipberti\/wp-json\/wp\/v2\/pages"}],"about":[{"href":"https:\/\/agora.xtec.cat\/ceipberti\/wp-json\/wp\/v2\/types\/page"}],"author":[{"embeddable":true,"href":"https:\/\/agora.xtec.cat\/ceipberti\/wp-json\/wp\/v2\/users\/1"}],"replies":[{"embeddable":true,"href":"https:\/\/agora.xtec.cat\/ceipberti\/wp-json\/wp\/v2\/comments?post=7940"}],"version-history":[{"count":1,"href":"https:\/\/agora.xtec.cat\/ceipberti\/wp-json\/wp\/v2\/pages\/7940\/revisions"}],"predecessor-version":[{"id":7941,"href":"https:\/\/agora.xtec.cat\/ceipberti\/wp-json\/wp\/v2\/pages\/7940\/revisions\/7941"}],"wp:attachment":[{"href":"https:\/\/agora.xtec.cat\/ceipberti\/wp-json\/wp\/v2\/media?parent=7940"}],"curies":[{"name":"wp","href":"https:\/\/api.w.org\/{rel}","templated":true}]}}