{"id":38,"date":"2014-09-18T12:34:08","date_gmt":"2014-09-18T12:34:08","guid":{"rendered":"http:\/\/agora.xtec.cat\/ceipberti\/?page_id=38"},"modified":"2025-12-17T13:21:27","modified_gmt":"2025-12-17T12:21:27","slug":"salut","status":"publish","type":"page","link":"https:\/\/agora.xtec.cat\/ceipberti\/lescola\/salut\/","title":{"rendered":"Normes, Salut i Seguretat"},"content":{"rendered":"<h4><strong><u>Les normes que tots haur\u00edem de respectar\u00a0 per al bon funcionament del centre<\/u><\/strong><\/h4>\n<p>-Assistir puntualment a l\u2019escola a les <strong>9 h<\/strong> i a les <strong>15 h<\/strong> (av\u00eds d\u2019absentisme: agenda, tel\u00e8fon,..)<\/p>\n<p>-Abans d\u2019aquesta hora, hi ha un servei matinal, <strong>SAM<\/strong>, de 7:30 a 9 h.(previ av\u00eds als encarregats del servei).<\/p>\n<p>&#8211; Venir a <strong>RECOLLIR ALS ALUMNES<\/strong> de I<strong>3 a 3r <\/strong>(3r sense <strong>AUTORITZACI\u00d3<\/strong> explicita per anar sols) a les <strong>12:30 h<\/strong> i a les <strong>16:30 h<\/strong>.<\/p>\n<p>-A partir de les 16:30 h els alumnes no poden restar al centre, cal deixar-los al <strong>SAT <\/strong>(servei d\u2019atenci\u00f3 de tarda) o a extraescolars (en cas de retards superiors als 10\u2019, els alumnes es deixaran al SAT i caldr\u00e0 costejar l\u2019estona del retard per part de les fam\u00edlies).<\/p>\n<p><strong>NO ES POT PUJAR A LES AULES A BUSCAR COSES QUE S\u2019HAN OBLIDAT (CARPETES, DEURES, <\/strong><strong>JAQUETES,&#8230;). \u00c9S L\u2019HORA DE NETEJA I NO ES POT VOLTAR PER DINS L\u2019EDIFICI.<\/strong><\/p>\n<p>&#8211; En les reunions de pares o trobades al centre, <strong>NO es pot portar els fills,<\/strong> si no hi ha servei de canguratge que cal demanar a l\u2019AFA, per mitj\u00e0 dels pares delegats, i aquest informar a la direcci\u00f3 del centre.<\/p>\n<p>&#8211; Per <strong>DEMANAR QUALSEVOL DEPEND\u00c8NCIA DEL CENTRE<\/strong> per a una trobada de pares, fora d\u2019horari escolar, cal <strong>OMPLIR UNA INST\u00c0NCIA<\/strong> de sol\u00b7licitud, llegir les normes i portar-lo a l\u2019ajuntament per demanar el perm\u00eds i tornar-lo a l\u2019escola pel vist-i-plau de la direcci\u00f3 i entrega de claus.<\/p>\n<p>&#8211; Per <strong>l\u2019administraci\u00f3 de MEDICAMENTS<\/strong>, cal una prescripci\u00f3 m\u00e8dica i autoritzaci\u00f3 familiar.<\/p>\n<p>&#8211; En les <strong>SEPARACIONS DE PARELLES<\/strong>, cal presentar a direcci\u00f3, les mesures cautelars dictades \u00a0\u00a0pel \u00a0\u00a0jutge per l\u2019acompliment dels acords. Si no, per l\u2019escola, tenen els mateixos drets sobre el fill\/a, cada un dels membres de la parella.<\/p>\n<p>&#8211; Quan un alumne \u00e9s <strong>BAIXA DEL CENTRE<\/strong>, cal passar per direcci\u00f3 i complimentar el full de baixa acordat pels dos membres de la parella.<\/p>\n<p>-Tenir cura de la <strong>VESTIMENTA: ADEQUADA A L\u2019EDAT<\/strong>, lloc i activitat.<\/p>\n<p>-Tenir <strong>CURA DE LES INSTAL\u00b7LACIONS I EL MATERIAL ESCOLAR<\/strong>.<\/p>\n<p>-Utilitzar <strong>L\u2019AGENDA<\/strong> com a mitj\u00e0 de comunicaci\u00f3 entre fam\u00edlia i escola, i pel control dels \u00a0deures.<\/p>\n<p>&#8211; Afavorir un ambient adequat per fer els <strong>DEURES<\/strong> i vetllar per l\u2019acompliment d\u2019aquests.<\/p>\n<p>&#8211; Els <strong>CONTROLS<\/strong> s\u2019han de signar com a vistos. <strong>NO S\u2019HI POT ESCRIURE<\/strong>.<\/p>\n<p>&#8211; Seguir les normes de <strong>RESPECTE<\/strong> per a la bona conviv\u00e8ncia.<\/p>\n<p>&#8211; Els alumnes <strong>NO PODEN PORTAR M\u00d2BILS<\/strong> a l\u2019escola, ni rellotges amb alarma que distreuen.<\/p>\n<p>&#8211; Si es ve amb <strong>bicicleta o patinet<\/strong>, cal portar-lo a la m\u00e0 per travessar el pati, fins a l\u2019aparcament. L\u2019escola no es fa responsable dels danys o p\u00e8rdues.<\/p>\n<p>Moltes gr\u00e0cies<\/p>\n<p><!--a=1--><\/p>\n","protected":false},"excerpt":{"rendered":"<p>Les normes que tots haur\u00edem de respectar\u00a0 per al bon funcionament del centre -Assistir puntualment a l\u2019escola a les 9 h i a les 15 h (av\u00eds d\u2019absentisme: agenda, tel\u00e8fon,..) -Abans d\u2019aquesta hora, hi ha un servei matinal, SAM, de 7:30 a 9 h.(previ av\u00eds als encarregats del servei). &#8211; Venir a RECOLLIR ALS ALUMNES [&hellip;]<\/p>\n","protected":false},"author":2,"featured_media":0,"parent":22,"menu_order":7,"comment_status":"closed","ping_status":"closed","template":"","meta":{"_bbp_topic_count":0,"_bbp_reply_count":0,"_bbp_total_topic_count":0,"_bbp_total_reply_count":0,"_bbp_voice_count":0,"_bbp_anonymous_reply_count":0,"_bbp_topic_count_hidden":0,"_bbp_reply_count_hidden":0,"_bbp_forum_subforum_count":0,"site-sidebar-layout":"default","site-content-layout":"","ast-site-content-layout":"default","site-content-style":"default","site-sidebar-style":"default","ast-global-header-display":"","ast-banner-title-visibility":"","ast-main-header-display":"","ast-hfb-above-header-display":"","ast-hfb-below-header-display":"","ast-hfb-mobile-header-display":"","site-post-title":"","ast-breadcrumbs-content":"","ast-featured-img":"","footer-sml-layout":"","theme-transparent-header-meta":"default","adv-header-id-meta":"","stick-header-meta":"","header-above-stick-meta":"","header-main-stick-meta":"","header-below-stick-meta":"","astra-migrate-meta-layouts":"set","ast-page-background-enabled":"default","ast-page-background-meta":{"desktop":{"background-color":"var(--ast-global-color-4)","background-image":"","background-repeat":"repeat","background-position":"center center","background-size":"auto","background-attachment":"scroll","background-type":"","background-media":"","overlay-type":"","overlay-color":"","overlay-opacity":"","overlay-gradient":""},"tablet":{"background-color":"","background-image":"","background-repeat":"repeat","background-position":"center center","background-size":"auto","background-attachment":"scroll","background-type":"","background-media":"","overlay-type":"","overlay-color":"","overlay-opacity":"","overlay-gradient":""},"mobile":{"background-color":"","background-image":"","background-repeat":"repeat","background-position":"center center","background-size":"auto","background-attachment":"scroll","background-type":"","background-media":"","overlay-type":"","overlay-color":"","overlay-opacity":"","overlay-gradient":""}},"ast-content-background-meta":{"desktop":{"background-color":"var(--ast-global-color-5)","background-image":"","background-repeat":"repeat","background-position":"center center","background-size":"auto","background-attachment":"scroll","background-type":"","background-media":"","overlay-type":"","overlay-color":"","overlay-opacity":"","overlay-gradient":""},"tablet":{"background-color":"var(--ast-global-color-5)","background-image":"","background-repeat":"repeat","background-position":"center center","background-size":"auto","background-attachment":"scroll","background-type":"","background-media":"","overlay-type":"","overlay-color":"","overlay-opacity":"","overlay-gradient":""},"mobile":{"background-color":"var(--ast-global-color-5)","background-image":"","background-repeat":"repeat","background-position":"center center","background-size":"auto","background-attachment":"scroll","background-type":"","background-media":"","overlay-type":"","overlay-color":"","overlay-opacity":"","overlay-gradient":""}},"footnotes":""},"class_list":["post-38","page","type-page","status-publish","hentry"],"post_mailing_queue_ids":[],"_links":{"self":[{"href":"https:\/\/agora.xtec.cat\/ceipberti\/wp-json\/wp\/v2\/pages\/38","targetHints":{"allow":["GET"]}}],"collection":[{"href":"https:\/\/agora.xtec.cat\/ceipberti\/wp-json\/wp\/v2\/pages"}],"about":[{"href":"https:\/\/agora.xtec.cat\/ceipberti\/wp-json\/wp\/v2\/types\/page"}],"author":[{"embeddable":true,"href":"https:\/\/agora.xtec.cat\/ceipberti\/wp-json\/wp\/v2\/users\/2"}],"replies":[{"embeddable":true,"href":"https:\/\/agora.xtec.cat\/ceipberti\/wp-json\/wp\/v2\/comments?post=38"}],"version-history":[{"count":4,"href":"https:\/\/agora.xtec.cat\/ceipberti\/wp-json\/wp\/v2\/pages\/38\/revisions"}],"predecessor-version":[{"id":9452,"href":"https:\/\/agora.xtec.cat\/ceipberti\/wp-json\/wp\/v2\/pages\/38\/revisions\/9452"}],"up":[{"embeddable":true,"href":"https:\/\/agora.xtec.cat\/ceipberti\/wp-json\/wp\/v2\/pages\/22"}],"wp:attachment":[{"href":"https:\/\/agora.xtec.cat\/ceipberti\/wp-json\/wp\/v2\/media?parent=38"}],"curies":[{"name":"wp","href":"https:\/\/api.w.org\/{rel}","templated":true}]}}

<h4><strong><u>Les normes que tots hauríem de respectar  per al bon funcionament del centre</u></strong></h4>
<p>-Assistir puntualment a l’escola a les <strong>9 h</strong> i a les <strong>15 h</strong> (avís d’absentisme: agenda, telèfon,..)</p>
<p>-Abans d’aquesta hora, hi ha un servei matinal, <strong>SAM</strong>, de 7:30 a 9 h.(previ avís als encarregats del servei).</p>
<p>&#8211; Venir a <strong>RECOLLIR ALS ALUMNES</strong> de I<strong>3 a 3r </strong>(3r sense <strong>AUTORITZACIÓ</strong> explicita per anar sols) a les <strong>12:30 h</strong> i a les <strong>16:30 h</strong>.</p>
<p>-A partir de les 16:30 h els alumnes no poden restar al centre, cal deixar-los al <strong>SAT </strong>(servei d’atenció de tarda) o a extraescolars (en cas de retards superiors als 10’, els alumnes es deixaran al SAT i caldrà costejar l’estona del retard per part de les famílies).</p>
<p><strong>NO ES POT PUJAR A LES AULES A BUSCAR COSES QUE S’HAN OBLIDAT (CARPETES, DEURES, </strong><strong>JAQUETES,&#8230;). ÉS L’HORA DE NETEJA I NO ES POT VOLTAR PER DINS L’EDIFICI.</strong></p>
<p>&#8211; En les reunions de pares o trobades al centre, <strong>NO es pot portar els fills,</strong> si no hi ha servei de canguratge que cal demanar a l’AFA, per mitjà dels pares delegats, i aquest informar a la direcció del centre.</p>
<p>&#8211; Per <strong>DEMANAR QUALSEVOL DEPENDÈNCIA DEL CENTRE</strong> per a una trobada de pares, fora d’horari escolar, cal <strong>OMPLIR UNA INSTÀNCIA</strong> de sol·licitud, llegir les normes i portar-lo a l’ajuntament per demanar el permís i tornar-lo a l’escola pel vist-i-plau de la direcció i entrega de claus.</p>
<p>&#8211; Per <strong>l’administració de MEDICAMENTS</strong>, cal una prescripció mèdica i autorització familiar.</p>
<p>&#8211; En les <strong>SEPARACIONS DE PARELLES</strong>, cal presentar a direcció, les mesures cautelars dictades   pel   jutge per l’acompliment dels acords. Si no, per l’escola, tenen els mateixos drets sobre el fill/a, cada un dels membres de la parella.</p>
<p>&#8211; Quan un alumne és <strong>BAIXA DEL CENTRE</strong>, cal passar per direcció i complimentar el full de baixa acordat pels dos membres de la parella.</p>
<p>-Tenir cura de la <strong>VESTIMENTA: ADEQUADA A L’EDAT</strong>, lloc i activitat.</p>
<p>-Tenir <strong>CURA DE LES INSTAL·LACIONS I EL MATERIAL ESCOLAR</strong>.</p>
<p>-Utilitzar <strong>L’AGENDA</strong> com a mitjà de comunicació entre família i escola, i pel control dels  deures.</p>
<p>&#8211; Afavorir un ambient adequat per fer els <strong>DEURES</strong> i vetllar per l’acompliment d’aquests.</p>
<p>&#8211; Els <strong>CONTROLS</strong> s’han de signar com a vistos. <strong>NO S’HI POT ESCRIURE</strong>.</p>
<p>&#8211; Seguir les normes de <strong>RESPECTE</strong> per a la bona convivència.</p>
<p>&#8211; Els alumnes <strong>NO PODEN PORTAR MÒBILS</strong> a l’escola, ni rellotges amb alarma que distreuen.</p>
<p>&#8211; Si es ve amb <strong>bicicleta o patinet</strong>, cal portar-lo a la mà per travessar el pati, fins a l’aparcament. L’escola no es fa responsable dels danys o pèrdues.</p>
<p>Moltes gràcies</p>
<p><!--a=1--></p>

<p>Les normes que tots hauríem de respectar  per al bon funcionament del centre -Assistir puntualment a l’escola a les 9 h i a les 15 h (avís d’absentisme: agenda, telèfon,..) -Abans d’aquesta hora, hi ha un servei matinal, SAM, de 7:30 a 9 h.(previ avís als encarregats del servei). &#8211; Venir a RECOLLIR ALS ALUMNES [&hellip;]</p>
