{"id":869,"date":"2017-11-30T22:10:25","date_gmt":"2017-11-30T21:10:25","guid":{"rendered":"http:\/\/agora.xtec.cat\/ceipbernatmetge\/?page_id=869"},"modified":"2025-09-04T12:17:06","modified_gmt":"2025-09-04T10:17:06","slug":"equip-docent","status":"publish","type":"page","link":"https:\/\/agora.xtec.cat\/ceipbernatmetge\/equip-docent\/","title":{"rendered":"EQUIP DOCENT"},"content":{"rendered":"<div>\n<p dir=\"ltr\" style=\"text-align: justify;\"><strong>\u00a0<\/strong><\/p>\n<h1 dir=\"ltr\" style=\"text-align: center;\"><span style=\"color: #00ccff;\"><strong>CURS 2023-24<\/strong><\/span><\/h1>\n<\/div>\n<h4 dir=\"ltr\" style=\"text-align: justify;\"><span style=\"text-decoration: underline; color: #99ccff;\"><strong>EQUIP DIRECTIU<\/strong><\/span><\/h4>\n<h4 style=\"text-align: justify;\"><span style=\"color: #000000;\"><strong>Marta MENDOZA GA\u00d1\u00c1N, Directora<br \/>\n<\/strong><\/span><\/h4>\n<p style=\"text-align: justify;\">Vaig arribar a l\u2019escola Bernat Metge al setembre del 2004 com a funcion\u00e0ria en pr\u00e0ctiques a l\u2019especialitat d\u2019educaci\u00f3 infantil, com a tutora del grup classe d\u2019I5. Tot un repte 28 alumnes a l&#8217;aula, per\u00f2 jo s\u00f3c una persona de reptes, d\u2019aprendre dels altres i ensenyar. Vaig agafar la direcci\u00f3 al juliol del 2008, porto molts anys i cada any \u00e9s un aprenentatge, un saber ,\u00a0 m\u00e9s reptes,m\u00e9s il\u00b7lusions per fer coses per l\u2019escola. A l\u2019escola hem passat per diferents moments fruit de la reflexi\u00f3, an\u00e0lisi. Portem uns anys de canvis, sempre he estat una professional que m\u2019han agradat fer petits canvis. Actualment proposo una l\u00ednia de renovaci\u00f3 coherent i meditada, fruit dels diferents cursos, formacions que he desenvolupat.<\/p>\n<p style=\"text-align: justify;\"><strong>\u00a0<\/strong><\/p>\n<h4 style=\"text-align: justify;\"><span style=\"color: #000000;\"><strong>Juan Miguel BERRIO CONESA, Cap d&#8217;Estudis<br \/>\n<\/strong><\/span><\/h4>\n<h5 style=\"text-align: justify;\"><\/h5>\n<h4 style=\"text-align: justify;\"><strong><span style=\"color: #000000;\">Agust\u00edn CARMONA BL\u00c1ZQUEZ, Secretari<\/span><\/strong><\/h4>\n<h4 style=\"text-align: justify;\"><strong>\u00a0<\/strong><\/h4>\n<h4 dir=\"ltr\" style=\"text-align: justify;\"><span style=\"text-decoration: underline; color: #99ccff;\"><strong>ESPECIALISTES<\/strong><\/span><\/h4>\n<h4 dir=\"ltr\" style=\"text-align: justify;\"><span style=\"color: #000000;\"><strong>Angl\u00e8s: Alicia HERRERO<\/strong><\/span><\/h4>\n<h4 dir=\"ltr\" style=\"text-align: justify;\"><span style=\"color: #000000;\"><strong>MESI : V\u00edctor GALLARDO<\/strong><\/span><\/h4>\n<h4><span style=\"color: #000000;\"><strong>SIEI: Xavier SAFONT<\/strong><\/span><\/h4>\n<h4 dir=\"ltr\" style=\"text-align: justify;\"><span style=\"color: #000000;\"><strong>Educaci\u00f3 F\u00edsica: Olga D\u00cdAZ <\/strong><\/span><\/h4>\n<h4 dir=\"ltr\" style=\"text-align: justify;\"><span style=\"color: #000000;\"><strong>M\u00fasica: Gemma GARC\u00cdA <\/strong><\/span><\/h4>\n<h4 dir=\"ltr\" style=\"text-align: justify;\"><span style=\"color: #000000;\"><strong>Religi\u00f3: Gemma SANTOS <\/strong><\/span><\/h4>\n<h4 dir=\"ltr\" style=\"text-align: justify;\"><span style=\"color: #000000;\"><strong>Refor\u00e7 Infantil:\u00a0 Marta MENDOZA i Virginia LORENZO<\/strong><\/span><\/h4>\n<h4><span style=\"color: #000000; background-color: #ffffff;\"><strong>Refor\u00e7 Prim\u00e0ria: Juan Miguel BERRIO i Sandra RAPOSO<\/strong><\/span><\/h4>\n<h4><span style=\"color: #000000;\"><strong>Rob\u00f2tica\/Refor\u00e7: Agust\u00edn CARMONA<\/strong><\/span><\/h4>\n<h4 dir=\"ltr\" style=\"text-align: justify;\"><span style=\"color: #000000;\"><strong>Aula d&#8217;acollida: Paula P\u00c9REZ<\/strong><\/span><\/h4>\n<h4 dir=\"ltr\" style=\"text-align: justify;\"><span style=\"color: #000000;\"><strong>TIS:<\/strong><\/span><\/h4>\n<h4><span style=\"color: #000000;\"><strong>EES: Iris SALVADOR<\/strong><\/span><\/h4>\n<h4><\/h4>\n<h4 style=\"text-align: justify;\"><span style=\"text-decoration: underline; color: #99ccff;\"><strong>TUTORIES<\/strong><\/span><\/h4>\n<h4><span style=\"color: #33cccc;\">COMUNITAT PETITS<\/span><\/h4>\n<div dir=\"ltr\">\n<h4 dir=\"ltr\"><span style=\"color: #000000;\"><strong>I3: Lorena TORRIJOS<\/strong><\/span><\/h4>\n<h4 dir=\"ltr\"><span style=\"color: #000000;\"><strong>I4: J\u00falia POLANCO<\/strong><\/span><\/h4>\n<h4 dir=\"ltr\"><span style=\"color: #000000;\"><strong>I5: <\/strong><strong>Elena DURAN<\/strong><\/span><\/h4>\n<h4 dir=\"ltr\"><span style=\"color: #000000;\"><strong>TEI:<\/strong><strong> Rosa M. BORR\u00c0S<\/strong><\/span><\/h4>\n<h4><span style=\"color: #33cccc;\">COMUNITAT MITJANS<\/span><\/h4>\n<h4 dir=\"ltr\"><span style=\"color: #000000;\"><strong>1r : Laura VILADOMAT<\/strong><\/span><\/h4>\n<h4 dir=\"ltr\"><span style=\"color: #000000;\"><strong>2n: <\/strong><strong>Nat\u00e1lia MOLINA<\/strong><\/span><\/h4>\n<h4 dir=\"ltr\"><span style=\"color: #000000;\"><strong>3r: Elena RENTERO<\/strong><\/span><\/h4>\n<\/div>\n<h4><span style=\"color: #33cccc;\">COMUNITAT GRANS<\/span><\/h4>\n<div dir=\"ltr\">\n<h4 dir=\"ltr\"><span style=\"color: #000000;\"><strong>4t : Conchi RUIZ<\/strong><\/span><\/h4>\n<h4 dir=\"ltr\"><span style=\"color: #000000;\"><strong>5\u00e8 : V\u00edctor BEN\u00cdTEZ<\/strong><\/span><\/h4>\n<h4 dir=\"ltr\"><span style=\"color: #000000;\"><strong>6\u00e8 B: Jera COMPTE<\/strong><\/span><\/h4>\n<h4 dir=\"ltr\"><\/h4>\n<\/div>\n<h4 dir=\"ltr\"><\/h4>\n<h4 dir=\"ltr\" style=\"text-align: justify;\"><span style=\"text-decoration: underline; color: #99ccff;\"><strong>VETLLADORA<\/strong><\/span><\/h4>\n<h4 dir=\"ltr\" style=\"text-align: justify;\"><span style=\"color: #000000;\"><strong>Maribel CA\u00d1ADAS<\/strong><\/span><\/h4>\n<h4 dir=\"ltr\"><span style=\"text-decoration: underline; color: #99ccff;\"><strong>ADMINISTRACI\u00d3<\/strong><\/span><\/h4>\n<h4 dir=\"ltr\"><strong><span style=\"color: #000000;\">Maria Jos\u00e9 GARC\u00cdA<\/span><\/strong><\/h4>\n<div dir=\"ltr\"><strong>\u00a0<\/strong><\/div>\n<div dir=\"ltr\">\n<h4 dir=\"ltr\"><span style=\"text-decoration: underline; color: #99ccff;\"><strong> CONSERGERIA<\/strong><\/span><\/h4>\n<\/div>\n<h4 dir=\"ltr\" style=\"text-align: justify;\"><span style=\"color: #000000;\"><strong>Roberto GALLO<\/strong><\/span><\/h4>\n<h4 dir=\"ltr\" style=\"text-align: justify;\"><\/h4>\n<h4 dir=\"ltr\" style=\"text-align: justify;\"><span style=\"text-decoration: underline; color: #99ccff;\"><strong>CUINERA<\/strong><strong>\u00a0<\/strong><\/span><\/h4>\n<h4 dir=\"ltr\" style=\"text-align: justify;\"><span style=\"color: #000000;\"><strong>Asun S\u00c1NCHEZ<\/strong><\/span><\/h4>\n<h4 dir=\"ltr\" style=\"text-align: justify;\"><\/h4>\n<h4 dir=\"ltr\" style=\"text-align: justify;\"><strong>\u00a0<\/strong><\/h4>\n<h4 dir=\"ltr\" style=\"text-align: justify;\"><strong>\u00a0<\/strong><\/h4>\n<h4 dir=\"ltr\" style=\"text-align: justify;\"><\/h4>\n<h4 dir=\"ltr\" style=\"text-align: justify;\"><strong>\u00a0<\/strong><\/h4>\n<div>\n<div dir=\"ltr\">\n<h4 dir=\"ltr\" style=\"text-align: justify;\"><strong>\u00a0<\/strong><\/h4>\n<\/div>\n<\/div>\n","protected":false},"excerpt":{"rendered":"<p>\u00a0<br \/>\nCURS 2023-24<\/p>\n<p>EQUIP DIRECTIU<br \/>\nMarta MENDOZA GA\u00d1\u00c1N, Directora<\/p>\n<p>Vaig arribar a l\u2019escola Bernat Metge al setembre del 2004 com a funcion\u00e0ria en pr\u00e0ctiques a l\u2019especialitat d\u2019educaci\u00f3 infantil, com a tutora del grup classe d\u2019I5. Tot un repte 28 alumnes a l&#8217;aula, per\u00f2 jo s\u00f3c una persona de reptes,&hellip;  <a href=\"https:\/\/agora.xtec.cat\/ceipbernatmetge\/equip-docent\/\" title=\"Read EQUIP DOCENT\">Llegeix m\u00e9s\u00bb<\/a><\/p>\n","protected":false},"author":1,"featured_media":0,"parent":0,"menu_order":0,"comment_status":"closed","ping_status":"closed","template":"","meta":{"_bbp_topic_count":0,"_bbp_reply_count":0,"_bbp_total_topic_count":0,"_bbp_total_reply_count":0,"_bbp_voice_count":0,"_bbp_anonymous_reply_count":0,"_bbp_topic_count_hidden":0,"_bbp_reply_count_hidden":0,"_bbp_forum_subforum_count":0,"footnotes":""},"class_list":["post-869","page","type-page","status-publish","hentry"],"post_mailing_queue_ids":[],"_links":{"self":[{"href":"https:\/\/agora.xtec.cat\/ceipbernatmetge\/wp-json\/wp\/v2\/pages\/869","targetHints":{"allow":["GET"]}}],"collection":[{"href":"https:\/\/agora.xtec.cat\/ceipbernatmetge\/wp-json\/wp\/v2\/pages"}],"about":[{"href":"https:\/\/agora.xtec.cat\/ceipbernatmetge\/wp-json\/wp\/v2\/types\/page"}],"author":[{"embeddable":true,"href":"https:\/\/agora.xtec.cat\/ceipbernatmetge\/wp-json\/wp\/v2\/users\/1"}],"replies":[{"embeddable":true,"href":"https:\/\/agora.xtec.cat\/ceipbernatmetge\/wp-json\/wp\/v2\/comments?post=869"}],"version-history":[{"count":6,"href":"https:\/\/agora.xtec.cat\/ceipbernatmetge\/wp-json\/wp\/v2\/pages\/869\/revisions"}],"predecessor-version":[{"id":5578,"href":"https:\/\/agora.xtec.cat\/ceipbernatmetge\/wp-json\/wp\/v2\/pages\/869\/revisions\/5578"}],"wp:attachment":[{"href":"https:\/\/agora.xtec.cat\/ceipbernatmetge\/wp-json\/wp\/v2\/media?parent=869"}],"curies":[{"name":"wp","href":"https:\/\/api.w.org\/{rel}","templated":true}]}}