{"id":485,"date":"2018-10-25T20:43:13","date_gmt":"2018-10-25T18:43:13","guid":{"rendered":"http:\/\/agora.xtec.cat\/ceipbenviure\/?page_id=485"},"modified":"2023-10-02T22:35:51","modified_gmt":"2023-10-02T20:35:51","slug":"laprenentatge-de-langles","status":"publish","type":"page","link":"https:\/\/agora.xtec.cat\/ceipbenviure\/projecte-innovador\/laprenentatge-de-langles\/","title":{"rendered":"L&#8217;aprenentatge de l&#8217;angl\u00e8s"},"content":{"rendered":"<div class=\"ast-oembed-container \" style=\"height: 100%;\"><iframe loading=\"lazy\" title=\"Living in English at Benviure\" width=\"500\" height=\"281\" src=\"https:\/\/www.youtube.com\/embed\/84NgfxwDlaE?feature=oembed\" frameborder=\"0\" allow=\"accelerometer; autoplay; clipboard-write; encrypted-media; gyroscope; picture-in-picture; web-share\" referrerpolicy=\"strict-origin-when-cross-origin\" allowfullscreen><\/iframe><\/div>\n<p>El Benviure sempre ha donat una especial import\u00e0ncia a l\u2019aprenentatge de la llengua anglesa i ha desenvolupat diverses activitats per tal de millorar el nivell de compet\u00e8ncia ling\u00fc\u00edstica en acabar l\u2019Educaci\u00f3 Prim\u00e0ria.<\/p>\n<p>La llengua s\u2019introdueix als 3 anys de manera vivencial i l\u00fadica, mitjan\u00e7ant can\u00e7ons, jocs, DVDs, \u2026, facilitant als alumnes situacions d\u2019interacci\u00f3 i comunicaci\u00f3.<\/p>\n<p style=\"margin-bottom: 5px;\">Hem participat en dues convocat\u00f2ries de Projectes d\u2019Innovaci\u00f3 (PELE):<\/p>\n<ul style=\"margin-left: 40px;\">\n<li>Let\u2019s have fun learning English (2006-2009)<\/li>\n<li>English across the curriculum (2009-2012)<\/li>\n<\/ul>\n<p>Incorporem un <strong>auxiliar de conversa nadiu des de I4<\/strong>, a l&#8217;aula de racons d&#8217;educaci\u00f3 infantil.<\/p>\n<p>Treballem l&#8217;<strong>speaking en grups de conversa redu\u00efts<\/strong> i<span style=\"font-family: inherit; font-size: 1em;\">\u00a0en dues \u00e0rees no ling\u00fc\u00edsticques: <strong>Science i Art &amp; Crafts<\/strong>.<\/span><\/p>\n<p>Cada curs <strong>celebrem les English Afternoons i l&#8217;English Day<\/strong> amb tota la comunitat educativa.<\/p>\n<p>Intercanvi amb altres escoles europees que tenen com a segona llengua l&#8217;angl\u00e8s a trav\u00e9s del programa <strong>eTwinning<\/strong>.<a href=\"https:\/\/agora.xtec.cat\/ceipbenviure\/categoria\/primaria\/angles\/\"><br \/>\n<\/a><a href=\"https:\/\/agora.xtec.cat\/ceipbenviure\/categoria\/primaria\/angles\/etwinning\/\"><img loading=\"lazy\" decoding=\"async\" class=\"aligncenter wp-image-13694 size-medium\" src=\"https:\/\/agora.xtec.cat\/ceipbenviure\/wp-content\/uploads\/usu1908\/Escola-Benviure-etwinning-logo-general-300x90.jpg\" alt=\"\" width=\"300\" height=\"90\" srcset=\"https:\/\/agora.xtec.cat\/ceipbenviure\/wp-content\/uploads\/usu1908\/Escola-Benviure-etwinning-logo-general-300x90.jpg 300w, https:\/\/agora.xtec.cat\/ceipbenviure\/wp-content\/uploads\/usu1908\/Escola-Benviure-etwinning-logo-general-1024x309.jpg 1024w, https:\/\/agora.xtec.cat\/ceipbenviure\/wp-content\/uploads\/usu1908\/Escola-Benviure-etwinning-logo-general-768x232.jpg 768w, https:\/\/agora.xtec.cat\/ceipbenviure\/wp-content\/uploads\/usu1908\/Escola-Benviure-etwinning-logo-general-1536x463.jpg 1536w, https:\/\/agora.xtec.cat\/ceipbenviure\/wp-content\/uploads\/usu1908\/Escola-Benviure-etwinning-logo-general-2048x617.jpg 2048w\" sizes=\"auto, (max-width: 300px) 100vw, 300px\" \/><\/a><\/p>\n<p><a href=\"https:\/\/agora.xtec.cat\/ceipbenviure\/categoria\/primaria\/angles\/\"><img loading=\"lazy\" decoding=\"async\" class=\"aligncenter wp-image-13695 size-medium\" src=\"https:\/\/agora.xtec.cat\/ceipbenviure\/wp-content\/uploads\/usu1908\/Escola-Benviure-Castellbisbal-English-News-Maria-Ortega-300x90.jpg\" alt=\"\" width=\"300\" height=\"90\" srcset=\"https:\/\/agora.xtec.cat\/ceipbenviure\/wp-content\/uploads\/usu1908\/Escola-Benviure-Castellbisbal-English-News-Maria-Ortega-300x90.jpg 300w, https:\/\/agora.xtec.cat\/ceipbenviure\/wp-content\/uploads\/usu1908\/Escola-Benviure-Castellbisbal-English-News-Maria-Ortega-1024x309.jpg 1024w, https:\/\/agora.xtec.cat\/ceipbenviure\/wp-content\/uploads\/usu1908\/Escola-Benviure-Castellbisbal-English-News-Maria-Ortega-768x232.jpg 768w, https:\/\/agora.xtec.cat\/ceipbenviure\/wp-content\/uploads\/usu1908\/Escola-Benviure-Castellbisbal-English-News-Maria-Ortega-1536x463.jpg 1536w, https:\/\/agora.xtec.cat\/ceipbenviure\/wp-content\/uploads\/usu1908\/Escola-Benviure-Castellbisbal-English-News-Maria-Ortega-2048x617.jpg 2048w\" sizes=\"auto, (max-width: 300px) 100vw, 300px\" \/><\/a><\/p>\n<p style=\"text-align: center;\"><a href=\"https:\/\/sites.google.com\/benviure.cat\/saycheese22-23\/main\"><img loading=\"lazy\" decoding=\"async\" class=\"https:\/\/sites.google.com\/benviure.cat\/saycheese22-23\/main alignnone wp-image-14676 size-medium\" src=\"https:\/\/agora.xtec.cat\/ceipbenviure\/wp-content\/uploads\/usu1908\/Say-Cheese-Logo-2-300x300.jpg\" alt=\"\" width=\"300\" height=\"300\" srcset=\"https:\/\/agora.xtec.cat\/ceipbenviure\/wp-content\/uploads\/usu1908\/Say-Cheese-Logo-2-300x300.jpg 300w, https:\/\/agora.xtec.cat\/ceipbenviure\/wp-content\/uploads\/usu1908\/Say-Cheese-Logo-2-1024x1024.jpg 1024w, https:\/\/agora.xtec.cat\/ceipbenviure\/wp-content\/uploads\/usu1908\/Say-Cheese-Logo-2-150x150.jpg 150w, https:\/\/agora.xtec.cat\/ceipbenviure\/wp-content\/uploads\/usu1908\/Say-Cheese-Logo-2-768x768.jpg 768w, https:\/\/agora.xtec.cat\/ceipbenviure\/wp-content\/uploads\/usu1908\/Say-Cheese-Logo-2.jpg 1250w\" sizes=\"auto, (max-width: 300px) 100vw, 300px\" \/><\/a><\/p>\n","protected":false},"excerpt":{"rendered":"<p>El Benviure sempre ha donat una especial import\u00e0ncia a l\u2019aprenentatge de la llengua anglesa i ha desenvolupat diverses activitats per tal de millorar el nivell de compet\u00e8ncia ling\u00fc\u00edstica en acabar l\u2019Educaci\u00f3 Prim\u00e0ria. La llengua s\u2019introdueix als 3 anys de manera vivencial i l\u00fadica, mitjan\u00e7ant can\u00e7ons, jocs, DVDs, \u2026, facilitant als alumnes situacions d\u2019interacci\u00f3 i comunicaci\u00f3. [&hellip;]<\/p>\n","protected":false},"author":1,"featured_media":0,"parent":64,"menu_order":0,"comment_status":"closed","ping_status":"closed","template":"page-templates\/side-menu.php","meta":{"_bbp_topic_count":0,"_bbp_reply_count":0,"_bbp_total_topic_count":0,"_bbp_total_reply_count":0,"_bbp_voice_count":0,"_bbp_anonymous_reply_count":0,"_bbp_topic_count_hidden":0,"_bbp_reply_count_hidden":0,"_bbp_forum_subforum_count":0,"site-sidebar-layout":"default","site-content-layout":"","ast-site-content-layout":"","site-content-style":"default","site-sidebar-style":"default","ast-global-header-display":"","ast-banner-title-visibility":"","ast-main-header-display":"","ast-hfb-above-header-display":"","ast-hfb-below-header-display":"","ast-hfb-mobile-header-display":"","site-post-title":"","ast-breadcrumbs-content":"","ast-featured-img":"","footer-sml-layout":"","theme-transparent-header-meta":"","adv-header-id-meta":"","stick-header-meta":"","header-above-stick-meta":"","header-main-stick-meta":"","header-below-stick-meta":"","astra-migrate-meta-layouts":"default","ast-page-background-enabled":"default","ast-page-background-meta":{"desktop":{"background-color":"var(--ast-global-color-4)","background-image":"","background-repeat":"repeat","background-position":"center center","background-size":"auto","background-attachment":"scroll","background-type":"","background-media":"","overlay-type":"","overlay-color":"","overlay-opacity":"","overlay-gradient":""},"tablet":{"background-color":"","background-image":"","background-repeat":"repeat","background-position":"center center","background-size":"auto","background-attachment":"scroll","background-type":"","background-media":"","overlay-type":"","overlay-color":"","overlay-opacity":"","overlay-gradient":""},"mobile":{"background-color":"","background-image":"","background-repeat":"repeat","background-position":"center center","background-size":"auto","background-attachment":"scroll","background-type":"","background-media":"","overlay-type":"","overlay-color":"","overlay-opacity":"","overlay-gradient":""}},"ast-content-background-meta":{"desktop":{"background-color":"var(--ast-global-color-5)","background-image":"","background-repeat":"repeat","background-position":"center center","background-size":"auto","background-attachment":"scroll","background-type":"","background-media":"","overlay-type":"","overlay-color":"","overlay-opacity":"","overlay-gradient":""},"tablet":{"background-color":"var(--ast-global-color-5)","background-image":"","background-repeat":"repeat","background-position":"center center","background-size":"auto","background-attachment":"scroll","background-type":"","background-media":"","overlay-type":"","overlay-color":"","overlay-opacity":"","overlay-gradient":""},"mobile":{"background-color":"var(--ast-global-color-5)","background-image":"","background-repeat":"repeat","background-position":"center center","background-size":"auto","background-attachment":"scroll","background-type":"","background-media":"","overlay-type":"","overlay-color":"","overlay-opacity":"","overlay-gradient":""}},"footnotes":""},"class_list":["post-485","page","type-page","status-publish","hentry"],"post_mailing_queue_ids":[],"_links":{"self":[{"href":"https:\/\/agora.xtec.cat\/ceipbenviure\/wp-json\/wp\/v2\/pages\/485","targetHints":{"allow":["GET"]}}],"collection":[{"href":"https:\/\/agora.xtec.cat\/ceipbenviure\/wp-json\/wp\/v2\/pages"}],"about":[{"href":"https:\/\/agora.xtec.cat\/ceipbenviure\/wp-json\/wp\/v2\/types\/page"}],"author":[{"embeddable":true,"href":"https:\/\/agora.xtec.cat\/ceipbenviure\/wp-json\/wp\/v2\/users\/1"}],"replies":[{"embeddable":true,"href":"https:\/\/agora.xtec.cat\/ceipbenviure\/wp-json\/wp\/v2\/comments?post=485"}],"version-history":[{"count":4,"href":"https:\/\/agora.xtec.cat\/ceipbenviure\/wp-json\/wp\/v2\/pages\/485\/revisions"}],"predecessor-version":[{"id":15645,"href":"https:\/\/agora.xtec.cat\/ceipbenviure\/wp-json\/wp\/v2\/pages\/485\/revisions\/15645"}],"up":[{"embeddable":true,"href":"https:\/\/agora.xtec.cat\/ceipbenviure\/wp-json\/wp\/v2\/pages\/64"}],"wp:attachment":[{"href":"https:\/\/agora.xtec.cat\/ceipbenviure\/wp-json\/wp\/v2\/media?parent=485"}],"curies":[{"name":"wp","href":"https:\/\/api.w.org\/{rel}","templated":true}]}}