{"id":1687,"date":"2014-01-14T01:35:51","date_gmt":"2014-01-14T00:35:51","guid":{"rendered":"http:\/\/benviure.cat\/?page_id=1687"},"modified":"2019-01-07T18:19:29","modified_gmt":"2019-01-07T17:19:29","slug":"qui-som","status":"publish","type":"page","link":"https:\/\/agora.xtec.cat\/ceipbenviure\/el-nostre-centre\/qui-som\/","title":{"rendered":"Qui som"},"content":{"rendered":"<p><iframe loading=\"lazy\" src=\"https:\/\/www.youtube.com\/embed\/76XrufsvtAc\" width=\"100%\" height=\"600\" frameborder=\"0\"><\/iframe><\/p>\n<h1>Benvinguts al web de l&#8217;Escola Benviure, una escola del segle XXI<\/h1>\n<p><strong>L\u2019Escola Benviure \u00e9s un centre escolar p\u00fablic que va comen\u00e7ar a funcionar el setembre de 2005 com a centre d\u2019Educaci\u00f3 Infantil i Prim\u00e0ria, i que pret\u00e9n oferir un ensenyament de qualitat en la seva proposta educativa.<\/strong><\/p>\n<p>Aquesta p\u00e0gina vol ser un vincle de comunicaci\u00f3 entre tota la comunitat educativa (alumnes, pares, mestres, \u2026) i a la vegada volem donar a con\u00e8ixer el nostre centre a totes les persones interessades.<\/p>\n<p>Donat que el nostre objectiu principal \u00e9s l\u2019educaci\u00f3 volem que aquesta p\u00e0gina sigui tamb\u00e9 una eina al servei de les activitats escolars aprofitant les noves tecnologies inform\u00e0tiques.<\/p>\n<p>El nostre Projecte Educatiu es basa en l\u2019educaci\u00f3 integral dels nens i nenes i es defineix com a escola laica, democr\u00e1tica, coeducativa, integradora i respectuosa amb els altres i amb l\u2019entorn natural, impulsora de les tecnologies de la informaci\u00f3, de l\u2019angl\u00e8s com una llengua m\u00e9s a la nostra comunitat, participativa i oberta a les fam\u00edlies. \u00c9s, en definitiva, una escola del nostre temps, oberta al futur, per\u00f2 sense perdre de vista els valors humans que pensem que han de fonamentar una societat m\u00e9s justa, oberta i democr\u00e1tica.<\/p>\n<p>Desitgem que aquesta p\u00e0gina us sigui \u00fatil. Estem a la vostra disposici\u00f3.<\/p>\n","protected":false},"excerpt":{"rendered":"<p>Benvinguts al web de l&#8217;Escola Benviure, una escola del segle XXI L\u2019Escola Benviure \u00e9s un centre escolar p\u00fablic que va comen\u00e7ar a funcionar el setembre de 2005 com a centre d\u2019Educaci\u00f3 Infantil i Prim\u00e0ria, i que pret\u00e9n oferir un ensenyament de qualitat en la seva proposta educativa. Aquesta p\u00e0gina vol ser un vincle de comunicaci\u00f3 [&hellip;]<\/p>\n","protected":false},"author":2,"featured_media":0,"parent":1642,"menu_order":1,"comment_status":"closed","ping_status":"closed","template":"page-templates\/side-menu.php","meta":{"_bbp_topic_count":0,"_bbp_reply_count":0,"_bbp_total_topic_count":0,"_bbp_total_reply_count":0,"_bbp_voice_count":0,"_bbp_anonymous_reply_count":0,"_bbp_topic_count_hidden":0,"_bbp_reply_count_hidden":0,"_bbp_forum_subforum_count":0,"site-sidebar-layout":"default","site-content-layout":"","ast-site-content-layout":"","site-content-style":"default","site-sidebar-style":"default","ast-global-header-display":"","ast-banner-title-visibility":"","ast-main-header-display":"","ast-hfb-above-header-display":"","ast-hfb-below-header-display":"","ast-hfb-mobile-header-display":"","site-post-title":"","ast-breadcrumbs-content":"","ast-featured-img":"","footer-sml-layout":"","theme-transparent-header-meta":"","adv-header-id-meta":"","stick-header-meta":"","header-above-stick-meta":"","header-main-stick-meta":"","header-below-stick-meta":"","astra-migrate-meta-layouts":"default","ast-page-background-enabled":"default","ast-page-background-meta":{"desktop":{"background-color":"var(--ast-global-color-4)","background-image":"","background-repeat":"repeat","background-position":"center center","background-size":"auto","background-attachment":"scroll","background-type":"","background-media":"","overlay-type":"","overlay-color":"","overlay-opacity":"","overlay-gradient":""},"tablet":{"background-color":"","background-image":"","background-repeat":"repeat","background-position":"center center","background-size":"auto","background-attachment":"scroll","background-type":"","background-media":"","overlay-type":"","overlay-color":"","overlay-opacity":"","overlay-gradient":""},"mobile":{"background-color":"","background-image":"","background-repeat":"repeat","background-position":"center center","background-size":"auto","background-attachment":"scroll","background-type":"","background-media":"","overlay-type":"","overlay-color":"","overlay-opacity":"","overlay-gradient":""}},"ast-content-background-meta":{"desktop":{"background-color":"var(--ast-global-color-5)","background-image":"","background-repeat":"repeat","background-position":"center center","background-size":"auto","background-attachment":"scroll","background-type":"","background-media":"","overlay-type":"","overlay-color":"","overlay-opacity":"","overlay-gradient":""},"tablet":{"background-color":"var(--ast-global-color-5)","background-image":"","background-repeat":"repeat","background-position":"center center","background-size":"auto","background-attachment":"scroll","background-type":"","background-media":"","overlay-type":"","overlay-color":"","overlay-opacity":"","overlay-gradient":""},"mobile":{"background-color":"var(--ast-global-color-5)","background-image":"","background-repeat":"repeat","background-position":"center center","background-size":"auto","background-attachment":"scroll","background-type":"","background-media":"","overlay-type":"","overlay-color":"","overlay-opacity":"","overlay-gradient":""}},"footnotes":""},"class_list":["post-1687","page","type-page","status-publish","hentry"],"post_mailing_queue_ids":[],"_links":{"self":[{"href":"https:\/\/agora.xtec.cat\/ceipbenviure\/wp-json\/wp\/v2\/pages\/1687","targetHints":{"allow":["GET"]}}],"collection":[{"href":"https:\/\/agora.xtec.cat\/ceipbenviure\/wp-json\/wp\/v2\/pages"}],"about":[{"href":"https:\/\/agora.xtec.cat\/ceipbenviure\/wp-json\/wp\/v2\/types\/page"}],"author":[{"embeddable":true,"href":"https:\/\/agora.xtec.cat\/ceipbenviure\/wp-json\/wp\/v2\/users\/2"}],"replies":[{"embeddable":true,"href":"https:\/\/agora.xtec.cat\/ceipbenviure\/wp-json\/wp\/v2\/comments?post=1687"}],"version-history":[{"count":3,"href":"https:\/\/agora.xtec.cat\/ceipbenviure\/wp-json\/wp\/v2\/pages\/1687\/revisions"}],"predecessor-version":[{"id":10810,"href":"https:\/\/agora.xtec.cat\/ceipbenviure\/wp-json\/wp\/v2\/pages\/1687\/revisions\/10810"}],"up":[{"embeddable":true,"href":"https:\/\/agora.xtec.cat\/ceipbenviure\/wp-json\/wp\/v2\/pages\/1642"}],"wp:attachment":[{"href":"https:\/\/agora.xtec.cat\/ceipbenviure\/wp-json\/wp\/v2\/media?parent=1687"}],"curies":[{"name":"wp","href":"https:\/\/api.w.org\/{rel}","templated":true}]}}