{"id":10887,"date":"2019-01-11T20:25:35","date_gmt":"2019-01-11T19:25:35","guid":{"rendered":"http:\/\/agora.xtec.cat\/ceipbenviure\/?page_id=10887"},"modified":"2021-06-07T14:21:42","modified_gmt":"2021-06-07T12:21:42","slug":"activitats","status":"publish","type":"page","link":"https:\/\/agora.xtec.cat\/ceipbenviure\/apadrinem-el-territori\/activitats\/","title":{"rendered":"Activitats"},"content":{"rendered":"<p>Curs 2018-2019<\/p>\n<blockquote class=\"wp-embedded-content\" data-secret=\"dqe1GkVewF\"><p><a href=\"https:\/\/agora.xtec.cat\/ceipbenviure\/primaria\/6e\/geometria-al-parc-de-lermita\/\">Geometria al Parc de l&#8217;Ermita<\/a><\/p><\/blockquote>\n<p><iframe loading=\"lazy\" class=\"wp-embedded-content\" sandbox=\"allow-scripts\" security=\"restricted\" style=\"position: absolute; clip: rect(1px, 1px, 1px, 1px);\" title=\"&#8220;Geometria al Parc de l&#8217;Ermita&#8221; &#8212; Escola Benviure\" src=\"https:\/\/agora.xtec.cat\/ceipbenviure\/primaria\/6e\/geometria-al-parc-de-lermita\/embed\/#?secret=tIR5ejS1oR#?secret=dqe1GkVewF\" data-secret=\"dqe1GkVewF\" width=\"500\" height=\"282\" frameborder=\"0\" marginwidth=\"0\" marginheight=\"0\" scrolling=\"no\"><\/iframe><\/p>\n<blockquote class=\"wp-embedded-content\" data-secret=\"6rm6LLfUUN\"><p><a href=\"https:\/\/agora.xtec.cat\/ceipbenviure\/infantil\/i3\/els-gegantons-hem-sortit-a-buscar-el-tio\/\">Els Gegantons hem sortit a buscar el Ti\u00f3<\/a><\/p><\/blockquote>\n<p><iframe loading=\"lazy\" class=\"wp-embedded-content\" sandbox=\"allow-scripts\" security=\"restricted\" style=\"position: absolute; clip: rect(1px, 1px, 1px, 1px);\" title=\"&#8220;Els Gegantons hem sortit a buscar el Ti\u00f3&#8221; &#8212; Escola Benviure\" src=\"https:\/\/agora.xtec.cat\/ceipbenviure\/infantil\/i3\/els-gegantons-hem-sortit-a-buscar-el-tio\/embed\/#?secret=91dtH0RVhJ#?secret=6rm6LLfUUN\" data-secret=\"6rm6LLfUUN\" width=\"500\" height=\"282\" frameborder=\"0\" marginwidth=\"0\" marginheight=\"0\" scrolling=\"no\"><\/iframe><\/p>\n<blockquote class=\"wp-embedded-content\" data-secret=\"NsSZbZwYXe\"><p><a href=\"https:\/\/agora.xtec.cat\/ceipbenviure\/primaria\/5e\/els-alumnes-de-cinque-observem-la-vegetacio-del-parc-de-lermita-per-elaborar-un-herbari\/\">Els alumnes de cinqu\u00e8 observem la vegetaci\u00f3 del Parc de l&#8217;Ermita per elaborar un herbari<\/a><\/p><\/blockquote>\n<p><iframe loading=\"lazy\" class=\"wp-embedded-content\" sandbox=\"allow-scripts\" security=\"restricted\" style=\"position: absolute; clip: rect(1px, 1px, 1px, 1px);\" title=\"&#8220;Els alumnes de cinqu\u00e8 observem la vegetaci\u00f3 del Parc de l&#8217;Ermita per elaborar un herbari&#8221; &#8212; Escola Benviure\" src=\"https:\/\/agora.xtec.cat\/ceipbenviure\/primaria\/5e\/els-alumnes-de-cinque-observem-la-vegetacio-del-parc-de-lermita-per-elaborar-un-herbari\/embed\/#?secret=sBkgKOOY6A#?secret=NsSZbZwYXe\" data-secret=\"NsSZbZwYXe\" width=\"500\" height=\"282\" frameborder=\"0\" marginwidth=\"0\" marginheight=\"0\" scrolling=\"no\"><\/iframe><\/p>\n<blockquote class=\"wp-embedded-content\" data-secret=\"mIs4ZAjrh4\"><p><a href=\"https:\/\/agora.xtec.cat\/ceipbenviure\/primaria\/3r\/els-gegants-de-rubi-visitem-el-parc-de-lermita\/\">Els Gegants de Rub\u00ed visitem el parc de l&#8217;Ermita<\/a><\/p><\/blockquote>\n<p><iframe loading=\"lazy\" class=\"wp-embedded-content\" sandbox=\"allow-scripts\" security=\"restricted\" style=\"position: absolute; clip: rect(1px, 1px, 1px, 1px);\" title=\"&#8220;Els Gegants de Rub\u00ed visitem el parc de l&#8217;Ermita&#8221; &#8212; Escola Benviure\" src=\"https:\/\/agora.xtec.cat\/ceipbenviure\/primaria\/3r\/els-gegants-de-rubi-visitem-el-parc-de-lermita\/embed\/#?secret=FzjPb5AKSY#?secret=mIs4ZAjrh4\" data-secret=\"mIs4ZAjrh4\" width=\"500\" height=\"282\" frameborder=\"0\" marginwidth=\"0\" marginheight=\"0\" scrolling=\"no\"><\/iframe><\/p>\n<blockquote class=\"wp-embedded-content\" data-secret=\"1ogquSJ6Tx\"><p><a href=\"https:\/\/agora.xtec.cat\/ceipbenviure\/primaria\/1r\/tota-la-primaria-celebrem-dijous-gras-al-parc-de-lermita\/\">Tota la prim\u00e0ria celebrem dijous gras al Parc de l\u2019Ermita<\/a><\/p><\/blockquote>\n<p><iframe loading=\"lazy\" class=\"wp-embedded-content\" sandbox=\"allow-scripts\" security=\"restricted\" style=\"position: absolute; clip: rect(1px, 1px, 1px, 1px);\" title=\"&#8220;Tota la prim\u00e0ria celebrem dijous gras al Parc de l\u2019Ermita&#8221; &#8212; Escola Benviure\" src=\"https:\/\/agora.xtec.cat\/ceipbenviure\/primaria\/1r\/tota-la-primaria-celebrem-dijous-gras-al-parc-de-lermita\/embed\/#?secret=42BFPPRk2P#?secret=1ogquSJ6Tx\" data-secret=\"1ogquSJ6Tx\" width=\"500\" height=\"282\" frameborder=\"0\" marginwidth=\"0\" marginheight=\"0\" scrolling=\"no\"><\/iframe><\/p>\n<blockquote class=\"wp-embedded-content\" data-secret=\"XnyWp0wwd0\"><p><a href=\"https:\/\/agora.xtec.cat\/ceipbenviure\/primaria\/1r\/cursa-dorientacio-al-parc-de-lermita\/\">Cursa d&#8217;orientaci\u00f3 al Parc de l&#8217;Ermita<\/a><\/p><\/blockquote>\n<p><iframe loading=\"lazy\" class=\"wp-embedded-content\" sandbox=\"allow-scripts\" security=\"restricted\" style=\"position: absolute; clip: rect(1px, 1px, 1px, 1px);\" title=\"&#8220;Cursa d&#8217;orientaci\u00f3 al Parc de l&#8217;Ermita&#8221; &#8212; Escola Benviure\" src=\"https:\/\/agora.xtec.cat\/ceipbenviure\/primaria\/1r\/cursa-dorientacio-al-parc-de-lermita\/embed\/#?secret=2LTXebn58G#?secret=XnyWp0wwd0\" data-secret=\"XnyWp0wwd0\" width=\"500\" height=\"282\" frameborder=\"0\" marginwidth=\"0\" marginheight=\"0\" scrolling=\"no\"><\/iframe><\/p>\n<blockquote class=\"wp-embedded-content\" data-secret=\"gaQ9686tsR\"><p><a href=\"https:\/\/agora.xtec.cat\/ceipbenviure\/noticies\/festa-final-de-curs\/\">Festa final de curs<\/a><\/p><\/blockquote>\n<p><iframe loading=\"lazy\" class=\"wp-embedded-content\" sandbox=\"allow-scripts\" security=\"restricted\" style=\"position: absolute; clip: rect(1px, 1px, 1px, 1px);\" title=\"&#8220;Festa final de curs&#8221; &#8212; Escola Benviure\" src=\"https:\/\/agora.xtec.cat\/ceipbenviure\/noticies\/festa-final-de-curs\/embed\/#?secret=sOgG88Hqh0#?secret=gaQ9686tsR\" data-secret=\"gaQ9686tsR\" width=\"500\" height=\"282\" frameborder=\"0\" marginwidth=\"0\" marginheight=\"0\" scrolling=\"no\"><\/iframe><\/p>\n<p>Curs 2019-2020<\/p>\n<blockquote class=\"wp-embedded-content\" data-secret=\"a3NgMGGu8L\"><p><a href=\"https:\/\/agora.xtec.cat\/ceipbenviure\/primaria\/6e\/els-anie-i-els-mamma-mia-fem-un-dibuix-al-natural-del-parc-de-lermita\/\">Els Anie i els Mamma Mia fem un dibuix al natural del Parc de l\u2019Ermita<\/a><\/p><\/blockquote>\n<p><iframe loading=\"lazy\" class=\"wp-embedded-content\" sandbox=\"allow-scripts\" security=\"restricted\" style=\"position: absolute; clip: rect(1px, 1px, 1px, 1px);\" title=\"&#8220;Els Anie i els Mamma Mia fem un dibuix al natural del Parc de l\u2019Ermita&#8221; &#8212; Escola Benviure\" src=\"https:\/\/agora.xtec.cat\/ceipbenviure\/primaria\/6e\/els-anie-i-els-mamma-mia-fem-un-dibuix-al-natural-del-parc-de-lermita\/embed\/#?secret=ODN8R0p3Fn#?secret=a3NgMGGu8L\" data-secret=\"a3NgMGGu8L\" width=\"500\" height=\"282\" frameborder=\"0\" marginwidth=\"0\" marginheight=\"0\" scrolling=\"no\"><\/iframe><\/p>\n<p>Curs 2020-2021<\/p>\n<blockquote class=\"wp-embedded-content\" data-secret=\"2QsOz9kybL\"><p><a href=\"https:\/\/agora.xtec.cat\/ceipbenviure\/noticies\/apadrinem-el-nostre-patrimoni\/\">Apadrinem el nostre patrimoni<\/a><\/p><\/blockquote>\n<p><iframe loading=\"lazy\" class=\"wp-embedded-content\" sandbox=\"allow-scripts\" security=\"restricted\" style=\"position: absolute; clip: rect(1px, 1px, 1px, 1px);\" title=\"&#8220;Apadrinem el nostre patrimoni&#8221; &#8212; Escola Benviure\" src=\"https:\/\/agora.xtec.cat\/ceipbenviure\/noticies\/apadrinem-el-nostre-patrimoni\/embed\/#?secret=Ne05RBaOJM#?secret=2QsOz9kybL\" data-secret=\"2QsOz9kybL\" width=\"500\" height=\"282\" frameborder=\"0\" marginwidth=\"0\" marginheight=\"0\" scrolling=\"no\"><\/iframe><\/p>\n<blockquote class=\"wp-embedded-content\" data-secret=\"4zUGR5zFIi\"><p><a href=\"https:\/\/agora.xtec.cat\/ceipbenviure\/infantil\/i3\/el-nostre-projecte-es-va-dibuixant\/\">El nostre projecte es va dibuixant<\/a><\/p><\/blockquote>\n<p><iframe loading=\"lazy\" class=\"wp-embedded-content\" sandbox=\"allow-scripts\" security=\"restricted\" style=\"position: absolute; clip: rect(1px, 1px, 1px, 1px);\" title=\"&#8220;El nostre projecte es va dibuixant&#8221; &#8212; Escola Benviure\" src=\"https:\/\/agora.xtec.cat\/ceipbenviure\/infantil\/i3\/el-nostre-projecte-es-va-dibuixant\/embed\/#?secret=9v0f6CGrOy#?secret=4zUGR5zFIi\" data-secret=\"4zUGR5zFIi\" width=\"500\" height=\"282\" frameborder=\"0\" marginwidth=\"0\" marginheight=\"0\" scrolling=\"no\"><\/iframe><\/p>\n<blockquote class=\"wp-embedded-content\" data-secret=\"75nn7477g1\"><p><a href=\"https:\/\/agora.xtec.cat\/ceipbenviure\/general\/les-fades-i-els-follets-anem-al-parc-de-lermita\/\">Les fades i els follets anem al Parc de l&#8217;Ermita.<\/a><\/p><\/blockquote>\n<p><iframe loading=\"lazy\" class=\"wp-embedded-content\" sandbox=\"allow-scripts\" security=\"restricted\" style=\"position: absolute; clip: rect(1px, 1px, 1px, 1px);\" title=\"&#8220;Les fades i els follets anem al Parc de l&#8217;Ermita.&#8221; &#8212; Escola Benviure\" src=\"https:\/\/agora.xtec.cat\/ceipbenviure\/general\/les-fades-i-els-follets-anem-al-parc-de-lermita\/embed\/#?secret=lKkaAIsVG2#?secret=75nn7477g1\" data-secret=\"75nn7477g1\" width=\"500\" height=\"282\" frameborder=\"0\" marginwidth=\"0\" marginheight=\"0\" scrolling=\"no\"><\/iframe><\/p>\n<blockquote class=\"wp-embedded-content\" data-secret=\"zO5nHHsFxD\"><p><a href=\"https:\/\/agora.xtec.cat\/ceipbenviure\/infantil\/i3\/anem-dexcursio-al-bosc-de-lermita\/\">Anem d&#8217;excursi\u00f3 al bosc de l&#8217;Ermita<\/a><\/p><\/blockquote>\n<p><iframe loading=\"lazy\" class=\"wp-embedded-content\" sandbox=\"allow-scripts\" security=\"restricted\" style=\"position: absolute; clip: rect(1px, 1px, 1px, 1px);\" title=\"&#8220;Anem d&#8217;excursi\u00f3 al bosc de l&#8217;Ermita&#8221; &#8212; Escola Benviure\" src=\"https:\/\/agora.xtec.cat\/ceipbenviure\/infantil\/i3\/anem-dexcursio-al-bosc-de-lermita\/embed\/#?secret=16JhTjcEWg#?secret=zO5nHHsFxD\" data-secret=\"zO5nHHsFxD\" width=\"500\" height=\"282\" frameborder=\"0\" marginwidth=\"0\" marginheight=\"0\" scrolling=\"no\"><\/iframe><\/p>\n<blockquote class=\"wp-embedded-content\" data-secret=\"sK0id0lb9r\"><p><a href=\"https:\/\/agora.xtec.cat\/ceipbenviure\/infantil\/i3\/pintem-al-natural-com-georgia-okeeffe\/\">Pintem al natural, com Georgia O&#8217;Keeffe<\/a><\/p><\/blockquote>\n<p><iframe loading=\"lazy\" class=\"wp-embedded-content\" sandbox=\"allow-scripts\" security=\"restricted\" style=\"position: absolute; clip: rect(1px, 1px, 1px, 1px);\" title=\"&#8220;Pintem al natural, com Georgia O&#8217;Keeffe&#8221; &#8212; Escola Benviure\" src=\"https:\/\/agora.xtec.cat\/ceipbenviure\/infantil\/i3\/pintem-al-natural-com-georgia-okeeffe\/embed\/#?secret=NPyNvAMklW#?secret=sK0id0lb9r\" data-secret=\"sK0id0lb9r\" width=\"500\" height=\"282\" frameborder=\"0\" marginwidth=\"0\" marginheight=\"0\" scrolling=\"no\"><\/iframe><\/p>\n<blockquote class=\"wp-embedded-content\" data-secret=\"MuHtMLHur0\"><p><a href=\"https:\/\/agora.xtec.cat\/ceipbenviure\/primaria\/4t\/a-cicle-mitja-treballem-lorientacio\/\">A Cicle Mitj\u00e0 treballem l&#8217;orientaci\u00f3<\/a><\/p><\/blockquote>\n<p><iframe loading=\"lazy\" class=\"wp-embedded-content\" sandbox=\"allow-scripts\" security=\"restricted\" style=\"position: absolute; clip: rect(1px, 1px, 1px, 1px);\" title=\"&#8220;A Cicle Mitj\u00e0 treballem l&#8217;orientaci\u00f3&#8221; &#8212; Escola Benviure\" src=\"https:\/\/agora.xtec.cat\/ceipbenviure\/primaria\/4t\/a-cicle-mitja-treballem-lorientacio\/embed\/#?secret=AngoluoCWz#?secret=MuHtMLHur0\" data-secret=\"MuHtMLHur0\" width=\"500\" height=\"282\" frameborder=\"0\" marginwidth=\"0\" marginheight=\"0\" scrolling=\"no\"><\/iframe><\/p>\n<blockquote class=\"wp-embedded-content\" data-secret=\"2A416DJCRe\"><p><a href=\"https:\/\/agora.xtec.cat\/ceipbenviure\/general\/jugateca-ambiental-al-parc-de-lermita\/\">Jugateca ambiental al Parc de l&#8217;ermita<\/a><\/p><\/blockquote>\n<p><iframe loading=\"lazy\" class=\"wp-embedded-content\" sandbox=\"allow-scripts\" security=\"restricted\" style=\"position: absolute; clip: rect(1px, 1px, 1px, 1px);\" title=\"&#8220;Jugateca ambiental al Parc de l&#8217;ermita&#8221; &#8212; Escola Benviure\" src=\"https:\/\/agora.xtec.cat\/ceipbenviure\/general\/jugateca-ambiental-al-parc-de-lermita\/embed\/#?secret=XgoZkdfBHJ#?secret=2A416DJCRe\" data-secret=\"2A416DJCRe\" width=\"500\" height=\"282\" frameborder=\"0\" marginwidth=\"0\" marginheight=\"0\" scrolling=\"no\"><\/iframe><\/p>\n<blockquote class=\"wp-embedded-content\" data-secret=\"zSTQdI7YuA\"><p><a href=\"https:\/\/agora.xtec.cat\/ceipbenviure\/general\/apadrinem-el-nostre-patrimoni-2\/\">Apadrinem el nostre patrimoni<\/a><\/p><\/blockquote>\n<p><iframe loading=\"lazy\" class=\"wp-embedded-content\" sandbox=\"allow-scripts\" security=\"restricted\" style=\"position: absolute; clip: rect(1px, 1px, 1px, 1px);\" title=\"&#8220;Apadrinem el nostre patrimoni&#8221; &#8212; Escola Benviure\" src=\"https:\/\/agora.xtec.cat\/ceipbenviure\/general\/apadrinem-el-nostre-patrimoni-2\/embed\/#?secret=xhlETKxHOH#?secret=zSTQdI7YuA\" data-secret=\"zSTQdI7YuA\" width=\"500\" height=\"282\" frameborder=\"0\" marginwidth=\"0\" marginheight=\"0\" scrolling=\"no\"><\/iframe><\/p>\n","protected":false},"excerpt":{"rendered":"<p>Curs 2018-2019 Geometria al Parc de l&#8217;Ermita Els Gegantons hem sortit a buscar el Ti\u00f3 Els alumnes de cinqu\u00e8 observem la vegetaci\u00f3 del Parc de l&#8217;Ermita per elaborar un herbari Els Gegants de Rub\u00ed visitem el parc de l&#8217;Ermita Tota la prim\u00e0ria celebrem dijous gras al Parc de l\u2019Ermita Cursa d&#8217;orientaci\u00f3 al Parc de l&#8217;Ermita [&hellip;]<\/p>\n","protected":false},"author":3,"featured_media":0,"parent":10881,"menu_order":3,"comment_status":"closed","ping_status":"closed","template":"page-templates\/side-menu.php","meta":{"_bbp_topic_count":0,"_bbp_reply_count":0,"_bbp_total_topic_count":0,"_bbp_total_reply_count":0,"_bbp_voice_count":0,"_bbp_anonymous_reply_count":0,"_bbp_topic_count_hidden":0,"_bbp_reply_count_hidden":0,"_bbp_forum_subforum_count":0,"site-sidebar-layout":"default","site-content-layout":"","ast-site-content-layout":"","site-content-style":"default","site-sidebar-style":"default","ast-global-header-display":"","ast-banner-title-visibility":"","ast-main-header-display":"","ast-hfb-above-header-display":"","ast-hfb-below-header-display":"","ast-hfb-mobile-header-display":"","site-post-title":"","ast-breadcrumbs-content":"","ast-featured-img":"","footer-sml-layout":"","theme-transparent-header-meta":"","adv-header-id-meta":"","stick-header-meta":"","header-above-stick-meta":"","header-main-stick-meta":"","header-below-stick-meta":"","astra-migrate-meta-layouts":"default","ast-page-background-enabled":"default","ast-page-background-meta":{"desktop":{"background-color":"var(--ast-global-color-4)","background-image":"","background-repeat":"repeat","background-position":"center center","background-size":"auto","background-attachment":"scroll","background-type":"","background-media":"","overlay-type":"","overlay-color":"","overlay-opacity":"","overlay-gradient":""},"tablet":{"background-color":"","background-image":"","background-repeat":"repeat","background-position":"center center","background-size":"auto","background-attachment":"scroll","background-type":"","background-media":"","overlay-type":"","overlay-color":"","overlay-opacity":"","overlay-gradient":""},"mobile":{"background-color":"","background-image":"","background-repeat":"repeat","background-position":"center center","background-size":"auto","background-attachment":"scroll","background-type":"","background-media":"","overlay-type":"","overlay-color":"","overlay-opacity":"","overlay-gradient":""}},"ast-content-background-meta":{"desktop":{"background-color":"var(--ast-global-color-5)","background-image":"","background-repeat":"repeat","background-position":"center center","background-size":"auto","background-attachment":"scroll","background-type":"","background-media":"","overlay-type":"","overlay-color":"","overlay-opacity":"","overlay-gradient":""},"tablet":{"background-color":"var(--ast-global-color-5)","background-image":"","background-repeat":"repeat","background-position":"center center","background-size":"auto","background-attachment":"scroll","background-type":"","background-media":"","overlay-type":"","overlay-color":"","overlay-opacity":"","overlay-gradient":""},"mobile":{"background-color":"var(--ast-global-color-5)","background-image":"","background-repeat":"repeat","background-position":"center center","background-size":"auto","background-attachment":"scroll","background-type":"","background-media":"","overlay-type":"","overlay-color":"","overlay-opacity":"","overlay-gradient":""}},"footnotes":""},"class_list":["post-10887","page","type-page","status-publish","hentry"],"post_mailing_queue_ids":[],"_links":{"self":[{"href":"https:\/\/agora.xtec.cat\/ceipbenviure\/wp-json\/wp\/v2\/pages\/10887","targetHints":{"allow":["GET"]}}],"collection":[{"href":"https:\/\/agora.xtec.cat\/ceipbenviure\/wp-json\/wp\/v2\/pages"}],"about":[{"href":"https:\/\/agora.xtec.cat\/ceipbenviure\/wp-json\/wp\/v2\/types\/page"}],"author":[{"embeddable":true,"href":"https:\/\/agora.xtec.cat\/ceipbenviure\/wp-json\/wp\/v2\/users\/3"}],"replies":[{"embeddable":true,"href":"https:\/\/agora.xtec.cat\/ceipbenviure\/wp-json\/wp\/v2\/comments?post=10887"}],"version-history":[{"count":4,"href":"https:\/\/agora.xtec.cat\/ceipbenviure\/wp-json\/wp\/v2\/pages\/10887\/revisions"}],"predecessor-version":[{"id":13492,"href":"https:\/\/agora.xtec.cat\/ceipbenviure\/wp-json\/wp\/v2\/pages\/10887\/revisions\/13492"}],"up":[{"embeddable":true,"href":"https:\/\/agora.xtec.cat\/ceipbenviure\/wp-json\/wp\/v2\/pages\/10881"}],"wp:attachment":[{"href":"https:\/\/agora.xtec.cat\/ceipbenviure\/wp-json\/wp\/v2\/media?parent=10887"}],"curies":[{"name":"wp","href":"https:\/\/api.w.org\/{rel}","templated":true}]}}