{"id":32,"date":"2014-09-18T12:31:33","date_gmt":"2014-09-18T11:31:33","guid":{"rendered":"http:\/\/agora.xtec.cat\/ceipbellpuig\/?page_id=32"},"modified":"2026-02-17T11:43:35","modified_gmt":"2026-02-17T10:43:35","slug":"calendari-del-curs","status":"publish","type":"page","link":"https:\/\/agora.xtec.cat\/ceipbellpuig\/lescola\/calendari-del-curs\/","title":{"rendered":"Calendari del curs"},"content":{"rendered":"<h4><strong>Inici de curs:<\/strong><\/h4>\n<p>8 de setembre de 2025<\/p>\n<h4><strong>Vacances:<\/strong><\/h4>\n<p>NADAL: Del 22 de desembre de 2025 al 7 de gener de 2026 (ambd\u00f3s inclosos)<\/p>\n<p>SETMANA SANTA: Del 30 de mar\u00e7 al 6 d&#8217;abril de 2026 (ambd\u00f3s inclosos)<\/p>\n<p>ESTIU: A partir del 20 de juny de 2026<\/p>\n<h4><strong>Dies festius de lliure disposici\u00f3:<\/strong><\/h4>\n<p>Dies festius de lliure disposici\u00f3 acordats pel Consell Escolar:<\/p>\n<p>3 de novembre<br \/>\n5 de desembre<br \/>\n16 de febrer<br \/>\n13 de mar\u00e7<br \/>\n4 de maig<\/p>\n<h4><strong>Festa local:<\/strong><\/h4>\n<p>25 de maig de 2026<\/p>\n<h4><strong>Jornada compactada:<\/strong><\/h4>\n<p>19 de desembre de 2025 i del 8 al 19 de juny de\u00a0 2026 (ambd\u00f3s inclosos)<\/p>\n<p>L\u2019<b>horari lectiu<\/b>\u00a0del centre \u00e9s:<\/p>\n<p>Educaci\u00f3 Infantil (I3, I4 i I5) de 9h a 12:30h\u00a0 i de 15h a 16:30h .<\/p>\n<p>Educaci\u00f3 Prim\u00e0ria (de 1r a 6\u00e8) de 9h a 13h i de 15h a 16:30h.<\/p>\n<p>Horari de jornada compactada de 9h a 13h. (Els alumnes que utilitzen el servei de menjador surten a les 15:00h).<\/p>\n<p><a href=\"https:\/\/agora.xtec.cat\/ceipbellpuig\/wp-content\/uploads\/usu1575\/2025\/06\/Calendari-Bellpuig-2025-26.docx-1.pdf\" target=\"_blank\" rel=\"noopener\">CALENDARI ESCOLAR 25-26<\/a><\/p>\n","protected":false},"excerpt":{"rendered":"<p>Inici de curs: 8 de setembre de 2025 Vacances: NADAL: Del 22 de desembre de 2025 al 7 de gener de 2026 (ambd\u00f3s inclosos) SETMANA SANTA: Del 30 de mar\u00e7 al 6 d&#8217;abril de 2026 (ambd\u00f3s inclosos) ESTIU: A partir del 20 de juny de 2026 Dies festius de lliure disposici\u00f3: Dies festius de lliure [&hellip;]<\/p>\n","protected":false},"author":1,"featured_media":0,"parent":22,"menu_order":3,"comment_status":"closed","ping_status":"closed","template":"","meta":{"_bbp_topic_count":0,"_bbp_reply_count":0,"_bbp_total_topic_count":0,"_bbp_total_reply_count":0,"_bbp_voice_count":0,"_bbp_anonymous_reply_count":0,"_bbp_topic_count_hidden":0,"_bbp_reply_count_hidden":0,"_bbp_forum_subforum_count":0,"site-sidebar-layout":"default","site-content-layout":"","ast-site-content-layout":"default","site-content-style":"default","site-sidebar-style":"default","ast-global-header-display":"","ast-banner-title-visibility":"","ast-main-header-display":"","ast-hfb-above-header-display":"","ast-hfb-below-header-display":"","ast-hfb-mobile-header-display":"","site-post-title":"","ast-breadcrumbs-content":"","ast-featured-img":"","footer-sml-layout":"","theme-transparent-header-meta":"","adv-header-id-meta":"","stick-header-meta":"","header-above-stick-meta":"","header-main-stick-meta":"","header-below-stick-meta":"","astra-migrate-meta-layouts":"set","ast-page-background-enabled":"default","ast-page-background-meta":{"desktop":{"background-color":"var(--ast-global-color-4)","background-image":"","background-repeat":"repeat","background-position":"center center","background-size":"auto","background-attachment":"scroll","background-type":"","background-media":"","overlay-type":"","overlay-color":"","overlay-opacity":"","overlay-gradient":""},"tablet":{"background-color":"","background-image":"","background-repeat":"repeat","background-position":"center center","background-size":"auto","background-attachment":"scroll","background-type":"","background-media":"","overlay-type":"","overlay-color":"","overlay-opacity":"","overlay-gradient":""},"mobile":{"background-color":"","background-image":"","background-repeat":"repeat","background-position":"center center","background-size":"auto","background-attachment":"scroll","background-type":"","background-media":"","overlay-type":"","overlay-color":"","overlay-opacity":"","overlay-gradient":""}},"ast-content-background-meta":{"desktop":{"background-color":"var(--ast-global-color-5)","background-image":"","background-repeat":"repeat","background-position":"center center","background-size":"auto","background-attachment":"scroll","background-type":"","background-media":"","overlay-type":"","overlay-color":"","overlay-opacity":"","overlay-gradient":""},"tablet":{"background-color":"var(--ast-global-color-5)","background-image":"","background-repeat":"repeat","background-position":"center center","background-size":"auto","background-attachment":"scroll","background-type":"","background-media":"","overlay-type":"","overlay-color":"","overlay-opacity":"","overlay-gradient":""},"mobile":{"background-color":"var(--ast-global-color-5)","background-image":"","background-repeat":"repeat","background-position":"center center","background-size":"auto","background-attachment":"scroll","background-type":"","background-media":"","overlay-type":"","overlay-color":"","overlay-opacity":"","overlay-gradient":""}},"footnotes":""},"class_list":["post-32","page","type-page","status-publish","hentry"],"post_mailing_queue_ids":[],"_links":{"self":[{"href":"https:\/\/agora.xtec.cat\/ceipbellpuig\/wp-json\/wp\/v2\/pages\/32","targetHints":{"allow":["GET"]}}],"collection":[{"href":"https:\/\/agora.xtec.cat\/ceipbellpuig\/wp-json\/wp\/v2\/pages"}],"about":[{"href":"https:\/\/agora.xtec.cat\/ceipbellpuig\/wp-json\/wp\/v2\/types\/page"}],"author":[{"embeddable":true,"href":"https:\/\/agora.xtec.cat\/ceipbellpuig\/wp-json\/wp\/v2\/users\/1"}],"replies":[{"embeddable":true,"href":"https:\/\/agora.xtec.cat\/ceipbellpuig\/wp-json\/wp\/v2\/comments?post=32"}],"version-history":[{"count":6,"href":"https:\/\/agora.xtec.cat\/ceipbellpuig\/wp-json\/wp\/v2\/pages\/32\/revisions"}],"predecessor-version":[{"id":7540,"href":"https:\/\/agora.xtec.cat\/ceipbellpuig\/wp-json\/wp\/v2\/pages\/32\/revisions\/7540"}],"up":[{"embeddable":true,"href":"https:\/\/agora.xtec.cat\/ceipbellpuig\/wp-json\/wp\/v2\/pages\/22"}],"wp:attachment":[{"href":"https:\/\/agora.xtec.cat\/ceipbellpuig\/wp-json\/wp\/v2\/media?parent=32"}],"curies":[{"name":"wp","href":"https:\/\/api.w.org\/{rel}","templated":true}]}}

<h4><strong>Inici de curs:</strong></h4>
<p>8 de setembre de 2025</p>
<h4><strong>Vacances:</strong></h4>
<p>NADAL: Del 22 de desembre de 2025 al 7 de gener de 2026 (ambdós inclosos)</p>
<p>SETMANA SANTA: Del 30 de març al 6 d&#8217;abril de 2026 (ambdós inclosos)</p>
<p>ESTIU: A partir del 20 de juny de 2026</p>
<h4><strong>Dies festius de lliure disposició:</strong></h4>
<p>Dies festius de lliure disposició acordats pel Consell Escolar:</p>
<p>3 de novembre<br />
5 de desembre<br />
16 de febrer<br />
13 de març<br />
4 de maig</p>
<h4><strong>Festa local:</strong></h4>
<p>25 de maig de 2026</p>
<h4><strong>Jornada compactada:</strong></h4>
<p>19 de desembre de 2025 i del 8 al 19 de juny de  2026 (ambdós inclosos)</p>
<p>L’<b>horari lectiu</b> del centre és:</p>
<p>Educació Infantil (I3, I4 i I5) de 9h a 12:30h  i de 15h a 16:30h .</p>
<p>Educació Primària (de 1r a 6è) de 9h a 13h i de 15h a 16:30h.</p>
<p>Horari de jornada compactada de 9h a 13h. (Els alumnes que utilitzen el servei de menjador surten a les 15:00h).</p>
<p><a href="https://agora.xtec.cat/ceipbellpuig/wp-content/uploads/usu1575/2025/06/Calendari-Bellpuig-2025-26.docx-1.pdf" target="_blank" rel="noopener">CALENDARI ESCOLAR 25-26</a></p>

<p>Inici de curs: 8 de setembre de 2025 Vacances: NADAL: Del 22 de desembre de 2025 al 7 de gener de 2026 (ambdós inclosos) SETMANA SANTA: Del 30 de març al 6 d&#8217;abril de 2026 (ambdós inclosos) ESTIU: A partir del 20 de juny de 2026 Dies festius de lliure disposició: Dies festius de lliure [&hellip;]</p>
