{"id":543,"date":"2017-07-07T10:27:49","date_gmt":"2017-07-07T08:27:49","guid":{"rendered":"http:\/\/agora.xtec.cat\/ceipbeatbonaventura\/?page_id=543"},"modified":"2017-07-14T12:16:56","modified_gmt":"2017-07-14T10:16:56","slug":"salut","status":"publish","type":"page","link":"https:\/\/agora.xtec.cat\/ceipbeatbonaventura\/families\/salut\/","title":{"rendered":"Salut"},"content":{"rendered":"<h3><span style=\"color: #0000ff;\">Medicaments<\/span><\/h3>\n<p>Per poder administrar medicaments als alumnes, sempre que sigui imprescindible fer-ho en horari lectiu, cal que els pares, mares o tutors legals aportin un <strong>informe m\u00e8dic on consti el nom de l\u2019alumne, el nom del medicament que ha de prendre i la pauta d\u2019administraci\u00f3.<\/strong> Aix\u00ed mateix, els pares, mares o tutors legals han d\u2019aportar un escrit on es demani, l\u2019administraci\u00f3 al fill o filla del medicament prescrit d\u2019acord amb les pautes que constin en l\u2019informe esmentat,<strong> i se n\u2019autoritzi l\u2019administraci\u00f3<\/strong> als docents del centre.<\/p>\n<p style=\"text-align: left; padding-left: 30px;\"><a href=\"https:\/\/drive.google.com\/open?id=0BxtIn-EB7rp1Rk5WNTdWcTdIOGM\" target=\"_blank\" rel=\"noopener noreferrer\"><span style=\"color: #3366ff;\"><strong>Sol\u00b7licitud administraci\u00f3 medicaments<\/strong><\/span><\/a><\/p>\n<h3><span style=\"color: #0000ff;\"><strong>Vacunes a l\u2019escola<\/strong><\/span><\/h3>\n<p>Cada any el nostre centre segueix el pla acordat amb l\u2019Institut Catal\u00e0 de la Salut. Les tutores avisaran els alumnes dels dies que hauran de portar el carnet de salut i l&#8217;autoritzaci\u00f3. Les vacunes que s\u2019han d\u2019administrar a 6\u00e8 de prim\u00e0ria s\u00f3n:<\/p>\n<p style=\"padding-left: 30px;\">\u2013 Vacuna VPH (virus del papil\u00b7loma hum\u00e0)<\/p>\n<p style=\"padding-left: 30px;\">\u2013 Vacuna antihepatitis A+B<\/p>\n<p style=\"padding-left: 30px;\">\u2013 Vacuna antivaricel\u00b7losa.<\/p>\n<h3><span style=\"color: #0000ff;\"><strong>Al\u00b7l\u00e8rgies i intoler\u00e0ncies<\/strong><\/span><\/h3>\n<p>Si algun alumne presenta algun tipus d\u2019intoler\u00e0ncia i\/o al\u00b7l\u00e8rgia \u00e9s responsabilitat de les fam\u00edlies comunicar-ho al centre, aix\u00ed com tamb\u00e9, entregar una c\u00f2pia del\u00a0justificant m\u00e8dic pertinent.<\/p>\n<h3><span style=\"color: #0000ff;\"><strong>Tractaments pediculicides (polls)<\/strong><\/span><\/h3>\n<p>Cal que, des de casa, reviseu el cap dels vostres fills\/es peri\u00f2dicament.<\/p>\n<p>En cas que trobeu polls, cal avisar a la tutora i fer el tractament al nen\/a per tal d\u2019evitar contagis.<\/p>\n<p>Quan\u00a0ja hi hagi el cap net d\u2019infecci\u00f3, l\u2019alumne\/a pot tornar al centre.<\/p>\n","protected":false},"excerpt":{"rendered":"<p>Medicaments<br \/>\nPer poder administrar medicaments als alumnes, sempre que sigui imprescindible fer-ho en horari lectiu, cal que els pares, mares o tutors legals aportin un informe m\u00e8dic on consti el nom de l\u2019alumne, el nom del medicament que ha de prendre i la pauta d\u2019administraci\u00f3. Aix\u00ed&hellip;  <a href=\"https:\/\/agora.xtec.cat\/ceipbeatbonaventura\/families\/salut\/\" title=\"Read Salut\">Llegeix m\u00e9s\u00bb<\/a><\/p>\n","protected":false},"author":1,"featured_media":0,"parent":531,"menu_order":50,"comment_status":"closed","ping_status":"closed","template":"page-templates\/side-menu.php","meta":{"_bbp_topic_count":0,"_bbp_reply_count":0,"_bbp_total_topic_count":0,"_bbp_total_reply_count":0,"_bbp_voice_count":0,"_bbp_anonymous_reply_count":0,"_bbp_topic_count_hidden":0,"_bbp_reply_count_hidden":0,"_bbp_forum_subforum_count":0,"footnotes":""},"class_list":["post-543","page","type-page","status-publish","hentry"],"post_mailing_queue_ids":[],"_links":{"self":[{"href":"https:\/\/agora.xtec.cat\/ceipbeatbonaventura\/wp-json\/wp\/v2\/pages\/543","targetHints":{"allow":["GET"]}}],"collection":[{"href":"https:\/\/agora.xtec.cat\/ceipbeatbonaventura\/wp-json\/wp\/v2\/pages"}],"about":[{"href":"https:\/\/agora.xtec.cat\/ceipbeatbonaventura\/wp-json\/wp\/v2\/types\/page"}],"author":[{"embeddable":true,"href":"https:\/\/agora.xtec.cat\/ceipbeatbonaventura\/wp-json\/wp\/v2\/users\/1"}],"replies":[{"embeddable":true,"href":"https:\/\/agora.xtec.cat\/ceipbeatbonaventura\/wp-json\/wp\/v2\/comments?post=543"}],"version-history":[{"count":4,"href":"https:\/\/agora.xtec.cat\/ceipbeatbonaventura\/wp-json\/wp\/v2\/pages\/543\/revisions"}],"predecessor-version":[{"id":694,"href":"https:\/\/agora.xtec.cat\/ceipbeatbonaventura\/wp-json\/wp\/v2\/pages\/543\/revisions\/694"}],"up":[{"embeddable":true,"href":"https:\/\/agora.xtec.cat\/ceipbeatbonaventura\/wp-json\/wp\/v2\/pages\/531"}],"wp:attachment":[{"href":"https:\/\/agora.xtec.cat\/ceipbeatbonaventura\/wp-json\/wp\/v2\/media?parent=543"}],"curies":[{"name":"wp","href":"https:\/\/api.w.org\/{rel}","templated":true}]}}