{"id":34,"date":"2014-09-18T12:32:18","date_gmt":"2014-09-18T11:32:18","guid":{"rendered":"http:\/\/agora.xtec.cat\/ceipbaltasar\/?page_id=34"},"modified":"2025-09-15T16:14:03","modified_gmt":"2025-09-15T14:14:03","slug":"oferta-educativa","status":"publish","type":"page","link":"https:\/\/agora.xtec.cat\/ceipbaltasar\/lescola\/oferta-educativa\/","title":{"rendered":"Qui som? Balticlaustre 2025-2026"},"content":{"rendered":"<table style=\"height: 531px; width: 91.8283%; border-color: #fafafa;\">\n<tbody>\n<tr style=\"height: 455px;\">\n<td style=\"width: 39.8537%; height: 455px;\"><strong>Educaci\u00f3 Infantil<\/strong><\/p>\n<ul>\n<li>Lourdes Feliu<\/li>\n<li>Mireia Plana<\/li>\n<li>Txell Duch<\/li>\n<li>Dolors Boronat<\/li>\n<li>N\u00faria Busquets<\/li>\n<\/ul>\n<p><strong>Educaci\u00f3 Prim\u00e0ria<\/strong><\/p>\n<ul>\n<li>Montse Cunillera<\/li>\n<li>Carme Barrau<\/li>\n<li>N\u00faria P\u00e0mies<\/li>\n<li>Montse Garcia<\/li>\n<li>Anna Falc\u00f3<\/li>\n<li>Susana Urbano<\/li>\n<li>Laura Batiste<\/li>\n<li>Miquel \u00c0ngel Mart\u00edn-Rubio<\/li>\n<li>Sandra Sanahuja<\/li>\n<li>Gema Duch<\/li>\n<li>Vanesa Sans<\/li>\n<li>Maurici Gelamb\u00ed<\/li>\n<li>Ruben Antequera<\/li>\n<\/ul>\n<\/td>\n<td style=\"width: 58.8665%; height: 455px;\"><strong>Especialistes<\/strong><\/p>\n<ul>\n<li>Carlos Jov\u00e9, educaci\u00f3 f\u00edsica i psicomotricitat<\/li>\n<li>Andrea Ruiz, educaci\u00f3 f\u00edsica<\/li>\n<li>Sandra Sanahuja, angl\u00e8s<\/li>\n<li>Marc Vila, angl\u00e8s<\/li>\n<li>S\u00edlvia Mir\u00f3, angl\u00e8s<\/li>\n<li>Ariana Roca, m\u00fasica<\/li>\n<\/ul>\n<p><strong>T\u00e8cnic Educaci\u00f3 Infantil (TEI)<\/strong><\/p>\n<ul>\n<li>Montse Constant\u00ed<\/li>\n<li>Marta Fuentes<\/li>\n<\/ul>\n<p><strong>T\u00e8cnica Especialista en Educaci\u00f3 Especial (TEES)<\/strong><\/p>\n<ul>\n<li>Gemma Brull<\/li>\n<li>Gisela Vives<\/li>\n<\/ul>\n<\/td>\n<\/tr>\n<\/tbody>\n<\/table>\n","protected":false},"excerpt":{"rendered":"<p>Educaci\u00f3 Infantil Lourdes Feliu Mireia Plana Txell Duch Dolors Boronat N\u00faria Busquets Educaci\u00f3 Prim\u00e0ria Montse Cunillera Carme Barrau N\u00faria P\u00e0mies Montse Garcia Anna Falc\u00f3 Susana Urbano Laura Batiste Miquel \u00c0ngel Mart\u00edn-Rubio Sandra Sanahuja Gema Duch Vanesa Sans Maurici Gelamb\u00ed Ruben Antequera Especialistes Carlos Jov\u00e9, educaci\u00f3 f\u00edsica i psicomotricitat Andrea Ruiz, educaci\u00f3 f\u00edsica Sandra Sanahuja, angl\u00e8s [&hellip;]<\/p>\n","protected":false},"author":1,"featured_media":0,"parent":22,"menu_order":60,"comment_status":"closed","ping_status":"closed","template":"","meta":{"_bbp_topic_count":0,"_bbp_reply_count":0,"_bbp_total_topic_count":0,"_bbp_total_reply_count":0,"_bbp_voice_count":0,"_bbp_anonymous_reply_count":0,"_bbp_topic_count_hidden":0,"_bbp_reply_count_hidden":0,"_bbp_forum_subforum_count":0,"site-sidebar-layout":"default","site-content-layout":"","ast-site-content-layout":"default","site-content-style":"default","site-sidebar-style":"default","ast-global-header-display":"","ast-banner-title-visibility":"","ast-main-header-display":"","ast-hfb-above-header-display":"","ast-hfb-below-header-display":"","ast-hfb-mobile-header-display":"","site-post-title":"","ast-breadcrumbs-content":"","ast-featured-img":"","footer-sml-layout":"","theme-transparent-header-meta":"","adv-header-id-meta":"","stick-header-meta":"","header-above-stick-meta":"","header-main-stick-meta":"","header-below-stick-meta":"","astra-migrate-meta-layouts":"set","ast-page-background-enabled":"default","ast-page-background-meta":{"desktop":{"background-color":"var(--ast-global-color-4)","background-image":"","background-repeat":"repeat","background-position":"center center","background-size":"auto","background-attachment":"scroll","background-type":"","background-media":"","overlay-type":"","overlay-color":"","overlay-opacity":"","overlay-gradient":""},"tablet":{"background-color":"","background-image":"","background-repeat":"repeat","background-position":"center center","background-size":"auto","background-attachment":"scroll","background-type":"","background-media":"","overlay-type":"","overlay-color":"","overlay-opacity":"","overlay-gradient":""},"mobile":{"background-color":"","background-image":"","background-repeat":"repeat","background-position":"center center","background-size":"auto","background-attachment":"scroll","background-type":"","background-media":"","overlay-type":"","overlay-color":"","overlay-opacity":"","overlay-gradient":""}},"ast-content-background-meta":{"desktop":{"background-color":"var(--ast-global-color-5)","background-image":"","background-repeat":"repeat","background-position":"center center","background-size":"auto","background-attachment":"scroll","background-type":"","background-media":"","overlay-type":"","overlay-color":"","overlay-opacity":"","overlay-gradient":""},"tablet":{"background-color":"var(--ast-global-color-5)","background-image":"","background-repeat":"repeat","background-position":"center center","background-size":"auto","background-attachment":"scroll","background-type":"","background-media":"","overlay-type":"","overlay-color":"","overlay-opacity":"","overlay-gradient":""},"mobile":{"background-color":"var(--ast-global-color-5)","background-image":"","background-repeat":"repeat","background-position":"center center","background-size":"auto","background-attachment":"scroll","background-type":"","background-media":"","overlay-type":"","overlay-color":"","overlay-opacity":"","overlay-gradient":""}},"footnotes":""},"class_list":["post-34","page","type-page","status-publish","hentry"],"post_mailing_queue_ids":[],"_links":{"self":[{"href":"https:\/\/agora.xtec.cat\/ceipbaltasar\/wp-json\/wp\/v2\/pages\/34","targetHints":{"allow":["GET"]}}],"collection":[{"href":"https:\/\/agora.xtec.cat\/ceipbaltasar\/wp-json\/wp\/v2\/pages"}],"about":[{"href":"https:\/\/agora.xtec.cat\/ceipbaltasar\/wp-json\/wp\/v2\/types\/page"}],"author":[{"embeddable":true,"href":"https:\/\/agora.xtec.cat\/ceipbaltasar\/wp-json\/wp\/v2\/users\/1"}],"replies":[{"embeddable":true,"href":"https:\/\/agora.xtec.cat\/ceipbaltasar\/wp-json\/wp\/v2\/comments?post=34"}],"version-history":[{"count":6,"href":"https:\/\/agora.xtec.cat\/ceipbaltasar\/wp-json\/wp\/v2\/pages\/34\/revisions"}],"predecessor-version":[{"id":9782,"href":"https:\/\/agora.xtec.cat\/ceipbaltasar\/wp-json\/wp\/v2\/pages\/34\/revisions\/9782"}],"up":[{"embeddable":true,"href":"https:\/\/agora.xtec.cat\/ceipbaltasar\/wp-json\/wp\/v2\/pages\/22"}],"wp:attachment":[{"href":"https:\/\/agora.xtec.cat\/ceipbaltasar\/wp-json\/wp\/v2\/media?parent=34"}],"curies":[{"name":"wp","href":"https:\/\/api.w.org\/{rel}","templated":true}]}}