{"id":26,"date":"2014-09-18T12:24:32","date_gmt":"2014-09-18T11:24:32","guid":{"rendered":"http:\/\/agora.xtec.cat\/ceipbaltasar\/?page_id=26"},"modified":"2024-10-14T10:05:04","modified_gmt":"2024-10-14T08:05:04","slug":"historia","status":"publish","type":"page","link":"https:\/\/agora.xtec.cat\/ceipbaltasar\/lescola\/historia\/","title":{"rendered":"L&#8217;Escola P\u00fablica Baltis de Valls: Un Viatge Hist\u00f2ric i un Renaixement Pedag\u00f2gic"},"content":{"rendered":"<p><a href=\"https:\/\/agora.xtec.cat\/ceipbaltasar\/wp-content\/uploads\/usu989\/2024\/09\/40a70b16-9cfc-4995-affa-7be67a9a7f91.jpg\"><img loading=\"lazy\" decoding=\"async\" class=\"size-large wp-image-9217 alignright\" src=\"https:\/\/agora.xtec.cat\/ceipbaltasar\/wp-content\/uploads\/usu989\/2024\/09\/40a70b16-9cfc-4995-affa-7be67a9a7f91-768x1024.jpg\" alt=\"\" width=\"768\" height=\"1024\" srcset=\"https:\/\/agora.xtec.cat\/ceipbaltasar\/wp-content\/uploads\/usu989\/2024\/09\/40a70b16-9cfc-4995-affa-7be67a9a7f91-768x1024.jpg 768w, https:\/\/agora.xtec.cat\/ceipbaltasar\/wp-content\/uploads\/usu989\/2024\/09\/40a70b16-9cfc-4995-affa-7be67a9a7f91-225x300.jpg 225w, https:\/\/agora.xtec.cat\/ceipbaltasar\/wp-content\/uploads\/usu989\/2024\/09\/40a70b16-9cfc-4995-affa-7be67a9a7f91-1152x1536.jpg 1152w, https:\/\/agora.xtec.cat\/ceipbaltasar\/wp-content\/uploads\/usu989\/2024\/09\/40a70b16-9cfc-4995-affa-7be67a9a7f91.jpg 1536w\" sizes=\"auto, (max-width: 768px) 100vw, 768px\" \/><\/a><\/p>\n<p>L\u2019any 1949 va comen\u00e7ar a funcionar amb el nom de <em>Escuela Universitaria Preparatoria de Ingreso a la de Trabajo<\/em>. Inicialment, comptava amb dues aules, una de les quals estava dirigida per un professor pagat per l&#8217;\u201cObra Sindical\u201d. Els alumnes, d\u2019edats compreses entre 12 i 14 anys, assistien a classe als matins amb un professor i a les tardes amb un altre, rebent formaci\u00f3 tant en cultura general com en tallers.<\/p>\n<p>L\u2019escola es trobava al mateix edifici que l\u2019Escola de Treball, situat a la Pla\u00e7a dels Quarters, on actualment hi ha l&#8217;IES Serra de Miramar. Amb el temps, es van afegir m\u00e9s aules, fins a arribar a quatre, i es va convertir en la <em>Escuela Graduada Aneja a Mestr\u00eda Industrial<\/em>. Durant el curs 1970-71, aquestes quatre unitats es van traslladar a l\u2019edifici de la Pla\u00e7a del Carme, actualment l\u2019Escola Enxaneta. El curs 1974-75, l&#8217;escola es va traslladar als edificis petits de l\u2019actual IES Jaume Huguet, al Carrer de la Creu de Cames, adoptant el nom de <em>Colegio Nacional Mixto de EGB Baltasar Seg\u00fa<\/em> i es va convertir en un centre mixt.<\/p>\n<p>L&#8217;any 1974, en plena dictadura, l\u2019escola va rebre el nom de <em>Baltasar Seg\u00fa i Homs<\/em> (1891-1974), en homenatge a l\u2019escriptor i cronista vallenc, qui va exercir c\u00e0rrecs com a Secretari de l\u2019Ajuntament de Reus i de la Diputaci\u00f3 de Tarragona, i va ser conseller i director del Banc de Valls. Seg\u00fa va ser tamb\u00e9 membre i fundador de moltes entitats vallenques. El 8 de gener de 1976, el col\u00b7legi va acollir quatre aules provinents del col\u00b7legi Verge de la Candela, arribant a un total de vuit unitats.<\/p>\n<p>El curs 1981-82 es va inaugurar l\u2019edifici actual, amb dues unitats de p\u00e0rvuls i dotze d\u2019EGB, esdevenint Col\u00b7legi Comarcal. Malgrat no disposar de menjador, els alumnes transportats dinaven al col\u00b7legi Verge de la Candela. L\u2019escola reunia alumnes de Masmolets, Fontscaldes, i les segones etapes de La Riba i Picamoixons.<\/p>\n<p>Durant el curs 1982-83, el centre va ampliar la seva oferta a quatre unitats de p\u00e0rvuls i catorze d\u2019EGB. Els alumnes van continuar dinant al <em>Institut Polit\u00e8cnic de Formaci\u00f3 Professional<\/em> fins al gener, quan es va posar en funcionament el menjador propi.<\/p>\n<p>El curs 1984-85 l&#8217;escola va augmentar la seva capacitat a quatre unitats de p\u00e0rvuls i setze d\u2019EGB. Tamb\u00e9 va iniciar les classes per a adults amb tres mestres: dos pagats per Ensenyament i un per l\u2019Ajuntament. L\u2019any seg\u00fcent, el curs 1985-86, es va deixar de comptar amb els alumnes de Picamoixons, incrementant el personal amb un mestre de suport.<\/p>\n<p>El curs 1987-88 va ser el darrer any en qu\u00e8 els alumnes de La Riba van assistir al centre. Posteriorment, el curs seg\u00fcent, les classes d\u2019adults es van deixar d\u2019impartir al centre.<\/p>\n<p>Amb la implantaci\u00f3 del nou sistema educatiu, es van produir canvis significatius. Els cursos de 7\u00e8 i 8\u00e8 d\u2019EGB van passar a formar part de l\u2019ESO, impartida als centres de secund\u00e0ria, i l\u2019escola es va reconvertir en un centre d\u2019una sola l\u00ednia. Els edificis petits i els camps d\u2019esbarjo van passar a ser part de l\u2019IES Jaume Huguet, mentre que en el nostre centre es van construir noves instal\u00b7lacions i zones esportives.<\/p>\n<p>Actualment, amb una renovada visi\u00f3 pedag\u00f2gica, l\u2019escola ha experimentat una transformaci\u00f3 profunda, adoptant un nou nom que reflecteix el seu esperit de renovaci\u00f3: <em>Escola P\u00fablica Baltis de Valls<\/em>. Aquest nom destaca el comprom\u00eds del centre amb la comunitat vallenca i la seva aposta per una educaci\u00f3 p\u00fablica de qualitat, reafirmant el seu orgull de pert\u00e0nyer a la ciutat. Aquesta nova etapa simbolitza un per\u00edode de creixement i renovaci\u00f3 en l&#8217;educaci\u00f3 p\u00fablica de Valls.<\/p>\n","protected":false},"excerpt":{"rendered":"<p>L\u2019any 1949 va comen\u00e7ar a funcionar amb el nom de Escuela Universitaria Preparatoria de Ingreso a la de Trabajo. Inicialment, comptava amb dues aules, una de les quals estava dirigida per un professor pagat per l&#8217;\u201cObra Sindical\u201d. Els alumnes, d\u2019edats compreses entre 12 i 14 anys, assistien a classe als matins amb un professor i [&hellip;]<\/p>\n","protected":false},"author":1,"featured_media":0,"parent":22,"menu_order":20,"comment_status":"closed","ping_status":"closed","template":"page-templates\/side-menu.php","meta":{"_bbp_topic_count":0,"_bbp_reply_count":0,"_bbp_total_topic_count":0,"_bbp_total_reply_count":0,"_bbp_voice_count":0,"_bbp_anonymous_reply_count":0,"_bbp_topic_count_hidden":0,"_bbp_reply_count_hidden":0,"_bbp_forum_subforum_count":0,"site-sidebar-layout":"default","site-content-layout":"","ast-site-content-layout":"","site-content-style":"default","site-sidebar-style":"default","ast-global-header-display":"","ast-banner-title-visibility":"","ast-main-header-display":"","ast-hfb-above-header-display":"","ast-hfb-below-header-display":"","ast-hfb-mobile-header-display":"","site-post-title":"","ast-breadcrumbs-content":"","ast-featured-img":"","footer-sml-layout":"","theme-transparent-header-meta":"","adv-header-id-meta":"","stick-header-meta":"","header-above-stick-meta":"","header-main-stick-meta":"","header-below-stick-meta":"","astra-migrate-meta-layouts":"default","ast-page-background-enabled":"default","ast-page-background-meta":{"desktop":{"background-color":"var(--ast-global-color-4)","background-image":"","background-repeat":"repeat","background-position":"center center","background-size":"auto","background-attachment":"scroll","background-type":"","background-media":"","overlay-type":"","overlay-color":"","overlay-opacity":"","overlay-gradient":""},"tablet":{"background-color":"","background-image":"","background-repeat":"repeat","background-position":"center center","background-size":"auto","background-attachment":"scroll","background-type":"","background-media":"","overlay-type":"","overlay-color":"","overlay-opacity":"","overlay-gradient":""},"mobile":{"background-color":"","background-image":"","background-repeat":"repeat","background-position":"center center","background-size":"auto","background-attachment":"scroll","background-type":"","background-media":"","overlay-type":"","overlay-color":"","overlay-opacity":"","overlay-gradient":""}},"ast-content-background-meta":{"desktop":{"background-color":"var(--ast-global-color-5)","background-image":"","background-repeat":"repeat","background-position":"center center","background-size":"auto","background-attachment":"scroll","background-type":"","background-media":"","overlay-type":"","overlay-color":"","overlay-opacity":"","overlay-gradient":""},"tablet":{"background-color":"var(--ast-global-color-5)","background-image":"","background-repeat":"repeat","background-position":"center center","background-size":"auto","background-attachment":"scroll","background-type":"","background-media":"","overlay-type":"","overlay-color":"","overlay-opacity":"","overlay-gradient":""},"mobile":{"background-color":"var(--ast-global-color-5)","background-image":"","background-repeat":"repeat","background-position":"center center","background-size":"auto","background-attachment":"scroll","background-type":"","background-media":"","overlay-type":"","overlay-color":"","overlay-opacity":"","overlay-gradient":""}},"footnotes":""},"class_list":["post-26","page","type-page","status-publish","hentry"],"post_mailing_queue_ids":[],"_links":{"self":[{"href":"https:\/\/agora.xtec.cat\/ceipbaltasar\/wp-json\/wp\/v2\/pages\/26","targetHints":{"allow":["GET"]}}],"collection":[{"href":"https:\/\/agora.xtec.cat\/ceipbaltasar\/wp-json\/wp\/v2\/pages"}],"about":[{"href":"https:\/\/agora.xtec.cat\/ceipbaltasar\/wp-json\/wp\/v2\/types\/page"}],"author":[{"embeddable":true,"href":"https:\/\/agora.xtec.cat\/ceipbaltasar\/wp-json\/wp\/v2\/users\/1"}],"replies":[{"embeddable":true,"href":"https:\/\/agora.xtec.cat\/ceipbaltasar\/wp-json\/wp\/v2\/comments?post=26"}],"version-history":[{"count":7,"href":"https:\/\/agora.xtec.cat\/ceipbaltasar\/wp-json\/wp\/v2\/pages\/26\/revisions"}],"predecessor-version":[{"id":9292,"href":"https:\/\/agora.xtec.cat\/ceipbaltasar\/wp-json\/wp\/v2\/pages\/26\/revisions\/9292"}],"up":[{"embeddable":true,"href":"https:\/\/agora.xtec.cat\/ceipbaltasar\/wp-json\/wp\/v2\/pages\/22"}],"wp:attachment":[{"href":"https:\/\/agora.xtec.cat\/ceipbaltasar\/wp-json\/wp\/v2\/media?parent=26"}],"curies":[{"name":"wp","href":"https:\/\/api.w.org\/{rel}","templated":true}]}}

L&#8217;Escola Pública Baltis de Valls: Un Viatge Històric i un Renaixement Pedagògic

<p><a href="https://agora.xtec.cat/ceipbaltasar/wp-content/uploads/usu989/2024/09/40a70b16-9cfc-4995-affa-7be67a9a7f91.jpg"><img loading="lazy" decoding="async" class="size-large wp-image-9217 alignright" src="https://agora.xtec.cat/ceipbaltasar/wp-content/uploads/usu989/2024/09/40a70b16-9cfc-4995-affa-7be67a9a7f91-768x1024.jpg" alt="" width="768" height="1024" srcset="https://agora.xtec.cat/ceipbaltasar/wp-content/uploads/usu989/2024/09/40a70b16-9cfc-4995-affa-7be67a9a7f91-768x1024.jpg 768w, https://agora.xtec.cat/ceipbaltasar/wp-content/uploads/usu989/2024/09/40a70b16-9cfc-4995-affa-7be67a9a7f91-225x300.jpg 225w, https://agora.xtec.cat/ceipbaltasar/wp-content/uploads/usu989/2024/09/40a70b16-9cfc-4995-affa-7be67a9a7f91-1152x1536.jpg 1152w, https://agora.xtec.cat/ceipbaltasar/wp-content/uploads/usu989/2024/09/40a70b16-9cfc-4995-affa-7be67a9a7f91.jpg 1536w" sizes="auto, (max-width: 768px) 100vw, 768px" /></a></p>
<p>L’any 1949 va començar a funcionar amb el nom de <em>Escuela Universitaria Preparatoria de Ingreso a la de Trabajo</em>. Inicialment, comptava amb dues aules, una de les quals estava dirigida per un professor pagat per l&#8217;“Obra Sindical”. Els alumnes, d’edats compreses entre 12 i 14 anys, assistien a classe als matins amb un professor i a les tardes amb un altre, rebent formació tant en cultura general com en tallers.</p>
<p>L’escola es trobava al mateix edifici que l’Escola de Treball, situat a la Plaça dels Quarters, on actualment hi ha l&#8217;IES Serra de Miramar. Amb el temps, es van afegir més aules, fins a arribar a quatre, i es va convertir en la <em>Escuela Graduada Aneja a Mestría Industrial</em>. Durant el curs 1970-71, aquestes quatre unitats es van traslladar a l’edifici de la Plaça del Carme, actualment l’Escola Enxaneta. El curs 1974-75, l&#8217;escola es va traslladar als edificis petits de l’actual IES Jaume Huguet, al Carrer de la Creu de Cames, adoptant el nom de <em>Colegio Nacional Mixto de EGB Baltasar Segú</em> i es va convertir en un centre mixt.</p>
<p>L&#8217;any 1974, en plena dictadura, l’escola va rebre el nom de <em>Baltasar Segú i Homs</em> (1891-1974), en homenatge a l’escriptor i cronista vallenc, qui va exercir càrrecs com a Secretari de l’Ajuntament de Reus i de la Diputació de Tarragona, i va ser conseller i director del Banc de Valls. Segú va ser també membre i fundador de moltes entitats vallenques. El 8 de gener de 1976, el col·legi va acollir quatre aules provinents del col·legi Verge de la Candela, arribant a un total de vuit unitats.</p>
<p>El curs 1981-82 es va inaugurar l’edifici actual, amb dues unitats de pàrvuls i dotze d’EGB, esdevenint Col·legi Comarcal. Malgrat no disposar de menjador, els alumnes transportats dinaven al col·legi Verge de la Candela. L’escola reunia alumnes de Masmolets, Fontscaldes, i les segones etapes de La Riba i Picamoixons.</p>
<p>Durant el curs 1982-83, el centre va ampliar la seva oferta a quatre unitats de pàrvuls i catorze d’EGB. Els alumnes van continuar dinant al <em>Institut Politècnic de Formació Professional</em> fins al gener, quan es va posar en funcionament el menjador propi.</p>
<p>El curs 1984-85 l&#8217;escola va augmentar la seva capacitat a quatre unitats de pàrvuls i setze d’EGB. També va iniciar les classes per a adults amb tres mestres: dos pagats per Ensenyament i un per l’Ajuntament. L’any següent, el curs 1985-86, es va deixar de comptar amb els alumnes de Picamoixons, incrementant el personal amb un mestre de suport.</p>
<p>El curs 1987-88 va ser el darrer any en què els alumnes de La Riba van assistir al centre. Posteriorment, el curs següent, les classes d’adults es van deixar d’impartir al centre.</p>
<p>Amb la implantació del nou sistema educatiu, es van produir canvis significatius. Els cursos de 7è i 8è d’EGB van passar a formar part de l’ESO, impartida als centres de secundària, i l’escola es va reconvertir en un centre d’una sola línia. Els edificis petits i els camps d’esbarjo van passar a ser part de l’IES Jaume Huguet, mentre que en el nostre centre es van construir noves instal·lacions i zones esportives.</p>
<p>Actualment, amb una renovada visió pedagògica, l’escola ha experimentat una transformació profunda, adoptant un nou nom que reflecteix el seu esperit de renovació: <em>Escola Pública Baltis de Valls</em>. Aquest nom destaca el compromís del centre amb la comunitat vallenca i la seva aposta per una educació pública de qualitat, reafirmant el seu orgull de pertànyer a la ciutat. Aquesta nova etapa simbolitza un període de creixement i renovació en l&#8217;educació pública de Valls.</p>

<p>L’any 1949 va començar a funcionar amb el nom de Escuela Universitaria Preparatoria de Ingreso a la de Trabajo. Inicialment, comptava amb dues aules, una de les quals estava dirigida per un professor pagat per l&#8217;“Obra Sindical”. Els alumnes, d’edats compreses entre 12 i 14 anys, assistien a classe als matins amb un professor i [&hellip;]</p>
