{"id":10307,"date":"2025-12-11T12:37:35","date_gmt":"2025-12-11T11:37:35","guid":{"rendered":"https:\/\/agora.xtec.cat\/ceipbaltasar\/?page_id=10307"},"modified":"2025-12-11T12:37:36","modified_gmt":"2025-12-11T11:37:36","slug":"recomanacions-de-salut","status":"publish","type":"page","link":"https:\/\/agora.xtec.cat\/ceipbaltasar\/recomanacions-de-salut\/","title":{"rendered":"Recomanacions de salut"},"content":{"rendered":"\n<html lang=\"ca\">\n    <meta charset=\"UTF-8\">\n    <meta name=\"viewport\" content=\"width=device-width, initial-scale=1.0\">\n    <title>Infografia Salut Escolar<\/title>\n    <script src=\"https:\/\/cdn.tailwindcss.com\"><\/script>\n    <script src=\"https:\/\/unpkg.com\/lucide@latest\"><\/script>\n    <link href=\"https:\/\/fonts.googleapis.com\/css2?family=Nunito:wght@400;600;700;800&#038;display=swap\" rel=\"stylesheet\">\n    <style>\n        body {\n            font-family: 'Nunito', sans-serif;\n            background-color: #f0fdf4; \/* Verd molt suau *\/\n        }\n        .card {\n            transition: transform 0.2s;\n        }\n        .card:hover {\n            transform: translateY(-2px);\n        }\n        @media print {\n            .no-print {\n                display: none;\n            }\n            body {\n                background-color: white;\n            }\n            .shadow-xl {\n                box-shadow: none;\n                border: 1px solid #ddd;\n            }\n        }\n    <\/style>\n<\/head>\n<body class=\"p-4 md:p-8 flex justify-center items-start min-h-screen\">\n\n    <!-- Contenidor Principal de la Infografia -->\n    <div class=\"max-w-4xl w-full bg-white rounded-3xl shadow-xl overflow-hidden border-4 border-teal-500\">\n       \n        <!-- Cap\u00e7alera -->\n        <div class=\"bg-teal-500 text-white p-8 text-center relative\">\n            <div class=\"absolute top-4 right-4 text-teal-200\">\n                <i data-lucide=\"stethoscope\" class=\"w-12 h-12 opacity-50\"><\/i>\n            <\/div>\n            <h1 class=\"text-3xl md:text-5xl font-extrabold mb-2\">Hola, fam\u00edlies! \ud83d\ude0a<\/h1>\n            <p class=\"text-lg md:text-xl font-medium opacity-90\">Guia r\u00e0pida sobre malalties i assist\u00e8ncia al centre educatiu<\/p>\n            <p class=\"text-sm mt-2 opacity-75\">Basat en les recomanacions de l&#8217;ASPCAT<\/p>\n        <\/div>\n\n        <!-- Missatge Introductori -->\n        <div class=\"p-6 bg-yellow-50 border-b border-yellow-100 text-center\">\n            <p class=\"text-gray-700 text-lg\">\n                Davant l&#8217;augment de s\u00edmptomes, us recordem quan els infants s&#8217;han de quedar a casa per recuperar-se i protegir la resta del grup.\n            <\/p>\n        <\/div>\n\n        <!-- Graella de S\u00edmptomes -->\n        <div class=\"p-6 md:p-8 grid grid-cols-1 md:grid-cols-2 gap-6\">\n\n            <!-- Febre -->\n            <div class=\"card bg-red-50 p-5 rounded-2xl border-l-8 border-red-400\">\n                <div class=\"flex items-center mb-3\">\n                    <div class=\"bg-red-100 p-2 rounded-full mr-3\">\n                        <i data-lucide=\"thermometer\" class=\"text-red-500 w-6 h-6\"><\/i>\n                    <\/div>\n                    <h3 class=\"text-xl font-bold text-red-700\">Febre (>38\u00baC)<\/h3>\n                <\/div>\n                <p class=\"text-gray-700 mb-2\">L&#8217;infant s&#8217;ha de quedar a casa.<\/p>\n                <div class=\"bg-white p-3 rounded-lg border border-red-100\">\n                    <span class=\"font-bold text-red-600 block text-sm\">QUAN TORNAR?<\/span>\n                    <span class=\"text-sm text-gray-600\">Quan porti <strong>24 hores sense febre<\/strong> (sense haver pres antit\u00e8rmics com paracetamol\/ibuprof\u00e8).<\/span>\n                <\/div>\n            <\/div>\n\n            <!-- V\u00f2mits i Diarrea -->\n            <div class=\"card bg-orange-50 p-5 rounded-2xl border-l-8 border-orange-400\">\n                <div class=\"flex items-center mb-3\">\n                    <div class=\"bg-orange-100 p-2 rounded-full mr-3\">\n                        <i data-lucide=\"alert-circle\" class=\"text-orange-500 w-6 h-6\"><\/i>\n                    <\/div>\n                    <h3 class=\"text-xl font-bold text-orange-700\">V\u00f2mits o Diarrea<\/h3>\n                <\/div>\n                <p class=\"text-gray-700 mb-2\">No poden assistir al centre.<\/p>\n                <div class=\"bg-white p-3 rounded-lg border border-orange-100\">\n                    <span class=\"font-bold text-orange-600 block text-sm\">QUAN TORNAR?<\/span>\n                    <span class=\"text-sm text-gray-600\">Quan hagin passat <strong>24-48 hores<\/strong> des de l&#8217;\u00faltim v\u00f2mit o deposici\u00f3 desfeta i mengin amb normalitat.<\/span>\n                <\/div>\n            <\/div>\n\n            <!-- Conjuntivitis -->\n            <div class=\"card bg-blue-50 p-5 rounded-2xl border-l-8 border-blue-400\">\n                <div class=\"flex items-center mb-3\">\n                    <div class=\"bg-blue-100 p-2 rounded-full mr-3\">\n                        <i data-lucide=\"eye\" class=\"text-blue-500 w-6 h-6\"><\/i>\n                    <\/div>\n                    <h3 class=\"text-xl font-bold text-blue-700\">Conjuntivitis<\/h3>\n                <\/div>\n                <p class=\"text-gray-700 mb-2\">Si hi ha lleganyes o secreci\u00f3 (bacteriana).<\/p>\n                <div class=\"bg-white p-3 rounded-lg border border-blue-100\">\n                    <span class=\"font-bold text-blue-600 block text-sm\">QUAN TORNAR?<\/span>\n                    <span class=\"text-sm text-gray-600\">Despr\u00e9s de comen\u00e7ar el tractament antibi\u00f2tic (segons indicaci\u00f3 m\u00e8dica) i <strong>sense secreci\u00f3<\/strong>.<\/span>\n                <\/div>\n            <\/div>\n\n            <!-- Malalties Eruptives -->\n            <div class=\"card bg-purple-50 p-5 rounded-2xl border-l-8 border-purple-400\">\n                <div class=\"flex items-center mb-3\">\n                    <div class=\"bg-purple-100 p-2 rounded-full mr-3\">\n                        <i data-lucide=\"sun\" class=\"text-purple-500 w-6 h-6\"><\/i>\n                    <\/div>\n                    <h3 class=\"text-xl font-bold text-purple-700\">Erupcions (Ex: Varicel\u00b7la)<\/h3>\n                <\/div>\n                <p class=\"text-gray-700 mb-2\">Requereixen diagn\u00f2stic m\u00e8dic.<\/p>\n                <div class=\"bg-white p-3 rounded-lg border border-purple-100\">\n                    <span class=\"font-bold text-purple-600 block text-sm\">QUAN TORNAR?<\/span>\n                    <span class=\"text-sm text-gray-600\">Varicel\u00b7la: Quan <strong>totes<\/strong> les lesions estiguin seques (crosta). Altres: Segons criteri m\u00e8dic.<\/span>\n                <\/div>\n            <\/div>\n\n            <!-- Antibiotics -->\n            <div class=\"card bg-green-50 p-5 rounded-2xl border-l-8 border-green-400\">\n                <div class=\"flex items-center mb-3\">\n                    <div class=\"bg-green-100 p-2 rounded-full mr-3\">\n                        <i data-lucide=\"pill\" class=\"text-green-500 w-6 h-6\"><\/i>\n                    <\/div>\n                    <h3 class=\"text-xl font-bold text-green-700\">Antibi\u00f2tics<\/h3>\n                <\/div>\n                <p class=\"text-gray-700 mb-2\">En cas d&#8217;infeccions bacterianes (angines estreptoc\u00f2cicas, etc.).<\/p>\n                <div class=\"bg-white p-3 rounded-lg border border-green-100\">\n                    <span class=\"font-bold text-green-600 block text-sm\">QUAN TORNAR?<\/span>\n                    <span class=\"text-sm text-gray-600\">Generalment despr\u00e9s de <strong>24 hores<\/strong> d&#8217;haver iniciat el tractament i trobar-se b\u00e9.<\/span>\n                <\/div>\n            <\/div>\n\n             <!-- Polls -->\n             <div class=\"card bg-gray-50 p-5 rounded-2xl border-l-8 border-gray-400\">\n                <div class=\"flex items-center mb-3\">\n                    <div class=\"bg-gray-200 p-2 rounded-full mr-3\">\n                        <i data-lucide=\"bug\" class=\"text-gray-500 w-6 h-6\"><\/i>\n                    <\/div>\n                    <h3 class=\"text-xl font-bold text-gray-700\">Polls (Pediculosi)<\/h3>\n                <\/div>\n                <p class=\"text-gray-700 mb-2\">No cal deixar d&#8217;anar a l&#8217;escola si es tracta.<\/p>\n                <div class=\"bg-white p-3 rounded-lg border border-gray-100\">\n                    <span class=\"font-bold text-gray-600 block text-sm\">QUAN TORNAR?<\/span>\n                    <span class=\"text-sm text-gray-600\">Immediatament <strong>despr\u00e9s de fer el primer tractament<\/strong> pediculicida.<\/span>\n                <\/div>\n            <\/div>\n\n        <\/div>\n\n        <!-- Peu de p\u00e0gina amb enlla\u00e7 -->\n        <div class=\"bg-teal-600 text-white p-6 flex flex-col items-center justify-center text-center\">\n            <i data-lucide=\"file-text\" class=\"mb-2 w-8 h-8\"><\/i>\n            <p class=\"mb-4\">Per a informaci\u00f3 detallada i llista completa de malalties, consulteu el document oficial:<\/p>\n            <a href=\"https:\/\/scientiasalut.gencat.cat\/bitstream\/handle\/11351\/3061.3\/criteris_no_assistencia_alumnat_escola_llar_infants_durant_periode_temps_determina_causa_malalties_transmisibles_2023.pdf?sequence=11&#038;isAllowed=y\"\n               target=\"_blank\"\n               class=\"bg-white text-teal-700 font-bold py-2 px-6 rounded-full hover:bg-teal-50 transition duration-300 flex items-center\">\n               Descarregar PDF Oficial (ASPCAT)\n               <i data-lucide=\"external-link\" class=\"ml-2 w-4 h-4\"><\/i>\n            <\/a>\n        <\/div>\n    <\/div>\n\n    <!-- Bot\u00f3 d'impressi\u00f3 (visible nom\u00e9s a la web, no al paper) -->\n    <div class=\"fixed bottom-4 right-4 no-print\">\n        <button onclick=\"window.print()\" class=\"bg-blue-600 text-white font-bold py-3 px-6 rounded-full shadow-lg hover:bg-blue-700 flex items-center gap-2 transition\">\n            <i data-lucide=\"printer\"><\/i>\n            Imprimir \/ Guardar com PDF\n        <\/button>\n    <\/div>\n\n    <script>\n        \/\/ Inicialitzar icones\n        lucide.createIcons();\n    <\/script>\n\n","protected":false},"excerpt":{"rendered":"<p>Infografia Salut Escolar Hola, fam\u00edlies! \ud83d\ude0a Guia r\u00e0pida sobre malalties i assist\u00e8ncia al centre educatiu Basat en les recomanacions de l&#8217;ASPCAT Davant l&#8217;augment de s\u00edmptomes, us recordem quan els infants s&#8217;han de quedar a casa per recuperar-se i protegir la resta del grup. Febre (>38\u00baC) L&#8217;infant s&#8217;ha de quedar a casa. QUAN TORNAR? Quan porti [&hellip;]<\/p>\n","protected":false},"author":1,"featured_media":0,"parent":0,"menu_order":0,"comment_status":"closed","ping_status":"close","template":"","meta":{"_bbp_topic_count":0,"_bbp_reply_count":0,"_bbp_total_topic_count":0,"_bbp_total_reply_count":0,"_bbp_voice_count":0,"_bbp_anonymous_reply_count":0,"_bbp_topic_count_hidden":0,"_bbp_reply_count_hidden":0,"_bbp_forum_subforum_count":0,"site-sidebar-layout":"default","site-content-layout":"","ast-site-content-layout":"default","site-content-style":"default","site-sidebar-style":"default","ast-global-header-display":"","ast-banner-title-visibility":"","ast-main-header-display":"","ast-hfb-above-header-display":"","ast-hfb-below-header-display":"","ast-hfb-mobile-header-display":"","site-post-title":"","ast-breadcrumbs-content":"","ast-featured-img":"","footer-sml-layout":"","theme-transparent-header-meta":"","adv-header-id-meta":"","stick-header-meta":"","header-above-stick-meta":"","header-main-stick-meta":"","header-below-stick-meta":"","astra-migrate-meta-layouts":"set","ast-page-background-enabled":"default","ast-page-background-meta":{"desktop":{"background-color":"var(--ast-global-color-4)","background-image":"","background-repeat":"repeat","background-position":"center center","background-size":"auto","background-attachment":"scroll","background-type":"","background-media":"","overlay-type":"","overlay-color":"","overlay-opacity":"","overlay-gradient":""},"tablet":{"background-color":"","background-image":"","background-repeat":"repeat","background-position":"center center","background-size":"auto","background-attachment":"scroll","background-type":"","background-media":"","overlay-type":"","overlay-color":"","overlay-opacity":"","overlay-gradient":""},"mobile":{"background-color":"","background-image":"","background-repeat":"repeat","background-position":"center center","background-size":"auto","background-attachment":"scroll","background-type":"","background-media":"","overlay-type":"","overlay-color":"","overlay-opacity":"","overlay-gradient":""}},"ast-content-background-meta":{"desktop":{"background-color":"var(--ast-global-color-5)","background-image":"","background-repeat":"repeat","background-position":"center center","background-size":"auto","background-attachment":"scroll","background-type":"","background-media":"","overlay-type":"","overlay-color":"","overlay-opacity":"","overlay-gradient":""},"tablet":{"background-color":"var(--ast-global-color-5)","background-image":"","background-repeat":"repeat","background-position":"center center","background-size":"auto","background-attachment":"scroll","background-type":"","background-media":"","overlay-type":"","overlay-color":"","overlay-opacity":"","overlay-gradient":""},"mobile":{"background-color":"var(--ast-global-color-5)","background-image":"","background-repeat":"repeat","background-position":"center center","background-size":"auto","background-attachment":"scroll","background-type":"","background-media":"","overlay-type":"","overlay-color":"","overlay-opacity":"","overlay-gradient":""}},"footnotes":""},"class_list":["post-10307","page","type-page","status-publish","hentry"],"post_mailing_queue_ids":[],"_links":{"self":[{"href":"https:\/\/agora.xtec.cat\/ceipbaltasar\/wp-json\/wp\/v2\/pages\/10307","targetHints":{"allow":["GET"]}}],"collection":[{"href":"https:\/\/agora.xtec.cat\/ceipbaltasar\/wp-json\/wp\/v2\/pages"}],"about":[{"href":"https:\/\/agora.xtec.cat\/ceipbaltasar\/wp-json\/wp\/v2\/types\/page"}],"author":[{"embeddable":true,"href":"https:\/\/agora.xtec.cat\/ceipbaltasar\/wp-json\/wp\/v2\/users\/1"}],"replies":[{"embeddable":true,"href":"https:\/\/agora.xtec.cat\/ceipbaltasar\/wp-json\/wp\/v2\/comments?post=10307"}],"version-history":[{"count":1,"href":"https:\/\/agora.xtec.cat\/ceipbaltasar\/wp-json\/wp\/v2\/pages\/10307\/revisions"}],"predecessor-version":[{"id":10308,"href":"https:\/\/agora.xtec.cat\/ceipbaltasar\/wp-json\/wp\/v2\/pages\/10307\/revisions\/10308"}],"wp:attachment":[{"href":"https:\/\/agora.xtec.cat\/ceipbaltasar\/wp-json\/wp\/v2\/media?parent=10307"}],"curies":[{"name":"wp","href":"https:\/\/api.w.org\/{rel}","templated":true}]}}

<html lang="ca">
    <meta charset="UTF-8">
    <meta name="viewport" content="width=device-width, initial-scale=1.0">
    <title>Infografia Salut Escolar</title>
    <script src="https://cdn.tailwindcss.com"></script>
    <script src="https://unpkg.com/lucide@latest"></script>
    <link href="https://fonts.googleapis.com/css2?family=Nunito:wght@400;600;700;800&#038;display=swap" rel="stylesheet">
    <style>
        body {
            font-family: 'Nunito', sans-serif;
            background-color: #f0fdf4; /* Verd molt suau */
        }
        .card {
            transition: transform 0.2s;
        }
        .card:hover {
            transform: translateY(-2px);
        }
        @media print {
            .no-print {
                display: none;
            }
            body {
                background-color: white;
            }
            .shadow-xl {
                box-shadow: none;
                border: 1px solid #ddd;
            }
        }
    </style>
</head>
<body class="p-4 md:p-8 flex justify-center items-start min-h-screen">

    <!-- Contenidor Principal de la Infografia -->
    <div class="max-w-4xl w-full bg-white rounded-3xl shadow-xl overflow-hidden border-4 border-teal-500">
       
        <!-- Capçalera -->
        <div class="bg-teal-500 text-white p-8 text-center relative">
            <div class="absolute top-4 right-4 text-teal-200">
                <i data-lucide="stethoscope" class="w-12 h-12 opacity-50"></i>
            </div>
            <h1 class="text-3xl md:text-5xl font-extrabold mb-2">Hola, famílies! 😊</h1>
            <p class="text-lg md:text-xl font-medium opacity-90">Guia ràpida sobre malalties i assistència al centre educatiu</p>
            <p class="text-sm mt-2 opacity-75">Basat en les recomanacions de l&#8217;ASPCAT</p>
        </div>

        <!-- Missatge Introductori -->
        <div class="p-6 bg-yellow-50 border-b border-yellow-100 text-center">
            <p class="text-gray-700 text-lg">
                Davant l&#8217;augment de símptomes, us recordem quan els infants s&#8217;han de quedar a casa per recuperar-se i protegir la resta del grup.
            </p>
        </div>

        <!-- Graella de Símptomes -->
        <div class="p-6 md:p-8 grid grid-cols-1 md:grid-cols-2 gap-6">

            <!-- Febre -->
            <div class="card bg-red-50 p-5 rounded-2xl border-l-8 border-red-400">
                <div class="flex items-center mb-3">
                    <div class="bg-red-100 p-2 rounded-full mr-3">
                        <i data-lucide="thermometer" class="text-red-500 w-6 h-6"></i>
                    </div>
                    <h3 class="text-xl font-bold text-red-700">Febre (>38ºC)</h3>
                </div>
                <p class="text-gray-700 mb-2">L&#8217;infant s&#8217;ha de quedar a casa.</p>
                <div class="bg-white p-3 rounded-lg border border-red-100">
                    <span class="font-bold text-red-600 block text-sm">QUAN TORNAR?</span>
                    <span class="text-sm text-gray-600">Quan porti <strong>24 hores sense febre</strong> (sense haver pres antitèrmics com paracetamol/ibuprofè).</span>
                </div>
            </div>

            <!-- Vòmits i Diarrea -->
            <div class="card bg-orange-50 p-5 rounded-2xl border-l-8 border-orange-400">
                <div class="flex items-center mb-3">
                    <div class="bg-orange-100 p-2 rounded-full mr-3">
                        <i data-lucide="alert-circle" class="text-orange-500 w-6 h-6"></i>
                    </div>
                    <h3 class="text-xl font-bold text-orange-700">Vòmits o Diarrea</h3>
                </div>
                <p class="text-gray-700 mb-2">No poden assistir al centre.</p>
                <div class="bg-white p-3 rounded-lg border border-orange-100">
                    <span class="font-bold text-orange-600 block text-sm">QUAN TORNAR?</span>
                    <span class="text-sm text-gray-600">Quan hagin passat <strong>24-48 hores</strong> des de l&#8217;últim vòmit o deposició desfeta i mengin amb normalitat.</span>
                </div>
            </div>

            <!-- Conjuntivitis -->
            <div class="card bg-blue-50 p-5 rounded-2xl border-l-8 border-blue-400">
                <div class="flex items-center mb-3">
                    <div class="bg-blue-100 p-2 rounded-full mr-3">
                        <i data-lucide="eye" class="text-blue-500 w-6 h-6"></i>
                    </div>
                    <h3 class="text-xl font-bold text-blue-700">Conjuntivitis</h3>
                </div>
                <p class="text-gray-700 mb-2">Si hi ha lleganyes o secreció (bacteriana).</p>
                <div class="bg-white p-3 rounded-lg border border-blue-100">
                    <span class="font-bold text-blue-600 block text-sm">QUAN TORNAR?</span>
                    <span class="text-sm text-gray-600">Després de començar el tractament antibiòtic (segons indicació mèdica) i <strong>sense secreció</strong>.</span>
                </div>
            </div>

            <!-- Malalties Eruptives -->
            <div class="card bg-purple-50 p-5 rounded-2xl border-l-8 border-purple-400">
                <div class="flex items-center mb-3">
                    <div class="bg-purple-100 p-2 rounded-full mr-3">
                        <i data-lucide="sun" class="text-purple-500 w-6 h-6"></i>
                    </div>
                    <h3 class="text-xl font-bold text-purple-700">Erupcions (Ex: Varicel·la)</h3>
                </div>
                <p class="text-gray-700 mb-2">Requereixen diagnòstic mèdic.</p>
                <div class="bg-white p-3 rounded-lg border border-purple-100">
                    <span class="font-bold text-purple-600 block text-sm">QUAN TORNAR?</span>
                    <span class="text-sm text-gray-600">Varicel·la: Quan <strong>totes</strong> les lesions estiguin seques (crosta). Altres: Segons criteri mèdic.</span>
                </div>
            </div>

            <!-- Antibiotics -->
            <div class="card bg-green-50 p-5 rounded-2xl border-l-8 border-green-400">
                <div class="flex items-center mb-3">
                    <div class="bg-green-100 p-2 rounded-full mr-3">
                        <i data-lucide="pill" class="text-green-500 w-6 h-6"></i>
                    </div>
                    <h3 class="text-xl font-bold text-green-700">Antibiòtics</h3>
                </div>
                <p class="text-gray-700 mb-2">En cas d&#8217;infeccions bacterianes (angines estreptocòcicas, etc.).</p>
                <div class="bg-white p-3 rounded-lg border border-green-100">
                    <span class="font-bold text-green-600 block text-sm">QUAN TORNAR?</span>
                    <span class="text-sm text-gray-600">Generalment després de <strong>24 hores</strong> d&#8217;haver iniciat el tractament i trobar-se bé.</span>
                </div>
            </div>

             <!-- Polls -->
             <div class="card bg-gray-50 p-5 rounded-2xl border-l-8 border-gray-400">
                <div class="flex items-center mb-3">
                    <div class="bg-gray-200 p-2 rounded-full mr-3">
                        <i data-lucide="bug" class="text-gray-500 w-6 h-6"></i>
                    </div>
                    <h3 class="text-xl font-bold text-gray-700">Polls (Pediculosi)</h3>
                </div>
                <p class="text-gray-700 mb-2">No cal deixar d&#8217;anar a l&#8217;escola si es tracta.</p>
                <div class="bg-white p-3 rounded-lg border border-gray-100">
                    <span class="font-bold text-gray-600 block text-sm">QUAN TORNAR?</span>
                    <span class="text-sm text-gray-600">Immediatament <strong>després de fer el primer tractament</strong> pediculicida.</span>
                </div>
            </div>

        </div>

        <!-- Peu de pàgina amb enllaç -->
        <div class="bg-teal-600 text-white p-6 flex flex-col items-center justify-center text-center">
            <i data-lucide="file-text" class="mb-2 w-8 h-8"></i>
            <p class="mb-4">Per a informació detallada i llista completa de malalties, consulteu el document oficial:</p>
            <a href="https://scientiasalut.gencat.cat/bitstream/handle/11351/3061.3/criteris_no_assistencia_alumnat_escola_llar_infants_durant_periode_temps_determina_causa_malalties_transmisibles_2023.pdf?sequence=11&#038;isAllowed=y"
               target="_blank"
               class="bg-white text-teal-700 font-bold py-2 px-6 rounded-full hover:bg-teal-50 transition duration-300 flex items-center">
               Descarregar PDF Oficial (ASPCAT)
               <i data-lucide="external-link" class="ml-2 w-4 h-4"></i>
            </a>
        </div>
    </div>

    <!-- Botó d'impressió (visible només a la web, no al paper) -->
    <div class="fixed bottom-4 right-4 no-print">
        <button onclick="window.print()" class="bg-blue-600 text-white font-bold py-3 px-6 rounded-full shadow-lg hover:bg-blue-700 flex items-center gap-2 transition">
            <i data-lucide="printer"></i>
            Imprimir / Guardar com PDF
        </button>
    </div>

    <script>
        // Inicialitzar icones
        lucide.createIcons();
    </script>

<p>Infografia Salut Escolar Hola, famílies! 😊 Guia ràpida sobre malalties i assistència al centre educatiu Basat en les recomanacions de l&#8217;ASPCAT Davant l&#8217;augment de símptomes, us recordem quan els infants s&#8217;han de quedar a casa per recuperar-se i protegir la resta del grup. Febre (>38ºC) L&#8217;infant s&#8217;ha de quedar a casa. QUAN TORNAR? Quan porti [&hellip;]</p>
